000
CXUS51 KRLX 011500
CF6PKB
PRELIMINARY LOCAL CLIMATOLOGICAL DATA (WS FORM: F-6)
STATION: PARKERSBURG WV
MONTH: MARCH
YEAR: 2024
LATITUDE: 39 20 N
LONGITUDE: 81 26 W
TEMPERATURE IN F: :PCPN: SNOW: WIND :SUNSHINE: SKY :PK WND
================================================================================
1 2 3 4 5 6A 6B 7 8 9 10 11 12 13 14 15 16 17 18
12Z AVG MX 2MIN
DY MAX MIN AVG DEP HDD CDD WTR SNW DPTH SPD SPD DIR MIN PSBL S-S WX SPD DR
================================================================================
1 53 23 38 -1 27 0 0.07 M M 4.7 16 170 M M 4 1 23 170
2 53 42 48 9 17 0 0.10 M M 1.3 9 180 M M 10 12 14 170
3 69 42 56 17 9 0 0.00 M M 2.7 12 200 M M 6 12 17 160
4 75 39 57 17 8 0 0.00 M M 2.1 10 190 M M 3 1 16 240
5 76 43 60 20 5 0 0.38 M M 4.6 17 270 M M 4 138 29 250
6 64 49 57 17 8 0 0.56 M M 3.9 13 320 M M 10 12 21 330
7 53 45 49 9 16 0 0.00 M M 3.7 10 310 M M 10 1 17 320
8 64 45 55 14 10 0 0.02 M M 6.0 15 170 M M 5 1 24 180
9 55 40 48 7 17 0 0.62 M M 9.4 17 290 M M 10 1 29 290
10 40 32 36 -6 29 0 0.02 M M 13.0 24 290 M M 9 1 42 280
11 55 29 42 0 23 0 0.00 M M 7.8 14 260 M M 0 24 240
12 70 40 55 13 10 0 0.00 M M 6.5 15 260 M M 0 26 250
13 73 38 56 14 9 0 0.00 M M 4.0 17 240 M M 0 26 260
14 76 39 58 15 7 0 0.15 M M 5.8 21 320 M M 2 13 35 320
15 60 39 50 7 15 0 0.34 M M 6.9 20 200 M M 9 13 30 210
16 63 32 48 5 17 0 0.00 M M 6.9 18 200 M M 4 1 27 200
17 58 40 49 5 16 0 0.00 M M 12.3 20 290 M M 6 37 260
18 40 28 34 -10 31 0 T M M 7.3 16 320 M M 7 8 25 300
19 51 29 40 -4 25 0 0.00 M M 11.9 23 200 M M 5 34 200
20 58 32 45 0 20 0 0.00 M M 14.4 30 290 M M 1 48 290
21 48 23 36 -9 29 0 0.00 M M 3.1 13 330 M M 0 18 290
22 64 27 46 0 19 0 0.01 M M 3.2 12 180 M M 4 17 190
23 50 28 39 -7 26 0 0.32 M M 8.2 18 20 M M 8 1 28 330
24 54 23 39 -7 26 0 0.00 M M 6.0 14 80 M M 0 19 70
25 72 31 52 5 13 0 0.00 M M 7.6 17 150 M M 0 26 160
26 57 48 53 6 12 0 1.10 M M 9.2 17 150 M M 7 1 28 170
27 63 38 51 4 14 0 0.00 M M 6.6 16 320 M M 4 25 310
28 56 30 43 -5 22 0 0.00 M M 4.0 20 290 M M 1 30 300
29 65 40 53 5 12 0 T M M 5.6 18 310 M M 5 27 300
30 73 39 56 8 9 0 0.08 M M 5.4 22 340 M M 6 3 40 340
31 65 50 58 9 7 0 0.04 M M 2.3 8 150 M M 9 13 13 140
================================================================================
SM 1873 1123 508 0 3.81 M 196.4 M 149
================================================================================
AV 60.4 36.2 6.3 FASTST M M 5 MAX(MPH)
MISC ----> 30 290 48 290
================================================================================
NOTES:
# LAST OF SEVERAL OCCURRENCES
COLUMN 17 PEAK WIND IN M.P.H.
PRELIMINARY LOCAL CLIMATOLOGICAL DATA (WS FORM: F-6) , PAGE 2
STATION: PARKERSBURG WV
MONTH: MARCH
YEAR: 2024
LATITUDE: 39 20 N
LONGITUDE: 81 26 W
[TEMPERATURE DATA] [PRECIPITATION DATA] SYMBOLS USED IN COLUMN 16
AVERAGE MONTHLY: 48.3 TOTAL FOR MONTH: 3.81 1 = FOG OR MIST
DPTR FM NORMAL: 4.7 DPTR FM NORMAL: 0.14 2 = FOG REDUCING VISIBILITY
HIGHEST: 76 ON 5,14 GRTST 24HR 1.10 ON 26-26 TO 1/4 MILE OR LESS
LOWEST: 23 ON 24,21 3 = THUNDER
SNOW, ICE PELLETS, HAIL 4 = ICE PELLETS
TOTAL MONTH: M 5 = HAIL
GRTST 24HR M ON M 6 = FREEZING RAIN OR DRIZZLE
GRTST DEPTH: M ON M 7 = DUSTSTORM OR SANDSTORM:
VSBY 1/2 MILE OR LESS
8 = SMOKE OR HAZE
[NO. OF DAYS WITH] [WEATHER - DAYS WITH] 9 = BLOWING SNOW
X = TORNADO
MAX 32 OR BELOW: 0 0.01 INCH OR MORE: 14
MAX 90 OR ABOVE: 0 0.10 INCH OR MORE: 8
MIN 32 OR BELOW: 13 0.50 INCH OR MORE: 3
MIN 0 OR BELOW: 0 1.00 INCH OR MORE: 1
[HDD (BASE 65) ]
TOTAL THIS MO. 508 CLEAR (SCALE 0-3) 10
DPTR FM NORMAL -159 PTCLDY (SCALE 4-7) 13
TOTAL FM JUL 1 3741 CLOUDY (SCALE 8-10) 8
DPTR FM NORMAL -670
[CDD (BASE 65) ]
TOTAL THIS MO. 0
DPTR FM NORMAL -2 [PRESSURE DATA]
TOTAL FM JAN 1 0 HIGHEST SLP 30.47 ON 1
DPTR FM NORMAL -2 LOWEST SLP 29.60 ON 9
[REMARKS]
#FINAL-03-24#