000
CXUS56 KLOX 011155
CF6PMD
PRELIMINARY LOCAL CLIMATOLOGICAL DATA (WS FORM: F-6)
STATION: PALMDALE AIRPORT CA
MONTH: MARCH
YEAR: 2023
LATITUDE: 34 37 N
LONGITUDE: 118 5 W
TEMPERATURE IN F: :PCPN: SNOW: WIND :SUNSHINE: SKY :PK WND
================================================================================
1 2 3 4 5 6A 6B 7 8 9 10 11 12 13 14 15 16 17 18
12Z AVG MX 2MIN
DY MAX MIN AVG DEP HDD CDD WTR SNW DPTH SPD SPD DIR MIN PSBL S-S WX SPD DR
================================================================================
1 42 33 38 -13 27 0 0.14 M M 23.1 38 290 M M 6 1 46 290
2 55 29 42 -10 23 0 0.00 M M 6.1 25 300 M M 0 33 290
3 59 37 48 -4 17 0 0.00 M M 6.5 16 360 M M 0 23 10
4 53 35 44 -8 21 0 0.00 M M 14.8 40 220 M M 3 48 220
5 53 39 46 -6 19 0 T M M 19.5 37 220 M M 4 46 220
6 52 37 45 -7 20 0 0.00 M M 14.1 24 240 M M 6 32 250
7 57 35 46 -6 19 0 0.00 M M 9.8 20 220 M M 1 25 240
8 55 36 46 -7 19 0 0.00 M M 9.7 24 290 M M 0 8 30 290
9 66 33 50 -3 15 0 0.00 M M 7.6 26 220 M M 2 34 230
10 59 47 53 0 12 0 0.16 M M 19.1 39 220 M M 5 1 51 220
11 64 51 58 5 7 0 0.00 M M 17.6 26 220 M M 1 35 230
12 66 44 55 2 10 0 0.00 M M 13.2 25 240 M M 0 32 240
13 66 45 56 2 9 0 0.00 M M 10.9 22 280 M M 1 27 290
14 59 51 55 1 10 0 0.06 M M 13.8 33 200 M M 6 41 210
15 63 43 53 -1 12 0 0.18 M M 14.4 26 280 M M 5 1 32 280
16 63 38 51 -3 14 0 0.00 M M 5.0 15 220 M M 0 20 240
17 64 37 51 -3 14 0 0.00 M M 7.5 22 50 M M 0 26 70
18 64 34 49 -5 16 0 0.00 M M 5.1 16 50 M M 0 23 60
19 58 47 53 -1 12 0 0.01 M M 11.2 25 210 M M 6 32 200
20 58 46 52 -2 13 0 0.02 M M 15.2 26 220 M M 3 35 240
21 54 38 46 -9 19 0 0.47 M M 16.4 39 210 M M 9 1 50 200
22 49 39 44 -11 21 0 0.01 M M 15.3 31 210 M M 6 39 220
23 53 40 47 -8 18 0 0.00 M M 16.0 33 280 M M 3 41 270
24 51 39 45 -10 20 0 0.00 M M 19.7 35 280 M M 0 42 280
25 54 34 44 -11 21 0 0.00 M M 14.6 31 290 M M 0 38 280
26 53 33 43 -12 22 0 0.00 M M 13.3 26 290 M M 0 34 290
27 57 28 43 -13 22 0 0.00 M M 7.8 23 60 M M 0 33 70
28 66 31 49 -7 16 0 T M M 10.9 30 220 M M 0 36 220
29 53 38 46 -10 19 0 0.10 M M 15.1 31 220 M M 6 1 39 210
30 52 34 43 -13 22 0 T M M 13.0 22 270 M M 3 28 280
31 62 32 47 -9 18 0 0.00 M M 5.7 14 250 M M 0 18 240
================================================================================
SM 1780 1183 527 0 1.15 M 392.0 M 76
================================================================================
AV 57.4 38.2 12.6 FASTST M M 2 MAX(MPH)
MISC ----> 40 220 51 220
================================================================================
NOTES:
# LAST OF SEVERAL OCCURRENCES
COLUMN 17 PEAK WIND IN M.P.H.
PRELIMINARY LOCAL CLIMATOLOGICAL DATA (WS FORM: F-6) , PAGE 2
STATION: PALMDALE AIRPORT CA
MONTH: MARCH
YEAR: 2023
LATITUDE: 34 37 N
LONGITUDE: 118 5 W
[TEMPERATURE DATA] [PRECIPITATION DATA] SYMBOLS USED IN COLUMN 16
AVERAGE MONTHLY: 47.8 TOTAL FOR MONTH: 1.15 1 = FOG OR MIST
DPTR FM NORMAL: -6.0 DPTR FM NORMAL: 0.28 2 = FOG REDUCING VISIBILITY
HIGHEST: 66 ON 28,13 GRTST 24HR 0.49 ON 20-21 TO 1/4 MILE OR LESS
LOWEST: 28 ON 27 3 = THUNDER
SNOW, ICE PELLETS, HAIL 4 = ICE PELLETS
TOTAL MONTH: M 5 = HAIL
GRTST 24HR M ON M 6 = FREEZING RAIN OR DRIZZLE
GRTST DEPTH: M ON M 7 = DUSTSTORM OR SANDSTORM:
VSBY 1/2 MILE OR LESS
8 = SMOKE OR HAZE
[NO. OF DAYS WITH] [WEATHER - DAYS WITH] 9 = BLOWING SNOW
X = TORNADO
MAX 32 OR BELOW: 0 0.01 INCH OR MORE: 9
MAX 90 OR ABOVE: 0 0.10 INCH OR MORE: 5
MIN 32 OR BELOW: 4 0.50 INCH OR MORE: 0
MIN 0 OR BELOW: 0 1.00 INCH OR MORE: 0
[HDD (BASE 65) ]
TOTAL THIS MO. 527 CLEAR (SCALE 0-3) 21
DPTR FM NORMAL 179 PTCLDY (SCALE 4-7) 9
TOTAL FM JUL 1 2887 CLOUDY (SCALE 8-10) 1
DPTR FM NORMAL 383
[CDD (BASE 65) ]
TOTAL THIS MO. 0
DPTR FM NORMAL -2 [PRESSURE DATA]
TOTAL FM JAN 1 0 HIGHEST SLP 30.30 ON 27
DPTR FM NORMAL -2 LOWEST SLP 29.54 ON 21
[REMARKS]
#FINAL-03-23#