000
CXUS56 KLOX 011255
CF6PMD
PRELIMINARY LOCAL CLIMATOLOGICAL DATA (WS FORM: F-6)
STATION: PALMDALE AIRPORT CA
MONTH: DECEMBER
YEAR: 2022
LATITUDE: 34 37 N
LONGITUDE: 118 5 W
TEMPERATURE IN F: :PCPN: SNOW: WIND :SUNSHINE: SKY :PK WND
================================================================================
1 2 3 4 5 6A 6B 7 8 9 10 11 12 13 14 15 16 17 18
12Z AVG MX 2MIN
DY MAX MIN AVG DEP HDD CDD WTR SNW DPTH SPD SPD DIR MIN PSBL S-S WX SPD DR
================================================================================
1 53 36 45 -2 20 0 0.00 M M 14.7 31 220 M M 3 38 220
2 58 39 49 3 16 0 T M M 6.1 21 230 M M 8 1 27 220
3 64 40 52 6 13 0 0.00 M M 3.4 12 260 M M 1 13 260
4 62 44 53 7 12 0 0.00 M M 10.1 26 210 M M 3 32 190
5 56 41 49 3 16 0 0.00 M M 13.7 24 260 M M 0 31 260
6 55 36 46 0 19 0 0.00 M M 7.1 18 230 M M 0 23 230
7 54 30 42 -3 23 0 0.00 M M 6.1 16 230 M M 0 21 230
8 53 28 41 -4 24 0 0.00 M M 2.9 10 190 M M 0 11 30
9 63 28 46 1 19 0 0.00 M M 6.0 17 290 M M 0 22 290
10 57 36 47 2 18 0 0.00 M M 14.5 37 200 M M 3 43 200
11 53 37 45 0 20 0 0.33 M M 20.4 48 190 M M 6 18 63 200
12 47 37 42 -2 23 0 0.02 M M 8.9 21 270 M M 4 28 270
13 51 31 41 -3 24 0 0.00 M M 6.1 13 50 M M 0 16 60
14 51 26 39 -5 26 0 0.00 M M 3.0 10 210 M M 0 12 300
15 52 29 41 -3 24 0 0.00 M M 3.7 12 30 M M 0 16 360
16 54 29 42 -2 23 0 0.00 M M 5.5 20 60 M M 0 24 60
17 46 23 35 -9 30 0 0.00 M M 2.7 8 190 M M 0 10 330
18 52 24 38 -6 27 0 0.00 M M 3.1 9 180 M M 0 11 320
19 52 23 38 -6 27 0 0.00 M M 3.5 9 200 M M 0 10 340
20 58 30 44 0 21 0 0.00 M M 2.3 9 180 M M 0 10 200
21 59 28 44 0 21 0 0.00 M M 3.9 13 210 M M 0 13 210
22 56 32 44 0 21 0 0.00 M M 4.1 10 200 M M 0 11 220
23 63 33 48 4 17 0 0.00 M M 4.1 12 200 M M 0 13 50
24 66 31 49 5 16 0 0.00 M M 3.6 10 20 M M 0 12 20
25 68 35 52 8 13 0 0.00 M M 3.3 12 250 M M 0 13 280
26 65 35 50 6 15 0 0.00 M M 3.6 12 120 M M 0 13 120
27 66 42 54 10 11 0 0.09 M M 16.7 35 210 M M 8 46 210
28 61 44 53 9 12 0 0.00 M M 12.2 30 260 M M 1 37 270
29 55 49 52 8 13 0 T M M 15.7 26 220 M M 7 34 220
30 60 50 55 11 10 0 T M M 17.0 30 230 M M 3 38 230
31 60 51 56 12 9 0 0.66 M M 15.9 31 210 M M 4 1 40 210
================================================================================
SM 1770 1077 583 0 1.10 M 243.9 M 51
================================================================================
AV 57.1 34.7 7.9 FASTST M M 2 MAX(MPH)
MISC ----> 48 190 63 200
================================================================================
NOTES:
# LAST OF SEVERAL OCCURRENCES
COLUMN 17 PEAK WIND IN M.P.H.
PRELIMINARY LOCAL CLIMATOLOGICAL DATA (WS FORM: F-6) , PAGE 2
STATION: PALMDALE AIRPORT CA
MONTH: DECEMBER
YEAR: 2022
LATITUDE: 34 37 N
LONGITUDE: 118 5 W
[TEMPERATURE DATA] [PRECIPITATION DATA] SYMBOLS USED IN COLUMN 16
AVERAGE MONTHLY: 45.9 TOTAL FOR MONTH: 1.10 1 = FOG OR MIST
DPTR FM NORMAL: 1.2 DPTR FM NORMAL: 0.08 2 = FOG REDUCING VISIBILITY
HIGHEST: 68 ON 25 GRTST 24HR 0.66 ON 31-31 TO 1/4 MILE OR LESS
LOWEST: 23 ON 19,17 3 = THUNDER
SNOW, ICE PELLETS, HAIL 4 = ICE PELLETS
TOTAL MONTH: M 5 = HAIL
GRTST 24HR M ON M 6 = FREEZING RAIN OR DRIZZLE
GRTST DEPTH: M ON M 7 = DUSTSTORM OR SANDSTORM:
VSBY 1/2 MILE OR LESS
8 = SMOKE OR HAZE
[NO. OF DAYS WITH] [WEATHER - DAYS WITH] 9 = BLOWING SNOW
X = TORNADO
MAX 32 OR BELOW: 0 0.01 INCH OR MORE: 4
MAX 90 OR ABOVE: 0 0.10 INCH OR MORE: 2
MIN 32 OR BELOW: 14 0.50 INCH OR MORE: 1
MIN 0 OR BELOW: 0 1.00 INCH OR MORE: 0
[HDD (BASE 65) ]
TOTAL THIS MO. 583 CLEAR (SCALE 0-3) 22
DPTR FM NORMAL -48 PTCLDY (SCALE 4-7) 8
TOTAL FM JUL 1 1155 CLOUDY (SCALE 8-10) 1
DPTR FM NORMAL 41
[CDD (BASE 65) ]
TOTAL THIS MO. 0
DPTR FM NORMAL 0 [PRESSURE DATA]
TOTAL FM JAN 1 2488 HIGHEST SLP 30.44 ON 24
DPTR FM NORMAL 544 LOWEST SLP 29.60 ON 31
[REMARKS]
#FINAL-12-22#