000
CXUS54 KOUN 010910
CF6PNC
PRELIMINARY LOCAL CLIMATOLOGICAL DATA (WS FORM: F-6)
STATION: PONCA CITY
MONTH: FEBRUARY
YEAR: 2023
LATITUDE: 36 44 N
LONGITUDE: 97 6 W
TEMPERATURE IN F: :PCPN: SNOW: WIND :SUNSHINE: SKY :PK WND
================================================================================
1 2 3 4 5 6A 6B 7 8 9 10 11 12 13 14 15 16 17 18
12Z AVG MX 2MIN
DY MAX MIN AVG DEP HDD CDD WTR SNW DPTH SPD SPD DIR MIN PSBL S-S WX SPD DR
================================================================================
1 33 15 24 -13 41 0 0.00 M M 1.7 8 220 M M 0 11 210
2 53 20 37 0 28 0 0.00 M M 5.0 17 10 M M 0 20 350
3 50 16 33 -4 32 0 0.00 M M 7.5 14 180 M M 0 19 170
4 64 38 51 13 14 0 0.00 M M 11.7 26 210 M M 0 38 200
5 66 24 45 7 20 0 0.00 M M 4.7 14 140 M M 0 18 140
6 71 46 59 21 6 0 0.00 M M 13.5 26 160 M M 0 36 160
7 52 30 41 3 24 0 0.00 M M 8.0 16 10 M M 5 22 10
8 43 28 36 -2 29 0 0.35 M M 9.7 21 20 M M 8 1 24 20
9 54 31 43 5 22 0 T M M 11.4 25 360 M M 4 30 10
10 46 23 35 -4 30 0 T M M 10.4 22 10 M M 4 26 10
11 52 16 34 -5 31 0 0.00 M M 2.2 8 210 M M 0 11 220
12 67 33 50 11 15 0 0.00 M M 8.9 22 210 M M 0 30 210
13 63 27 45 5 20 0 0.00 M M 7.2 18 150 M M 0 24 140
14 64 38 51 11 14 0 0.35 M M 13.0 28 210 M M 6 1 38 210
15 54 30 42 2 23 0 0.00 M M 12.4 25 30 M M 2 32 30
16 36 26 31 -9 34 0 0.00 M M 14.1 24 360 M M 9 32 340
17 49 19 34 -6 31 0 0.00 M M 5.4 16 240 M M 0 21 250
18 53 32 43 2 22 0 0.00 M M 11.9 25 200 M M 2 36 210
19 65 36 51 10 14 0 0.00 M M 7.4 17 260 M M 0 24 250
20 66 33 50 9 15 0 0.00 0.0 M 4.2 13 10 M M 0 14 10
21 67 35 51 9 14 0 0.00 0.0 M 12.1 23 120 M M 1 28 150
22 71 28 50 8 15 0 0.01 0.0 M 12.8 26 210 M M 3 38 220
23 36 18 27 -15 38 0 0.00 M M 11.3 18 350 M M 0 25 330
24 31 20 26 -17 39 0 0.00 M M 10.4 22 30 M M 7 25 50
25 44 30 37 -6 28 0 0.00 M M 4.6 12 150 M M 10 16 160
26 66 43 55 12 10 0 0.54 M M 14.6 37 160 M M 9 13 47 160
27 70 39 55 11 10 0 0.00 M M 9.5 29 220 M M 1 43 210
28 74 40 57 13 8 0 0.00 M M 8.9 20 80 M M 0 26 80
================================================================================
SM 1560 814 627 0 1.25 0.0 254.5 M 71
================================================================================
AV 55.7 29.1 9.1 FASTST M M 3 MAX(MPH)
MISC ----> 37 160 47 160
================================================================================
NOTES:
# LAST OF SEVERAL OCCURRENCES
COLUMN 17 PEAK WIND IN M.P.H.
PRELIMINARY LOCAL CLIMATOLOGICAL DATA (WS FORM: F-6) , PAGE 2
STATION: PONCA CITY
MONTH: FEBRUARY
YEAR: 2023
LATITUDE: 36 44 N
LONGITUDE: 97 6 W
[TEMPERATURE DATA] [PRECIPITATION DATA] SYMBOLS USED IN COLUMN 16
AVERAGE MONTHLY: 42.4 TOTAL FOR MONTH: 1.25 1 = FOG OR MIST
DPTR FM NORMAL: 2.3 DPTR FM NORMAL: 0.15 2 = FOG REDUCING VISIBILITY
HIGHEST: 74 ON 28 GRTST 24HR 0.54 ON 26-26 TO 1/4 MILE OR LESS
LOWEST: 15 ON 1 3 = THUNDER
SNOW, ICE PELLETS, HAIL 4 = ICE PELLETS
TOTAL MONTH: 0.0 INCH 5 = HAIL
GRTST 24HR 0.0 6 = FREEZING RAIN OR DRIZZLE
GRTST DEPTH: M ON M 7 = DUSTSTORM OR SANDSTORM:
VSBY 1/2 MILE OR LESS
8 = SMOKE OR HAZE
[NO. OF DAYS WITH] [WEATHER - DAYS WITH] 9 = BLOWING SNOW
X = TORNADO
MAX 32 OR BELOW: 1 0.01 INCH OR MORE: 4
MAX 90 OR ABOVE: 0 0.10 INCH OR MORE: 3
MIN 32 OR BELOW: 18 0.50 INCH OR MORE: 1
MIN 0 OR BELOW: 0 1.00 INCH OR MORE: 0
[HDD (BASE 65) ]
TOTAL THIS MO. 627 CLEAR (SCALE 0-3) 19
DPTR FM NORMAL -71 PTCLDY (SCALE 4-7) 6
TOTAL FM JUL 1 2944 CLOUDY (SCALE 8-10) 3
DPTR FM NORMAL -224
[CDD (BASE 65) ]
TOTAL THIS MO. 0
DPTR FM NORMAL -1 [PRESSURE DATA]
TOTAL FM JAN 1 0 HIGHEST SLP 30.63 ON 3
DPTR FM NORMAL 0 LOWEST SLP 29.17 ON 26
[REMARKS]
#FINAL-02-23#