000
CXUS54 KOUN 010810
CF6PNC
PRELIMINARY LOCAL CLIMATOLOGICAL DATA (WS FORM: F-6)
STATION: PONCA CITY
MONTH: SEPTEMBER
YEAR: 2021
LATITUDE: 36 44 N
LONGITUDE: 97 6 W
TEMPERATURE IN F: :PCPN: SNOW: WIND :SUNSHINE: SKY :PK WND
================================================================================
1 2 3 4 5 6A 6B 7 8 9 10 11 12 13 14 15 16 17 18
12Z AVG MX 2MIN
DY MAX MIN AVG DEP HDD CDD WTR SNW DPTH SPD SPD DIR MIN PSBL S-S WX SPD DR
================================================================================
1 100 72 86 8 0 21 0.00 M M 7.0 16 110 M M 0 22 110
2 98 76 87 9 0 22 0.00 M M 12.9 23 150 M M 0 29 160
3 95 77 86 9 0 21 0.01 M M 7.2 17 160 M M 5 25 180
4 88 70 79 2 0 14 0.05 M M 8.0 22 20 M M 4 1 25 10
5 91 63 77 0 0 12 0.00 M M 6.2 14 70 M M 0 19 70
6 94 58 76 0 0 11 0.00 M M 6.9 15 150 M M 0 21 210
7 99 71 85 9 0 20 0.01 M M 8.7 22 40 M M 1 28 30
8 91 60 76 0 0 11 0.00 M M 5.8 20 20 M M 0 23 30
9 95 56 76 1 0 11 0.00 M M 5.4 16 160 M M 0 19 160
10 96 70 83 8 0 18 0.00 M M 8.5 17 200 M M 0 26 210
11 98 70 84 10 0 19 0.00 M M 10.3 18 170 M M 0 27 210
12 96 70 83 9 0 18 0.00 M M 11.1 22 160 M M 0 30 160
13 95 68 82 8 0 17 0.00 0.0 M 9.5 18 210 M M 0 28 220
14 93 72 83 10 0 18 0.00 0.0 M 7.7 18 360 M M 1 23 350
15 93 69 81 8 0 16 0.00 0.0 M 5.4 18 130 M M 1 22 130
16 94 66 80 7 0 15 0.00 M M 9.2 18 140 M M 0 25 150
17 94 70 82 10 0 17 0.00 M M 7.5 17 70 M M 0 20 70
18 94 64 79 7 0 14 0.00 M M 6.5 15 100 M M 0 22 130
19 94 70 82 10 0 17 0.00 M M 10.4 20 150 M M 0 25 150
20 99 72 86 15 0 21 0.00 M M 14.6 30 10 M M 0 36 10
21 80 51 66 -5 0 1 0.00 M M 14.8 28 30 M M 2 34 20
22 80 44 62 -8 3 0 0.00 M M 2.7 13 360 M M 0 8 17 320
23 87 52 70 0 0 5 0.00 M M 8.5 15 150 M M 0 21 160
24 90 57 74 4 0 9 0.00 M M 8.6 21 30 M M 0 27 30
25 85 56 71 2 0 6 0.00 M M 9.4 16 140 M M 0 19 140
26 95 66 81 12 0 16 0.00 M M 10.3 22 210 M M 0 30 200
27 96 66 81 13 0 16 0.00 M M 8.5 17 210 M M 0 26 190
28 94 69 82 14 0 17 0.00 M M 10.2 17 160 M M 0 23 150
29 88 71 80 13 0 15 0.00 M M 12.9 23 120 M M 2 28 130
30 73 61 67 0 0 2 0.01 M M 8.0 24 360 M M 4 3 33 10
================================================================================
SM 2765 1957 3 420 0.08 0.0 262.7 M 20
================================================================================
AV 92.2 65.2 8.8 FASTST M M 1 MAX(MPH)
MISC ----> 30 10 36 10
================================================================================
NOTES:
# LAST OF SEVERAL OCCURRENCES
COLUMN 17 PEAK WIND IN M.P.H.
PRELIMINARY LOCAL CLIMATOLOGICAL DATA (WS FORM: F-6) , PAGE 2
STATION: PONCA CITY
MONTH: SEPTEMBER
YEAR: 2021
LATITUDE: 36 44 N
LONGITUDE: 97 6 W
[TEMPERATURE DATA] [PRECIPITATION DATA] SYMBOLS USED IN COLUMN 16
AVERAGE MONTHLY: 78.7 TOTAL FOR MONTH: 0.08 1 = FOG OR MIST
DPTR FM NORMAL: 6.0 DPTR FM NORMAL: -2.66 2 = FOG REDUCING VISIBILITY
HIGHEST: 100 ON 1 GRTST 24HR 0.05 ON 3- 4 TO 1/4 MILE OR LESS
LOWEST: 44 ON 22 3 = THUNDER
SNOW, ICE PELLETS, HAIL 4 = ICE PELLETS
TOTAL MONTH: 0.0 INCH 5 = HAIL
GRTST 24HR 0.0 6 = FREEZING RAIN OR DRIZZLE
GRTST DEPTH: M ON M 7 = DUSTSTORM OR SANDSTORM:
VSBY 1/2 MILE OR LESS
8 = SMOKE OR HAZE
[NO. OF DAYS WITH] [WEATHER - DAYS WITH] 9 = BLOWING SNOW
X = TORNADO
MAX 32 OR BELOW: 0 0.01 INCH OR MORE: 4
MAX 90 OR ABOVE: 23 0.10 INCH OR MORE: 0
MIN 32 OR BELOW: 0 0.50 INCH OR MORE: 0
MIN 0 OR BELOW: 0 1.00 INCH OR MORE: 0
[HDD (BASE 65) ]
TOTAL THIS MO. 3 CLEAR (SCALE 0-3) 27
DPTR FM NORMAL -22 PTCLDY (SCALE 4-7) 3
TOTAL FM JUL 1 3 CLOUDY (SCALE 8-10) 0
DPTR FM NORMAL -20
[CDD (BASE 65) ]
TOTAL THIS MO. 420
DPTR FM NORMAL 164 [PRESSURE DATA]
TOTAL FM JAN 1 2005 HIGHEST SLP M ON M
DPTR FM NORMAL 130 LOWEST SLP 29.66 ON 20
[REMARKS]
#FINAL-09-21#