000
CXUS54 KMOB 011007
CF6PNS
PRELIMINARY LOCAL CLIMATOLOGICAL DATA (WS FORM: F-6)
STATION: PENSACOLA
MONTH: SEPTEMBER
YEAR: 2020
LATITUDE: 30 28 N
LONGITUDE: 87 12 W
TEMPERATURE IN F: :PCPN: SNOW: WIND :SUNSHINE: SKY :PK WND
================================================================================
1 2 3 4 5 6A 6B 7 8 9 10 11 12 13 14 15 16 17 18
12Z AVG MX 2MIN
DY MAX MIN AVG DEP HDD CDD WTR SNW DPTH SPD SPD DIR MIN PSBL S-S WX SPD DR
================================================================================
1 92 79 86 5 0 21 0.00 0.0 0 8.1 18 210 M M 3 23 210
2 92 77 85 4 0 20 0.00 0.0 0 7.1 14 210 M M 1 18 160
3 93 74 84 3 0 19 0.00 0.0 0 4.8 14 230 M M 1 1 16 180
4 94 76 85 4 0 20 0.00 0.0 0 5.1 12 210 M M 1 15 170
5 98 78 88 7 0 23 0.00 0.0 0 7.0 15 360 M M 1 20 360
6 93 73 83 3 0 18 0.00 0.0 0 6.5 17 50 M M 0 32 90
7 89 72 81 1 0 16 0.00 0.0 0 5.8 12 150 M M 1 19 180
8 93 76 85 5 0 20 0.00 0.0 0 6.7 16 130 M M 0 20 130
9 93 76 85 5 0 20 0.00 0.0 0 6.4 14 50 M M 0 17 60
10 93 75 84 4 0 19 0.04 0.0 0 5.3 13 100 M M 3 3 18 100
11 88 75 82 2 0 17 0.27 0.0 0 4.1 18 100 M M 5 138 29 100
12 91 75 83 3 0 18 T 0.0 0 7.4 18 100 M M 3 25 120
13 93 76 85 6 0 20 0.18 0.0 0 8.1 20 130 M M 6 13 29 120
14 80 76 78 -1 0 13 0.43 0.0 0 11.6 20 80 M M 6 1 32 90
15 77 75 76 -3 0 11 4.54 0.0 0 M 46 80 M M 10 13 63 80
16 79 73 76 -3 0 1111.85 0.0 0 M 74 160 M M 0 92 160
17 85 73 79 1 0 14 0.00 0.0 0 7.7 16 300 M M 3 24 330
18 87 76 82 4 0 17 0.00 0.0 0 8.0 15 350 M M 0 20 360
19 78 75 77 -1 0 12 0.08 0.0 0 7.4 13 80 M M 3 21 70
20 69 64 67 -11 0 2 0.33 0.0 0 9.2 15 50 M M 8 1 24 40
21 71 64 68 -9 0 3 0.09 0.0 0 7.7 13 50 M M 6 1 20 50
22 77 66 72 -5 0 7 0.02 0.0 0 7.9 13 80 M M 3 20 80
23 84 68 76 -1 0 11 0.04 0.0 0 10.8 22 130 M M 6 1 28 170
24 86 74 80 4 0 15 0.64 0.0 0 10.6 24 150 M M 9 1 31 160
25 85 70 78 2 0 13 0.00 0.0 0 5.3 14 190 M M 4 16 190
26 83 68 76 0 0 11 0.00 0.0 0 6.5 14 160 M M 2 17 130
27 89 77 83 7 0 18 0.00 0.0 0 8.3 18 130 M M 5 23 110
28 88 68 78 3 0 13 0.00 0.0 0 8.2 18 340 M M 4 12 23 180
29 74 57 66 -9 0 1 T 0.0 0 11.4 24 350 M M 6 32 350
30 78 52 65 -10 0 0 0.00 0.0 0 3.8 13 180 M M 0 17 190
================================================================================
SM 2572 2158 0 423 18.51 0.0 206.8 M 100
================================================================================
AV 85.7 71.9 7.4 FASTST M M 3 MAX(MPH)
MISC ----> # 74 160 # 92 160
================================================================================
NOTES:
# LAST OF SEVERAL OCCURRENCES
COLUMN 17 PEAK WIND IN M.P.H.
PRELIMINARY LOCAL CLIMATOLOGICAL DATA (WS FORM: F-6) , PAGE 2
STATION: PENSACOLA
MONTH: SEPTEMBER
YEAR: 2020
LATITUDE: 30 28 N
LONGITUDE: 87 12 W
[TEMPERATURE DATA] [PRECIPITATION DATA] SYMBOLS USED IN COLUMN 16
AVERAGE MONTHLY: 78.8 TOTAL FOR MONTH: 18.51 1 = FOG OR MIST
DPTR FM NORMAL: 0.4 DPTR FM NORMAL: 12.53 2 = FOG REDUCING VISIBILITY
HIGHEST: 98 ON 5 GRTST 24HR 11.85 ON 16-16 TO 1/4 MILE OR LESS
LOWEST: 52 ON 30 3 = THUNDER
SNOW, ICE PELLETS, HAIL 4 = ICE PELLETS
TOTAL MONTH: 0.0 INCH 5 = HAIL
GRTST 24HR 0.0 6 = FREEZING RAIN OR DRIZZLE
GRTST DEPTH: 0 7 = DUSTSTORM OR SANDSTORM:
VSBY 1/2 MILE OR LESS
8 = SMOKE OR HAZE
[NO. OF DAYS WITH] [WEATHER - DAYS WITH] 9 = BLOWING SNOW
X = TORNADO
MAX 32 OR BELOW: 0 0.01 INCH OR MORE: 12
MAX 90 OR ABOVE: 11 0.10 INCH OR MORE: 7
MIN 32 OR BELOW: 0 0.50 INCH OR MORE: 3
MIN 0 OR BELOW: 0 1.00 INCH OR MORE: 2
[HDD (BASE 65) ]
TOTAL THIS MO. 0 CLEAR (SCALE 0-3) 17
DPTR FM NORMAL -1 PTCLDY (SCALE 4-7) 10
TOTAL FM JUL 1 0 CLOUDY (SCALE 8-10) 3
DPTR FM NORMAL -1
[CDD (BASE 65) ]
TOTAL THIS MO. 423
DPTR FM NORMAL 20 [PRESSURE DATA]
TOTAL FM JAN 1 2828 HIGHEST SLP 30.21 ON 21
DPTR FM NORMAL 458 LOWEST SLP 29.63 ON 15
[REMARKS] KPNS ASOS SUFFERED AN OUTAGE ON 9/15-9/17 DUE TO HURRICANE
SALLY. RAINFALL DATA FROM THE KPNS ALL WEATHER PRECIPITATION
ACCUMULATION GAUGE (AWPAG) HAS BEEN RECOVERED. THUS, MM
PRECIPITATION FIELDS ON THE 15TH AND 16TH HAVE BEEN REPLACED WITH
FINDINGS FROM THE AWPAG. THE MM FOR MAX/MIN AND MAX SPD/PK GUST
FIELDS FOR ALL OR PART OF THE 15TH, 16TH AND 17TH WERE REPLACED WITH
DATA FROM KNPA (NAVY PENSACOLA) SITED 9 MILES SOUTHWEST OF KPNS.
KPNS ASOS RETURNED TO SERVICE ON THE MORNING OF 9/17 BUT ISSUES
CONTINUED WITH UNREALISTIC WARMER TEMPERATURES FOR A DAYS
THEREAFTER. 9/18 - ORIGINAL MAX OF 100 WAS IN ERROR; USED NEARBY MAX
FROM KNPA OF 87 WHICH WAS MORE REPRESENTATIVE AS A BACKUP FOR KPNS
FOR THIS DATE. 09/19 - ORIGINAL MAX OF 86 WAS IN ERROR; USED NEARBY
MAX FROM KNPA OF 78 WHICH WAS MORE REPRESENTATIVE AS A BACKUP FOR
KPNS FOR THIS DATE. 09/20 - ORIGINAL MAX OF 77 WAS IN ERROR; USED
NEARBY MAX FROM KNPA OF 69 WHICH WAS MORE REPRESENTATIVE AS A BACKUP
FOR KPNS FOR THIS DATE.
#FINAL-09-20#