000
CXZS50 NSTU 050507
CLMPPG
CLIMATE REPORT
NATIONAL WEATHER SERVICE PAGO PAGO AS
610 PM SST MON MAR 04 2024
.....................................
...THE PAGO PAGO AIRPORT CLIMATE SUMMARY FOR THE MONTH OF FEBRUARY 2024...
CLIMATE NORMAL PERIOD 1991 TO 2020
CLIMATE RECORD PERIOD 1956 TO 2024
WEATHER ITEM OBSERVED DATES NORMAL DEPARTURE LAST YEAR
VALUE VALUE FROM VALUE DATE(S)
NORMAL
.............................................................................
TEMPERATURE (F)
RECORD
HIGH 99 2/22/1958
LOW 65 2/17/1965
HIGHEST 96 2/27 88 8 90 2/17
2/13
2/10
2/06
2/05
LOWEST 75 2/25 78 -3 73 2/01
AVG. MAXIMUM 89.1 88.1 1.0 87.6
AVG. MINIMUM 79.1 78.3 0.8 77.2
MEAN 84.1 83.2 0.9 82.4
DAYS MAX >= 90 10 7.7 2.3 5.0
DAYS MAX <= 32 0 0.0 0.0 0
DAYS MIN <= 32 0 0.0 0.0 0
DAYS MIN <= 0 0 0.0 0.0 0
PRECIPITATION (INCHES)
RECORD
MAXIMUM 32.73 2020
MINIMUM 2.02 1998
TOTALS 24.09 13.70 10.39 13.19
DAILY AVG. 0.83 0.44 0.39 0.47
DAYS >= .01 24 22 2 21
DAYS >= .10 21 15 6 16
DAYS >= .50 10 7 3 7
DAYS >= 1.00 7 4 3 3
GREATEST
24 HR. TOTAL 5.71 2/3 TO 4 5.49 2/20 TO 21
DEGREE DAYS
HEATING TOTAL 000 00 00 00
SINCE 1/1 000 00 00 00
COOLING TOTAL 559 510 49 487
SINCE 1/1 1187 1068 119 1043
WIND (MPH)
AVERAGE WIND SPEED 6.7
HIGHEST WIND SPEED/DIRECTION 26/320 DATE 2/04
HIGHEST GUST SPEED/DIRECTION MM DATE MM
SKY COVER
POSSIBLE SUNSHINE (PERCENT) MM
AVERAGE SKY COVER 6.3
NUMBER OF DAYS FAIR 0
NUMBER OF DAYS PC 13
NUMBER OF DAYS CLOUDY 16
AVERAGE RH (PERCENT) 89.8
WEATHER CONDITIONS NUMBER OF DAYS WITH
THUNDERSTORM 1 MIXED PRECIP 00
HEAVY RAIN 8 RAIN 00
LIGHT RAIN 24 FREEZING RAIN 00
LT FREEZING RAIN 00 HAIL 00
HEAVY SNOW 00 SNOW 00
LIGHT SNOW 00 SLEET 00
FOG 00 FOG W/VIS <= 1/4 MILE 00
HAZE 00
- INDICATES NEGATIVE NUMBERS
R INDICATES RECORD WAS SET OR TIED
MM INDICATES DATA IS MISSING
T INDICATES TRACE AMOUNTTEMPERATURE (F)