278
CXUS56 KFGZ 010900
CF6PRC
PRELIMINARY LOCAL CLIMATOLOGICAL DATA (WS FORM: F-6)
STATION: PRESCOTT AZ AIRPORT
MONTH: NOVEMBER
YEAR: 2020
LATITUDE: 34 39 N
LONGITUDE: 112 26 W
TEMPERATURE IN F: :PCPN: SNOW: WIND :SUNSHINE: SKY :PK WND
================================================================================
1 2 3 4 5 6A 6B 7 8 9 10 11 12 13 14 15 16 17 18
12Z AVG MX 2MIN
DY MAX MIN AVG DEP HDD CDD WTR SNW DPTH SPD SPD DIR MIN PSBL S-S WX SPD DR
================================================================================
1 78 41 60 9 5 0 0.00 M M 5.8 16 150 M M 0 20 150
2 77 49 63 12 2 0 0.00 M M 4.8 17 140 M M 2 24 140
3 75 45 60 10 5 0 T M M 4.8 16 140 M M 3 22 120
4 78 41 60 10 5 0 0.00 M M 4.1 14 30 M M 0 18 20
5 78 40 59 9 6 0 0.00 M M 6.4 16 140 M M 0 8 22 90
6 75 51 63 13 2 0 T M M 10.4 24 160 M M 3 32 180
7 61 36 49 0 16 0 0.03 M M 19.0 37 190 M M 6 17 54 220
8 43 31 37 -12 28 0 0.12 M M 14.3 29 240 M M 4 13 39 210
9 43 26 35 -13 30 0 T M M 6.2 15 250 M M 5 1 18 220
10 47 22 35 -13 30 0 0.00 M M 5.1 15 320 M M 0 20 320
11 58 23 41 -7 24 0 0.00 M M 4.1 10 200 M M 0 15 210
12 61 26 44 -3 21 0 0.00 M M 5.4 14 140 M M 0 18 120
13 63 29 46 -1 19 0 0.00 M M 6.1 17 230 M M 0 20 210
14 61 33 47 0 18 0 0.00 M M 7.2 20 310 M M 0 24 310
15 68 29 49 3 16 0 0.00 M M 5.0 12 200 M M 0 13 170
16 75 33 54 8 11 0 0.00 M M 4.1 13 150 M M 0 15 130
17 76 36 56 10 9 0 0.00 M M 7.2 18 230 M M 0 24 90
18 73 43 58 13 7 0 0.00 M M 8.6 24 200 M M 0 32 200
19 71 41 56 11 9 0 0.00 M M 6.0 20 220 M M 0 25 230
20 70 36 53 9 12 0 0.00 M M 4.8 17 240 M M 0 22 230
21 71 43 57 13 8 0 0.00 M M 3.5 9 130 M M 0 12 130
22 70 42 56 12 9 0 0.00 M M 5.6 16 230 M M 0 21 220
23 62 39 51 8 14 0 0.00 M M 8.1 22 230 M M 0 28 220
24 53 30 42 -1 23 0 0.00 M M 4.8 12 280 M M 0 14 280
25 56 25 41 -2 24 0 0.00 M M 5.5 17 140 M M 0 21 140
26 53 26 40 -2 25 0 0.00 M M 5.8 9 190 M M 1 M M
27 51 28 40 -2 25 0 T M M 9.1 18 320 M M 1 22 320
28 56 21 39 -3 26 0 0.00 M M 4.3 12 200 M M 0 21 30
29 62 22 42 1 23 0 0.00 M M 4.4 10 190 M M 0 15 50
30 57 22 40 -1 25 0 0.00 M M 4.0 13 200 M M 0 14 200
================================================================================
SM 1922 1009 477 0 0.15 M 194.5 M 25
================================================================================
AV 64.1 33.6 6.5 FASTST M M 1 MAX(MPH)
MISC ----> # 37 190 # 54 220
================================================================================
NOTES:
# LAST OF SEVERAL OCCURRENCES
COLUMN 17 PEAK WIND IN M.P.H.
PRELIMINARY LOCAL CLIMATOLOGICAL DATA (WS FORM: F-6) , PAGE 2
STATION: PRESCOTT AZ AIRPORT
MONTH: NOVEMBER
YEAR: 2020
LATITUDE: 34 39 N
LONGITUDE: 112 26 W
[TEMPERATURE DATA] [PRECIPITATION DATA] SYMBOLS USED IN COLUMN 16
AVERAGE MONTHLY: 48.9 TOTAL FOR MONTH: 0.15 1 = FOG OR MIST
DPTR FM NORMAL: 2.8 DPTR FM NORMAL: -0.77 2 = FOG REDUCING VISIBILITY
HIGHEST: 78 ON 5, 4 GRTST 24HR 0.12 ON 8- 8 TO 1/4 MILE OR LESS
LOWEST: 21 ON 28 3 = THUNDER
SNOW, ICE PELLETS, HAIL 4 = ICE PELLETS
TOTAL MONTH: M 5 = HAIL
GRTST 24HR M ON M 6 = FREEZING RAIN OR DRIZZLE
GRTST DEPTH: M ON M 7 = DUSTSTORM OR SANDSTORM:
VSBY 1/2 MILE OR LESS
8 = SMOKE OR HAZE
[NO. OF DAYS WITH] [WEATHER - DAYS WITH] 9 = BLOWING SNOW
X = TORNADO
MAX 32 OR BELOW: 0 0.01 INCH OR MORE: 2
MAX 90 OR ABOVE: 0 0.10 INCH OR MORE: 1
MIN 32 OR BELOW: 14 0.50 INCH OR MORE: 0
MIN 0 OR BELOW: 0 1.00 INCH OR MORE: 0
[HDD (BASE 65) ]
TOTAL THIS MO. 477 CLEAR (SCALE 0-3) 27
DPTR FM NORMAL -91 PTCLDY (SCALE 4-7) 3
TOTAL FM JUL 1 632 CLOUDY (SCALE 8-10) 0
DPTR FM NORMAL -242
[CDD (BASE 65) ]
TOTAL THIS MO. 0
DPTR FM NORMAL 0 [PRESSURE DATA]
TOTAL FM JAN 1 1302 HIGHEST SLP M ON M
DPTR FM NORMAL 361 LOWEST SLP 29.43 ON 7
[REMARKS]
#FINAL-11-20#