000
CXUS56 KPDT 011810
CF6PSC
PRELIMINARY LOCAL CLIMATOLOGICAL DATA (WS FORM: F-6)
STATION: PASCO WA
MONTH: MARCH
YEAR: 2023
LATITUDE: 46 16 N
LONGITUDE: 119 7 W
TEMPERATURE IN F: :PCPN: SNOW: WIND :SUNSHINE: SKY :PK WND
================================================================================
1 2 3 4 5 6A 6B 7 8 9 10 11 12 13 14 15 16 17 18
12Z AVG MX 2MIN
DY MAX MIN AVG DEP HDD CDD WTR SNW DPTH SPD SPD DIR MIN PSBL S-S WX SPD DR
================================================================================
1 50 24 37 -5 28 0 0.00 M M 8.2 18 220 M M 3 27 210
2 55 37 46 4 19 0 T M M 19.5 37 230 M M 7 55 230
3 52 33 43 1 22 0 0.00 M M 13.6 26 220 M M 2 36 210
4 54 24 39 -4 26 0 0.00 M M 5.6 18 270 M M 4 25 260
5 54 26 40 -3 25 0 T M M 6.1 21 80 M M 4 29 60
6 52 26 39 -4 26 0 T M M 5.5 14 250 M M 4 22 230
7 54 21 38 -6 27 0 0.00 M M 3.4 15 100 M M 5 18 100
8 50 21 36 -8 29 0 0.00 M M 6.0 16 260 M M 5 21 310
9 53 23 38 -6 27 0 0.00 M M 6.3 21 130 M M 2 25 140
10 50 34 42 -2 23 0 0.34 M M 7.9 22 290 M M 7 1 29 290
11 56 32 44 -1 21 0 0.00 M M 5.5 21 240 M M 3 25 230
12 53 27 40 -5 25 0 0.02 M M 3.2 9 310 M M 4 15 350
13 63 34 49 4 16 0 0.10 M M 8.3 21 200 M M 8 33 290
14 51 31 41 -5 24 0 0.00 M M 5.4 15 230 M M 1 20 230
15 57 30 44 -2 21 0 0.00 M M 6.8 17 230 M M 3 23 250
16 59 23 41 -5 24 0 0.00 M M 4.4 12 50 M M 0 16 50
17 60 24 42 -4 23 0 0.00 M M 2.7 8 320 M M 0 11 350
18 66 28 47 1 18 0 0.00 M M 4.6 10 310 M M 0 12 330
19 60 31 46 -1 19 0 0.00 M M 5.2 14 330 M M 2 20 350
20 52 45 49 2 16 0 0.08 M M 4.6 15 330 M M 10 1 18 300
21 62 35 49 2 16 0 T M M 3.8 14 50 M M 6 1 20 50
22 64 28 46 -2 19 0 0.00 M M 3.9 12 270 M M 0 1 15 300
23 61 41 51 3 14 0 T M M 16.8 30 210 M M 6 39 270
24 54 36 45 -3 20 0 0.00 M M 14.2 24 230 M M 2 35 240
25 54 35 45 -3 20 0 0.00 M M 7.2 15 280 M M 4 21 290
26 55 27 41 -7 24 0 0.00 M M 3.7 15 290 M M 0 22 270
27 59 28 44 -5 21 0 0.00 M M 6.3 17 120 M M 0 21 120
28 57 42 50 1 15 0 0.00 M M 7.0 21 130 M M 9 27 130
29 52 43 48 -1 17 0 0.04 M M 4.2 9 120 M M 10 13 240
30 63 41 52 3 13 0 0.00 M M 9.0 21 210 M M 8 27 210
31 57 40 49 0 16 0 0.02 M M 14.8 26 240 M M 6 34 250
================================================================================
SM 1739 970 654 0 0.60 M 223.7 M 125
================================================================================
AV 56.1 31.3 7.2 FASTST M M 4 MAX(MPH)
MISC ----> 37 230 55 230
================================================================================
NOTES:
# LAST OF SEVERAL OCCURRENCES
COLUMN 17 PEAK WIND IN M.P.H.
PRELIMINARY LOCAL CLIMATOLOGICAL DATA (WS FORM: F-6) , PAGE 2
STATION: PASCO WA
MONTH: MARCH
YEAR: 2023
LATITUDE: 46 16 N
LONGITUDE: 119 7 W
[TEMPERATURE DATA] [PRECIPITATION DATA] SYMBOLS USED IN COLUMN 16
AVERAGE MONTHLY: 43.7 TOTAL FOR MONTH: 0.60 1 = FOG OR MIST
DPTR FM NORMAL: -2.1 DPTR FM NORMAL: -0.09 2 = FOG REDUCING VISIBILITY
HIGHEST: 66 ON 18 GRTST 24HR 0.34 ON 10-10 TO 1/4 MILE OR LESS
LOWEST: 21 ON 8, 7 3 = THUNDER
SNOW, ICE PELLETS, HAIL 4 = ICE PELLETS
TOTAL MONTH: M 5 = HAIL
GRTST 24HR M ON M 6 = FREEZING RAIN OR DRIZZLE
GRTST DEPTH: M ON M 7 = DUSTSTORM OR SANDSTORM:
VSBY 1/2 MILE OR LESS
8 = SMOKE OR HAZE
[NO. OF DAYS WITH] [WEATHER - DAYS WITH] 9 = BLOWING SNOW
X = TORNADO
MAX 32 OR BELOW: 0 0.01 INCH OR MORE: 6
MAX 90 OR ABOVE: 0 0.10 INCH OR MORE: 2
MIN 32 OR BELOW: 18 0.50 INCH OR MORE: 0
MIN 0 OR BELOW: 0 1.00 INCH OR MORE: 0
[HDD (BASE 65) ]
TOTAL THIS MO. 654 CLEAR (SCALE 0-3) 13
DPTR FM NORMAL 60 PTCLDY (SCALE 4-7) 15
TOTAL FM JUL 1 4651 CLOUDY (SCALE 8-10) 3
DPTR FM NORMAL 194
[CDD (BASE 65) ]
TOTAL THIS MO. 0
DPTR FM NORMAL 0 [PRESSURE DATA]
TOTAL FM JAN 1 0 HIGHEST SLP 30.38 ON 16
DPTR FM NORMAL 0 LOWEST SLP 29.30 ON 10
[REMARKS]
#FINAL-03-23#