000
CXUS51 KALY 010909
CLMPSF
CLIMATE REPORT
NATIONAL WEATHER SERVICE ALBANY NY
409 AM EST FRI DEC 01 2023
...................................
...THE PITTSFIELD MA CLIMATE SUMMARY FOR THE MONTH OF NOVEMBER 2023...
CLIMATE NORMAL PERIOD: 1991 TO 2020
CLIMATE RECORD PERIOD: 9999 TO 9999
WEATHER OBSERVED NORMAL DEPART LAST YEAR`S
VALUE DATE(S) VALUE FROM VALUE DATE(S)
NORMAL
................................................................
TEMPERATURE (F)
HIGHEST 63 11/07 71 11/05
LOWEST 14 11/21 14 11/21
AVG. MAXIMUM 44.8 46.6 -1.8 50.3
AVG. MINIMUM 27.0 29.2 -2.2 31.8
MEAN 35.9 37.9 -2.0 41.1
DAYS MAX >= 90 0 0.0 0.0 0
DAYS MAX <= 32 2 2.0 0.0 1
DAYS MIN <= 32 24 19.7 4.3 20
DAYS MIN <= 0 0 0.0 0.0 0
PRECIPITATION (INCHES)
TOTALS 1.76 3.52 -1.76 3.71
DAILY AVG. 0.06 0.12
DAYS >= .01 12 13
DAYS >= .10 6 9
DAYS >= .50 0 4
DAYS >= 1.00 0 0
GREATEST
24 HR. TOTAL 0.64 11/26 TO 11/27
DEGREE DAYS
HEATING TOTAL 864 813 51 710
SINCE 7/1 1435 1582 -147 MM
COOLING TOTAL 0 0 0 2
SINCE 1/1 421 345 76 MM
................................................................
WIND (MPH)
AVERAGE WIND SPEED 6.8
HIGHEST WIND SPEED/DIRECTION 28/300 DATE 11/08
HIGHEST GUST SPEED/DIRECTION 46/310 DATE 11/08
SKY COVER
AVERAGE SKY COVER 0.48
AVERAGE RH (PERCENT) 69
WEATHER CONDITIONS. NUMBER OF DAYS WITH
THUNDERSTORM 0 MIXED PRECIP 0
HEAVY RAIN 1 RAIN 3
LIGHT RAIN 13 FREEZING RAIN 0
LT FREEZING RAIN 1 HAIL 0
HEAVY SNOW 0 SNOW 1
LIGHT SNOW 7 SLEET 0
FOG 13 FOG W/VIS <= 1/4 MILE 1
HAZE 1
- INDICATES NEGATIVE NUMBERS.
R INDICATES RECORD WAS SET OR TIED.
MM INDICATES DATA IS MISSING.
T INDICATES TRACE AMOUNT.
$$