000
CXUS55 KPUB 020132
CLMPUB
CLIMATE REPORT
NATIONAL WEATHER SERVICE
632 PM MST FRI DEC 01 2023
...................................
...THE PUEBLO CO CLIMATE SUMMARY FOR THE MONTH OF NOVEMBER 2023...
CLIMATE NORMAL PERIOD 1991 TO 2020
CLIMATE RECORD PERIOD 1888 TO 2023
WEATHER OBSERVED NORMAL DEPART LAST YEAR`S
VALUE DATE(S) VALUE FROM VALUE DATE(S)
NORMAL
................................................................
TEMPERATURE (F)
RECORD
HIGH 85 11/08/2006
LOW -17 11/29/1896
HIGHEST 82 11/07 61 21 79 11/08
LOWEST 10 11/26 18 -8 1 11/19
11/30
AVG. MAXIMUM 61.5 56.7 4.8 54.7
AVG. MINIMUM 24.8 24.2 0.6 18.9
MEAN 43.1 40.5 2.6 36.8
DAYS MAX >= 90 0 0.0 0.0
DAYS MAX <= 32 2 1.4 0.6
DAYS MIN <= 32 25 26.4 -1.4
DAYS MIN <= 0 0 0.3 -0.3
PRECIPITATION (INCHES)
RECORD
MAXIMUM 2.48 1991
MINIMUM 0.00 1989
TOTALS 0.06 0.47 -0.41 0.19
DAILY AVG. 0.00 0.02 -0.02
DAYS >= .01 4 4.1 -0.1
DAYS >= .10 0 1.4 -1.4
DAYS >= .50 0 0.1 -0.1
DAYS >= 1.00 0 0.0 0.0
GREATEST
24 HR. TOTAL 0.03 11/08 TO 11/09
11/24 TO 11/25
SNOWFALL (INCHES)
RECORDS
TOTAL 29.3 1946
TOTALS 0.3 4.1 -3.8 4.1
SINCE 7/1 1.4 6.2 -4.8 MM
SNOWDEPTH AVG. T
DAYS >= 1.0 0 1.2 -1.2
GREATEST
SNOW DEPTH MM 2
24 HR TOTAL 0.3 11/25 TO 11/25 2.3
DEGREE DAYS
HEATING TOTAL 649 736 -87 838
SINCE 7/1 1015 1195 -180 MM
COOLING TOTAL 0 0 0 0
SINCE 1/1 1140 1079 61 MM
................................................................
WIND (MPH)
AVERAGE WIND SPEED 6.9
HIGHEST WIND SPEED/DIRECTION 40/280 DATE 11/16
HIGHEST GUST SPEED/DIRECTION 55/290 DATE 11/16
SKY COVER
POSSIBLE SUNSHINE (PERCENT) MM
AVERAGE SKY COVER 0.16
NUMBER OF DAYS FAIR 23
NUMBER OF DAYS PC 4
NUMBER OF DAYS CLOUDY 3
AVERAGE RH (PERCENT) 47
WEATHER CONDITIONS. NUMBER OF DAYS WITH
THUNDERSTORM 0 MIXED PRECIP 0
HEAVY RAIN 0 RAIN 0
LIGHT RAIN 2 FREEZING RAIN 0
LT FREEZING RAIN 1 HAIL 0
HEAVY SNOW 0 SNOW 0
LIGHT SNOW 3 SLEET 0
FOG 2 FOG W/VIS <= 1/4 MILE 0
HAZE 0
- INDICATES NEGATIVE NUMBERS.
R INDICATES RECORD WAS SET OR TIED.
MM INDICATES DATA IS MISSING.
T INDICATES TRACE AMOUNT.
$$