000
CXUS55 KPUB 101640
CLSPUB
CLIMATE REPORT
NATIONAL WEATHER SERVICE
1040 AM MDT WED JUN 10 2020
...................................
...THE PUEBLO CO CLIMATE SUMMARY FOR THE SEASON, FROM
3/1/2020 TO 5/31/2020...
CLIMATE NORMAL PERIOD: 1981 TO 2010
CLIMATE RECORD PERIOD: 1888 TO 2020
WEATHER OBSERVED NORMAL DEPART LAST YEAR`S
VALUE DATE(S) VALUE FROM VALUE DATE(S)
NORMAL
................................................................
TEMPERATURE (F)
RECORD
HIGH 102 05/31/2002
05/30/2000
05/29/2000
LOW -20 03/05/1948
HIGHEST 97 05/30 90 05/15
LOWEST 18 03/04 2 03/05
03/21
AVG. MAXIMUM 71.6 67.7 3.9 66.2
AVG. MINIMUM 36.3 34.5 1.8 34.7
MEAN 54.0 51.1 2.9 50.5
DAYS MAX >= 90 8
DAYS MAX <= 32 0
DAYS MIN <= 32 37
DAYS MIN <= 0 0
PRECIPITATION (INCHES)
RECORD
MAXIMUM 9.78 1900
MINIMUM 0.42 2002
TOTALS 0.70 3.84 -3.14 3.59
DAILY AVG. 0.01 0.04 -0.03
DAYS >= .01 14
DAYS >= .10 2
DAYS >= .50 0
DAYS >= 1.00 0
GREATEST
24 HR. TOTAL 0.17 05/14 TO 05/14
SNOWFALL (INCHES)
RECORDS
MAXIMUM 31.5 1990
MINIMUM T 2018
1910
TOTALS 3.9 10.0 -6.1 2.2
SINCE 7/1 36.2 31.8 4.4
SNOWDEPTH AVG. T
DAYS >= TRACE 13 6.2 6.8
DAYS >= 1.0 1 2.9 -1.9
GREATEST
SNOW DEPTH 2 2
24 HR TOTAL 1.6 1.7
DEGREE DAYS
HEATING TOTAL 1086 1311 -225 1320
SINCE 7/1 5268 5613 -345 5400
COOLING TOTAL 98 34 64 9
SINCE 1/1 98 34 64 9
................................................................
WIND (MPH)
AVERAGE WIND SPEED 9.6
HIGHEST WIND SPEED/DIRECTION 44/360 DATE 05/02
HIGHEST GUST SPEED/DIRECTION 61/290 DATE 04/10
SKY COVER
POSSIBLE SUNSHINE (PERCENT) MM
AVERAGE SKY COVER 0.22
NUMBER OF DAYS FAIR 72
NUMBER OF DAYS PC 13
NUMBER OF DAYS CLOUDY 7
AVERAGE RH (PERCENT) 48
WEATHER CONDITIONS. NUMBER OF DAYS WITH
THUNDERSTORM 10 MIXED PRECIP 1
HEAVY RAIN 1 RAIN 4
LIGHT RAIN 25 FREEZING RAIN 0
LT FREEZING RAIN 0 HAIL 0
HEAVY SNOW 1 SNOW 4
LIGHT SNOW 13 SLEET 0
FOG 19 FOG W/VIS <= 1/4 MILE 1
HAZE 7
- INDICATES NEGATIVE NUMBERS.
R INDICATES RECORD WAS SET OR TIED.
MM INDICATES DATA IS MISSING.
T INDICATES TRACE AMOUNT.
$$