000
CXUS55 KPUB 021418
CLSPUB
CLIMATE REPORT
NATIONAL WEATHER SERVICE
718 AM MST THU MAR 02 2023
...................................
...THE PUEBLO CO CLIMATE SUMMARY FOR THE SEASON, FROM
12/1/2022 TO 2/28/2023...
CLIMATE NORMAL PERIOD 1991 TO 2020
CLIMATE RECORD PERIOD 1888 TO 2023
WEATHER OBSERVED NORMAL DEPART LAST YEAR`S
VALUE DATE(S) VALUE FROM VALUE DATE(S)
NORMAL
................................................................
TEMPERATURE (F)
RECORD
HIGH 82 12/17/1980
LOW -31 02/01/1951
HIGHEST 70 02/21 74 12/02
LOWEST -15 12/22 -12 01/02
AVG. MAXIMUM 49.1 49.0 0.1 51.9
AVG. MINIMUM 13.2 16.8 -3.6 15.7
MEAN 31.1 32.9 -1.8 33.8
DAYS MAX >= 90 0
DAYS MAX <= 32 10
DAYS MIN <= 32 89
DAYS MIN <= 0 10
PRECIPITATION (INCHES)
RECORD
MAXIMUM 3.09 1939
MINIMUM 0.18 1950
TOTALS 0.76 0.90 -0.14 1.23
DAILY AVG. 0.01 0.01 0.00
DAYS >= .01 14
DAYS >= .10 2
DAYS >= .50 0
DAYS >= 1.00 0
GREATEST
24 HR. TOTAL 0.31 02/14 TO 02/15
SNOWFALL (INCHES)
RECORDS
MAXIMUM 38.6 1988
MINIMUM 2.7 1921
TOTALS 11.9 14.2 -2.3 13.7
SINCE 7/1 16.0 20.4 -4.4
SNOWDEPTH AVG. 0
DAYS >= TRACE 22 11.2 10.8
DAYS >= 1.0 4 4.8 -0.8
GREATEST
SNOW DEPTH 6 02/16 3
02/15
24 HR TOTAL 6.5 02/14 TO 02/15 3.4
DEGREE DAYS
HEATING TOTAL 3035 2897 138 2771
SINCE 7/1 4219 4091 128 3680
COOLING TOTAL 0 0 0 0
SINCE 1/1 0 0 0 MM
................................................................
WIND (MPH)
AVERAGE WIND SPEED 7.6
HIGHEST WIND SPEED/DIRECTION 47/280 DATE 02/27
HIGHEST GUST SPEED/DIRECTION 61/300 DATE 01/11
SKY COVER
POSSIBLE SUNSHINE (PERCENT) MM
AVERAGE SKY COVER 0.19
NUMBER OF DAYS FAIR 70
NUMBER OF DAYS PC 10
NUMBER OF DAYS CLOUDY 10
AVERAGE RH (PERCENT) 52
WEATHER CONDITIONS. NUMBER OF DAYS WITH
THUNDERSTORM 0 MIXED PRECIP 3
HEAVY RAIN 0 RAIN 1
LIGHT RAIN 7 FREEZING RAIN 0
LT FREEZING RAIN 2 HAIL 0
HEAVY SNOW 3 SNOW 4
LIGHT SNOW 22 SLEET 0
FOG 16 FOG W/VIS <= 1/4 MILE 1
HAZE 3
- INDICATES NEGATIVE NUMBERS.
R INDICATES RECORD WAS SET OR TIED.
MM INDICATES DATA IS MISSING.
T INDICATES TRACE AMOUNT.
$$