000
CXUS51 KBOX 010810
CF6PVD
PRELIMINARY LOCAL CLIMATOLOGICAL DATA (WS FORM: F-6)
STATION: PROVIDENCE RI
MONTH: OCTOBER
YEAR: 2021
LATITUDE: 41 43 N
LONGITUDE: 71 26 W
TEMPERATURE IN F: :PCPN: SNOW: WIND :SUNSHINE: SKY :PK WND
================================================================================
1 2 3 4 5 6A 6B 7 8 9 10 11 12 13 14 15 16 17 18
12Z AVG MX 2MIN
DY MAX MIN AVG DEP HDD CDD WTR SNW DPTH SPD SPD DIR MIN PSBL S-S WX SPD DR
================================================================================
1 69 47 58 -2 7 0 0.00 0.0 0 6.9 16 260 M M 2 21 260
2 74 47 61 1 4 0 0.00 0.0 0 7.7 16 240 M M 2 21 230
3 74 55 65 6 0 0 0.04 0.0 0 4.2 12 40 M M 6 1 14 60
4 63 56 60 1 5 0 1.50 0.0 0 9.4 16 50 M M 10 1 20 60
5 62 54 58 0 7 0 0.13 0.0 0 8.9 15 10 M M 9 1 19 40
6 74 52 63 5 2 0 0.00 0.0 0 3.7 10 50 M M 3 1 13 50
7 75 51 63 5 2 0 0.00 0.0 0 3.5 10 170 M M 2 14 180
8 75 54 65 8 0 0 0.00 0.0 0 7.4 16 30 M M 5 1 21 50
9 65 56 61 4 4 0 0.00 0.0 0 10.1 18 60 M M 9 23 60
10 65 56 61 5 4 0 T 0.0 0 9.2 14 50 M M 9 18 50
11 75 58 67 11 0 2 0.00 0.0 0 9.5 18 50 M M 7 1 21 50
12 73 53 63 7 2 0 0.00 0.0 0 3.6 9 170 M M 7 12 10 180
13 75 53 64 9 1 0 0.00 0.0 0 5.5 13 140 M M 2 16 260
14 78 58 68 13 0 3 0.00 0.0 0 5.8 16 40 M M 3 1 23 10
15 72 57 65 10 0 0 0.00 0.0 0 6.4 21 160 M M 5 1 23 150
16 77 61 69 15 0 4 0.16 0.0 0 14.6 26 190 M M 8 1 34 200
17 66 51 59 5 6 0 0.18 0.0 0 9.6 20 300 M M 5 1 27 290
18 63 45 54 0 11 0 0.00 0.0 0 9.8 17 290 M M 5 24 290
19 65 43 54 1 11 0 0.00 0.0 0 10.0 22 290 M M 1 28 290
20 75 53 64 11 1 0 0.00 0.0 0 8.1 16 270 M M 3 21 290
21 76 55 66 13 0 1 0.00 0.0 0 7.0 18 240 M M 6 26 240
22 74 55 65 13 0 0 T 0.0 0 8.1 17 260 M M 4 1 21 260
23 64 51 58 6 7 0 T 0.0 0 7.5 13 300 M M 7 17 290
24 60 41 51 -1 14 0 0.01 0.0 0 5.3 14 240 M M 4 18 250
25 59 51 55 4 10 0 0.58 0.0 0 7.7 15 10 M M 10 1 19 10
26 65 51 58 7 7 0 1.04 0.0 0 15.2 32 360 M M 10 1 42 360
27 52 49 51 0 14 0 0.18 0.0 0 23.1 46 20 M M 10 1 61 20
28 52 47 50 0 15 0 T 0.0 0 11.2 21 10 M M 10 27 20
29 55 42 49 -1 16 0 0.00 0.0 0 8.5 17 40 M M 10 21 30
30 64 50 57 7 8 0 1.40 0.0 0 7.0 16 110 M M 10 1 21 110
31 67 52 60 11 5 0 0.34 0.0 0 8.9 18 230 M M 7 1 24 220
================================================================================
SM 2103 1604 163 10 5.56 0.0 263.4 M 191
================================================================================
AV 67.8 51.7 8.5 FASTST M M 6 MAX(MPH)
MISC ----> 46 20 61 20
================================================================================
NOTES:
# LAST OF SEVERAL OCCURRENCES
COLUMN 17 PEAK WIND IN M.P.H.
PRELIMINARY LOCAL CLIMATOLOGICAL DATA (WS FORM: F-6) , PAGE 2
STATION: PROVIDENCE RI
MONTH: OCTOBER
YEAR: 2021
LATITUDE: 41 43 N
LONGITUDE: 71 26 W
[TEMPERATURE DATA] [PRECIPITATION DATA] SYMBOLS USED IN COLUMN 16
AVERAGE MONTHLY: 59.8 TOTAL FOR MONTH: 5.56 1 = FOG OR MIST
DPTR FM NORMAL: 5.4 DPTR FM NORMAL: 1.38 2 = FOG REDUCING VISIBILITY
HIGHEST: 78 ON 14 GRTST 24HR 1.69 ON 30-31 TO 1/4 MILE OR LESS
LOWEST: 41 ON 24 3 = THUNDER
SNOW, ICE PELLETS, HAIL 4 = ICE PELLETS
TOTAL MONTH: 0.0 INCH 5 = HAIL
GRTST 24HR 0.0 6 = FREEZING RAIN OR DRIZZLE
GRTST DEPTH: 0 7 = DUSTSTORM OR SANDSTORM:
VSBY 1/2 MILE OR LESS
8 = SMOKE OR HAZE
[NO. OF DAYS WITH] [WEATHER - DAYS WITH] 9 = BLOWING SNOW
X = TORNADO
MAX 32 OR BELOW: 0 0.01 INCH OR MORE: 11
MAX 90 OR ABOVE: 0 0.10 INCH OR MORE: 9
MIN 32 OR BELOW: 0 0.50 INCH OR MORE: 4
MIN 0 OR BELOW: 0 1.00 INCH OR MORE: 3
[HDD (BASE 65) ]
TOTAL THIS MO. 163 CLEAR (SCALE 0-3) 8
DPTR FM NORMAL -173 PTCLDY (SCALE 4-7) 12
TOTAL FM JUL 1 184 CLOUDY (SCALE 8-10) 11
DPTR FM NORMAL -228
[CDD (BASE 65) ]
TOTAL THIS MO. 10
DPTR FM NORMAL 1 [PRESSURE DATA]
TOTAL FM JAN 1 991 HIGHEST SLP 30.40 ON 6
DPTR FM NORMAL 179 LOWEST SLP 29.30 ON 27
[REMARKS]
#FINAL-10-21#