000
CXUS56 KSGX 011045
CF6RAL
PRELIMINARY LOCAL CLIMATOLOGICAL DATA (WS FORM: F-6)
STATION: RIVERSIDE MUNI AIRPORT CA
MONTH: OCTOBER
YEAR: 2023
LATITUDE: 33 57 N
LONGITUDE: 117 27 W
TEMPERATURE IN F: :PCPN: SNOW: WIND :SUNSHINE: SKY :PK WND
================================================================================
1 2 3 4 5 6A 6B 7 8 9 10 11 12 13 14 15 16 17 18
12Z AVG MX 2MIN
DY MAX MIN AVG DEP HDD CDD WTR SNW DPTH SPD SPD DIR MIN PSBL S-S WX SPD DR
================================================================================
1 70 55 63 -10 2 0 T M M 4.8 14 260 M M 5 1 17 270
2 76 50 63 -9 2 0 0.00 M M 4.3 17 260 M M 0 22 270
3 87 52 70 -2 0 5 0.00 M M 4.1 16 250 M M 0 20 240
4 96 57 77 5 0 12 0.00 M M 5.0 13 40 M M 0 20 20
5 99 61 80 8 0 15 0.00 M M 4.2 15 270 M M 0 20 270
6 101 62 82 11 0 17 0.00 M M 4.8 17 250 M M 0 22 270
7 100 65 83 12 0 18 0.00 M M 4.3 15 250 M M 0 19 270
8 97 64 81 10 0 16 0.00 M M 4.5 16 270 M M 0 22 270
9 90 60 75 4 0 10 0.00 M M 3.6 18 260 M M 0 23 260
10 80 57 69 -1 0 4 0.00 M M 4.0 16 270 M M 3 18 20 270
11 77 58 68 -2 0 3 0.01 M M 4.1 15 260 M M 5 1 20 270
12 86 53 70 0 0 5 0.00 M M 4.8 17 30 M M 0 27 30
13 86 53 70 0 0 5 0.00 M M 3.8 14 270 M M 1 17 270
14 88 55 72 3 0 7 0.00 M M 2.6 13 250 M M 0 15 250
15 97 56 77 8 0 12 0.00 M M 4.1 14 270 M M 0 17 270
16 94 57 76 7 0 11 0.00 M M 4.5 15 260 M M 0 20 270
17 91 57 74 5 0 9 0.00 M M 3.3 14 270 M M 0 19 260
18 102 57 80 12 0 15 0.00 M M 3.6 16 270 M M 0 20 270
19 99 60 80 12 0 15 0.00 M M 4.0 17 270 M M 0 22 270
20 98 60 79 11 0 14 0.00 M M 3.7 15 270 M M 0 19 270
21 90 61 76 8 0 11 0.00 M M 4.3 15 270 M M 0 20 250
22 78 55 67 -1 0 2 0.00 M M 4.4 20 270 M M 2 1 23 270
23 75 58 67 0 0 2 0.00 M M 3.3 14 270 M M 6 18 270
24 80 53 67 0 0 2 0.00 M M 3.3 15 270 M M 0 19 260
25 70 60 65 -2 0 0 T M M 4.6 12 260 M M 10 18 16 270
26 74 58 66 -1 0 1 0.00 M M 3.6 13 270 M M 5 16 270
27 75 55 65 -1 0 0 0.00 M M 2.7 13 270 M M 3 18 270
28 74 53 64 -2 1 0 0.00 M M 3.0 14 270 M M 2 18 17 260
29 73 54 64 -2 1 0 0.00 M M 14.3 24 20 M M 0 42 30
30 79 47 63 -3 2 0 0.00 M M 7.0 20 30 M M 0 29 350
31 85 47 66 1 0 1 0.00 M M 6.9 14 30 M M 0 22 30
================================================================================
SM 2667 1750 8 212 0.01 M 139.5 M 42
================================================================================
AV 86.0 56.5 4.5 FASTST M M 1 MAX(MPH)
MISC ----> 24 20 42 30
================================================================================
NOTES:
# LAST OF SEVERAL OCCURRENCES
COLUMN 17 PEAK WIND IN M.P.H.
PRELIMINARY LOCAL CLIMATOLOGICAL DATA (WS FORM: F-6) , PAGE 2
STATION: RIVERSIDE MUNI AIRPORT CA
MONTH: OCTOBER
YEAR: 2023
LATITUDE: 33 57 N
LONGITUDE: 117 27 W
[TEMPERATURE DATA] [PRECIPITATION DATA] SYMBOLS USED IN COLUMN 16
AVERAGE MONTHLY: 71.2 TOTAL FOR MONTH: 0.01 1 = FOG OR MIST
DPTR FM NORMAL: 2.3 DPTR FM NORMAL: -0.32 2 = FOG REDUCING VISIBILITY
HIGHEST: 102 ON 18 GRTST 24HR 0.01 ON 11-11 TO 1/4 MILE OR LESS
LOWEST: 47 ON 31,30 3 = THUNDER
SNOW, ICE PELLETS, HAIL 4 = ICE PELLETS
TOTAL MONTH: M 5 = HAIL
GRTST 24HR M ON M 6 = FREEZING RAIN OR DRIZZLE
GRTST DEPTH: M ON M 7 = DUSTSTORM OR SANDSTORM:
VSBY 1/2 MILE OR LESS
8 = SMOKE OR HAZE
[NO. OF DAYS WITH] [WEATHER - DAYS WITH] 9 = BLOWING SNOW
X = TORNADO
MAX 32 OR BELOW: 0 0.01 INCH OR MORE: 1
MAX 90 OR ABOVE: 13 0.10 INCH OR MORE: 0
MIN 32 OR BELOW: 0 0.50 INCH OR MORE: 0
MIN 0 OR BELOW: 0 1.00 INCH OR MORE: 0
[HDD (BASE 65) ]
TOTAL THIS MO. 8 CLEAR (SCALE 0-3) 26
DPTR FM NORMAL -23 PTCLDY (SCALE 4-7) 4
TOTAL FM JUL 1 8 CLOUDY (SCALE 8-10) 1
DPTR FM NORMAL -24
[CDD (BASE 65) ]
TOTAL THIS MO. 212
DPTR FM NORMAL 58 [PRESSURE DATA]
TOTAL FM JAN 1 1710 HIGHEST SLP 30.12 ON 30
DPTR FM NORMAL -109 LOWEST SLP 29.59 ON 11
[REMARKS]
#FINAL-10-23#