000
CXUS54 KFWD 010830
CF6RBD
PRELIMINARY LOCAL CLIMATOLOGICAL DATA (WS FORM: F-6)
STATION: DALLAS EXECUTIVE
MONTH: JANUARY
YEAR: 2022
LATITUDE: 32 40 N
LONGITUDE: 96 52 W
TEMPERATURE IN F: :PCPN: SNOW: WIND :SUNSHINE: SKY :PK WND
================================================================================
1 2 3 4 5 6A 6B 7 8 9 10 11 12 13 14 15 16 17 18
12Z AVG MX 2MIN
DY MAX MIN AVG DEP HDD CDD WTR SNW DPTH SPD SPD DIR MIN PSBL S-S WX SPD DR
================================================================================
1 73 23 48 1 17 0 0.09 M M 12.2 31 320 M M 8 1 40 320
2 39 17 28 -19 37 0 T M M 15.4 29 320 M M 4 39 320
3 54 23 39 -8 26 0 0.00 M M 6.8 14 170 M M 0 19 180
4 62 31 47 0 18 0 0.00 M M 12.2 23 190 M M 0 33 220
5 61 32 47 0 18 0 0.00 M M 6.9 17 20 M M 1 23 20
6 39 28 34 -13 31 0 0.00 M M 12.7 26 340 M M 0 33 350
7 47 22 35 -12 30 0 0.00 M M 8.6 15 150 M M 4 21 150
8 64 45 55 8 10 0 0.01 M M 11.0 21 200 M M 10 12 32 210
9 62 42 52 5 13 0 T M M 13.8 24 360 M M 6 18 33 350
10 54 30 42 -5 23 0 0.00 M M 7.3 16 10 M M 0 21 350
11 59 29 44 -3 21 0 0.00 M M 6.2 15 200 M M 1 24 210
12 63 34 49 2 16 0 0.00 M M 5.9 13 230 M M 3 19 230
13 74 41 58 11 7 0 0.00 M M 6.8 13 330 M M 0 8 17 330
14 76 42 59 12 6 0 T M M 10.5 30 300 M M 0 8 40 310
15 52 30 41 -6 24 0 T M M 24.8 37 340 M M 6 58 350
16 52 27 40 -7 25 0 0.00 M M 8.3 20 320 M M 0 27 320
17 64 33 49 1 16 0 0.00 M M 6.4 13 170 M M 0 18 160
18 73 42 58 10 7 0 0.00 M M 15.4 25 180 M M 0 38 180
19 62 34 48 0 17 0 0.06 M M 14.8 32 10 M M 6 44 360
20 37 24 31 -17 34 0 0.00 M M 15.5 25 360 M M 6 36 350
21 43 19 31 -17 34 0 0.00 M M 6.0 12 350 M M 1 16 350
22 50 24 37 -11 28 0 0.00 M M 3.4 9 70 M M 0 12 60
23 64 35 50 2 15 0 0.00 M M 6.6 16 300 M M 0 23 310
24 56 47 52 4 13 0 0.19 M M 5.5 13 200 M M 9 12 18 210
25 58 40 49 1 16 0 0.00 M M 10.3 20 60 M M 3 1 28 50
26 50 31 41 -7 24 0 T M M 7.3 16 30 M M 2 22 40
27 51 32 42 -6 23 0 T M M 4.6 14 340 M M 7 19 340
28 56 31 44 -5 21 0 0.00 M M 10.2 22 320 M M 0 32 330
29 67 32 50 1 15 0 0.00 M M 7.2 15 240 M M 0 22 220
30 71 46 59 10 6 0 0.00 M M 9.4 14 180 M M 0 25 260
31 66 45 56 7 9 0 0.00 M M 10.6 20 170 M M 4 29 170
================================================================================
SM 1799 1011 600 0 0.35 M 302.6 M 81
================================================================================
AV 58.0 32.6 9.8 FASTST M M 3 MAX(MPH)
MISC ----> 37 340 58 350
================================================================================
NOTES:
# LAST OF SEVERAL OCCURRENCES
COLUMN 17 PEAK WIND IN M.P.H.
PRELIMINARY LOCAL CLIMATOLOGICAL DATA (WS FORM: F-6) , PAGE 2
STATION: DALLAS EXECUTIVE
MONTH: JANUARY
YEAR: 2022
LATITUDE: 32 40 N
LONGITUDE: 96 52 W
[TEMPERATURE DATA] [PRECIPITATION DATA] SYMBOLS USED IN COLUMN 16
AVERAGE MONTHLY: 45.3 TOTAL FOR MONTH: 0.35 1 = FOG OR MIST
DPTR FM NORMAL: -2.3 DPTR FM NORMAL: -2.20 2 = FOG REDUCING VISIBILITY
HIGHEST: 76 ON 14 GRTST 24HR 0.19 ON 24-24 TO 1/4 MILE OR LESS
LOWEST: 17 ON 2 3 = THUNDER
SNOW, ICE PELLETS, HAIL 4 = ICE PELLETS
TOTAL MONTH: M 5 = HAIL
GRTST 24HR M ON M 6 = FREEZING RAIN OR DRIZZLE
GRTST DEPTH: M ON M 7 = DUSTSTORM OR SANDSTORM:
VSBY 1/2 MILE OR LESS
8 = SMOKE OR HAZE
[NO. OF DAYS WITH] [WEATHER - DAYS WITH] 9 = BLOWING SNOW
X = TORNADO
MAX 32 OR BELOW: 0 0.01 INCH OR MORE: 4
MAX 90 OR ABOVE: 0 0.10 INCH OR MORE: 1
MIN 32 OR BELOW: 18 0.50 INCH OR MORE: 0
MIN 0 OR BELOW: 0 1.00 INCH OR MORE: 0
[HDD (BASE 65) ]
TOTAL THIS MO. 600 CLEAR (SCALE 0-3) 20
DPTR FM NORMAL 57 PTCLDY (SCALE 4-7) 9
TOTAL FM JUL 1 1051 CLOUDY (SCALE 8-10) 2
DPTR FM NORMAL -323
[CDD (BASE 65) ]
TOTAL THIS MO. 0
DPTR FM NORMAL -4 [PRESSURE DATA]
TOTAL FM JAN 1 0 HIGHEST SLP 30.72 ON 10
DPTR FM NORMAL -4 LOWEST SLP 29.59 ON 1
[REMARKS]
#FINAL-01-22#