000
CXUS56 KMFR 010930
CF6RBG
PRELIMINARY LOCAL CLIMATOLOGICAL DATA (WS FORM: F-6)
STATION: ROSEBURG OR
MONTH: MAY
YEAR: 2021
LATITUDE: 43 13 N
LONGITUDE: 123 22 W
TEMPERATURE IN F: :PCPN: SNOW: WIND :SUNSHINE: SKY :PK WND
================================================================================
1 2 3 4 5 6A 6B 7 8 9 10 11 12 13 14 15 16 17 18
12Z AVG MX 2MIN
DY MAX MIN AVG DEP HDD CDD WTR SNW DPTH SPD SPD DIR MIN PSBL S-S WX SPD DR
================================================================================
1 66 52 59 3 6 0 0.37 M M 7.5 16 10 M M 9 18 21 10
2 68 48 58 1 7 0 0.00 M M 4.7 16 360 M M 6 19 360
3 72 44 58 1 7 0 0.00 M M 3.1 14 340 M M 3 22 340
4 74 53 64 7 1 0 0.00 M M 5.3 16 20 M M 4 19 20
5 87 46 67 10 0 2 0.00 M M 2.9 15 300 M M 0 21 320
6 70 49 60 2 5 0 0.03 M M 3.4 14 340 M M 5 21 270
7 62 45 54 -4 11 0 0.03 M M 4.7 17 360 M M 6 1 21 340
8 67 38 53 -5 12 0 T M M 4.1 16 10 M M 2 20 10
9 69 45 57 -1 8 0 0.00 M M 5.5 18 20 M M 3 24 360
10 74 49 62 4 3 0 0.00 M M 6.7 18 10 M M 2 24 20
11 77 44 61 2 4 0 0.00 M M 6.6 18 10 M M 0 23 360
12 83 46 65 6 0 0 0.00 M M 4.8 15 10 M M 0 18 360
13 83 50 67 8 0 2 0.00 M M 5.3 16 10 M M 0 21 320
14 78 50 64 5 1 0 0.00 M M 5.8 18 330 M M 2 8 24 320
15 82 47 65 5 0 0 0.00 M M 6.0 18 20 M M 0 24 10
16 87 50 69 9 0 4 0.00 M M 4.7 16 330 M M 0 21 330
17 77 48 63 3 2 0 0.00 M M 4.3 17 330 M M 3 24 320
18 68 50 59 -1 6 0 0.00 M M 6.7 15 330 M M 7 20 340
19 59 42 51 -9 14 0 0.16 M M 4.1 20 20 M M 7 27 330
20 56 40 48 -12 17 0 0.12 M M 2.3 20 10 M M 8 12 25 10
21 63 44 54 -6 11 0 T M M 4.4 14 330 M M 8 20 330
22 71 47 59 -2 6 0 0.00 M M 4.0 14 330 M M 5 22 330
23 75 42 59 -2 6 0 0.00 M M 3.0 15 10 M M 2 20 10
24 73 53 63 2 2 0 0.04 M M 3.4 12 360 M M 8 14 360
25 64 51 58 -3 7 0 T M M 5.6 14 300 M M 8 8 19 350
26 79 50 65 4 0 0 0.00 M M 3.2 13 330 M M 4 17 290
27 66 49 58 -3 7 0 T M M 5.2 13 330 M M 7 18 320
28 75 43 59 -2 6 0 0.00 M M 5.8 20 10 M M 1 24 360
29 84 46 65 3 0 0 0.00 M M 3.2 14 10 M M 0 18 10
30 87 50 69 7 0 4 0.00 M M 4.1 17 20 M M 0 21 30
31 92 53 73 11 0 8 0.00 M M 4.5 17 360 M M 0 22 360
================================================================================
SM 2288 1464 149 20 0.75 M 144.9 M 110
================================================================================
AV 73.8 47.2 4.7 FASTST M M 4 MAX(MPH)
MISC ----> # 20 20 27 330
================================================================================
NOTES:
# LAST OF SEVERAL OCCURRENCES
COLUMN 17 PEAK WIND IN M.P.H.
PRELIMINARY LOCAL CLIMATOLOGICAL DATA (WS FORM: F-6) , PAGE 2
STATION: ROSEBURG OR
MONTH: MAY
YEAR: 2021
LATITUDE: 43 13 N
LONGITUDE: 123 22 W
[TEMPERATURE DATA] [PRECIPITATION DATA] SYMBOLS USED IN COLUMN 16
AVERAGE MONTHLY: 60.5 TOTAL FOR MONTH: 0.75 1 = FOG OR MIST
DPTR FM NORMAL: 1.0 DPTR FM NORMAL: -1.34 2 = FOG REDUCING VISIBILITY
HIGHEST: 92 ON 31 GRTST 24HR 0.48 ON 30- 1 TO 1/4 MILE OR LESS
LOWEST: 38 ON 8 3 = THUNDER
SNOW, ICE PELLETS, HAIL 4 = ICE PELLETS
TOTAL MONTH: M 5 = HAIL
GRTST 24HR M ON M 6 = FREEZING RAIN OR DRIZZLE
GRTST DEPTH: M ON M 7 = DUSTSTORM OR SANDSTORM:
VSBY 1/2 MILE OR LESS
8 = SMOKE OR HAZE
[NO. OF DAYS WITH] [WEATHER - DAYS WITH] 9 = BLOWING SNOW
X = TORNADO
MAX 32 OR BELOW: 0 0.01 INCH OR MORE: 6
MAX 90 OR ABOVE: 1 0.10 INCH OR MORE: 3
MIN 32 OR BELOW: 0 0.50 INCH OR MORE: 0
MIN 0 OR BELOW: 0 1.00 INCH OR MORE: 0
[HDD (BASE 65) ]
TOTAL THIS MO. 149 CLEAR (SCALE 0-3) 15
DPTR FM NORMAL -47 PTCLDY (SCALE 4-7) 12
TOTAL FM JUL 1 3535 CLOUDY (SCALE 8-10) 4
DPTR FM NORMAL -299
[CDD (BASE 65) ]
TOTAL THIS MO. 20
DPTR FM NORMAL -4 [PRESSURE DATA]
TOTAL FM JAN 1 21 HIGHEST SLP M ON M
DPTR FM NORMAL -5 LOWEST SLP 29.79 ON 5
[REMARKS]
#FINAL-05-21#