000
CXUS56 KMFR 011000
CF6RBG
PRELIMINARY LOCAL CLIMATOLOGICAL DATA (WS FORM: F-6)
STATION: ROSEBURG OR
MONTH: AUGUST
YEAR: 2020
LATITUDE: 43 13 N
LONGITUDE: 123 22 W
TEMPERATURE IN F: :PCPN: SNOW: WIND :SUNSHINE: SKY :PK WND
================================================================================
1 2 3 4 5 6A 6B 7 8 9 10 11 12 13 14 15 16 17 18
12Z AVG MX 2MIN
DY MAX MIN AVG DEP HDD CDD WTR SNW DPTH SPD SPD DIR MIN PSBL S-S WX SPD DR
================================================================================
1 89 62 76 4 0 11 0.00 M M 5.0 14 10 M M 0 19 10
2 91 59 75 3 0 10 0.00 M M 4.0 15 330 M M 0 21 330
3 89 58 74 3 0 9 0.00 0.0 0 4.6 15 360 M M 0 20 20
4 89 63 76 5 0 11 0.00 M M 5.0 15 290 M M 3 21 300
5 80 61 71 0 0 6 0.00 0.0 0 4.8 14 320 M M 5 20 340
6 75 57 66 -5 0 1 0.02 M M 3.4 15 10 M M 6 18 19 10
7 83 51 67 -4 0 2 0.00 M M 6.0 20 10 M M 0 25 360
8 85 56 71 0 0 6 0.00 M M 8.5 21 360 M M 0 26 360
9 86 59 73 2 0 8 0.00 M M 9.4 23 10 M M 0 29 10
10 96 56 76 5 0 11 0.00 M M 6.7 23 10 M M 0 28 20
11 91 60 76 5 0 11 0.00 M M 4.2 15 320 M M 0 21 330
12 84 51 68 -3 0 3 0.00 M M 3.9 16 20 M M 0 20 360
13 87 54 71 0 0 6 0.00 M M 6.1 18 360 M M 0 23 360
14 93 53 73 3 0 8 0.00 0.0 0 3.9 15 10 M M 0 20 10
15 109 61 85 15 0 20 0.00 M M 2.2 14 10 M M 0 18 320
16 95 66 81 11 0 16 T M M 2.0 10 10 M M 0 13 20
17 98 63 81 11 0 16 0.00 M M 3.4 10 320 M M 0 16 320
18 92 66 79 9 0 14 0.00 M M 7.0 17 10 M M 0 21 10
19 93 57 75 5 0 10 0.00 M M 3.2 15 340 M M 0 21 320
20 91 60 76 6 0 11 0.00 M M 3.0 14 330 M M 1 18 340
21 85 66 76 6 0 11 0.00 M M 4.3 15 10 M M 8 20 10
22 84 61 73 3 0 8 0.00 M M 5.4 17 10 M M 4 24 10
23 91 57 74 5 0 9 0.00 M M 3.4 13 330 M M 0 18 20
24 88 58 73 4 0 8 0.00 M M 4.3 14 360 M M 0 18 350
25 88 62 75 6 0 10 0.00 M M 6.4 15 360 M M 0 20 20
26 86 56 71 2 0 6 0.00 M M 5.8 21 10 M M 0 25 360
27 88 56 72 3 0 7 0.00 M M 6.9 21 10 M M 0 27 10
28 90 54 72 3 0 7 0.00 M M 5.2 17 20 M M 0 24 10
29 86 56 71 3 0 6 0.00 M M 8.2 18 20 M M 0 23 30
30 83 54 69 1 0 4 0.00 M M 8.3 24 10 M M 0 30 20
31 84 57 71 3 0 6 0.00 M M 7.3 22 350 M M 2 28 360
================================================================================
SM 2749 1810 0 272 0.02 0.0 161.8 M 29
================================================================================
AV 88.7 58.4 5.2 FASTST M M 1 MAX(MPH)
MISC ----> # 24 10 # 30 20
================================================================================
NOTES:
# LAST OF SEVERAL OCCURRENCES
COLUMN 17 PEAK WIND IN M.P.H.
PRELIMINARY LOCAL CLIMATOLOGICAL DATA (WS FORM: F-6) , PAGE 2
STATION: ROSEBURG OR
MONTH: AUGUST
YEAR: 2020
LATITUDE: 43 13 N
LONGITUDE: 123 22 W
[TEMPERATURE DATA] [PRECIPITATION DATA] SYMBOLS USED IN COLUMN 16
AVERAGE MONTHLY: 73.5 TOTAL FOR MONTH: 0.02 1 = FOG OR MIST
DPTR FM NORMAL: 3.4 DPTR FM NORMAL: -0.45 2 = FOG REDUCING VISIBILITY
HIGHEST: 109 ON 15 GRTST 24HR 0.02 ON 6- 6 TO 1/4 MILE OR LESS
LOWEST: 51 ON 12, 7 3 = THUNDER
SNOW, ICE PELLETS, HAIL 4 = ICE PELLETS
TOTAL MONTH: 0.0 INCH 5 = HAIL
GRTST 24HR 0.0 6 = FREEZING RAIN OR DRIZZLE
GRTST DEPTH: 0 7 = DUSTSTORM OR SANDSTORM:
VSBY 1/2 MILE OR LESS
8 = SMOKE OR HAZE
[NO. OF DAYS WITH] [WEATHER - DAYS WITH] 9 = BLOWING SNOW
X = TORNADO
MAX 32 OR BELOW: 0 0.01 INCH OR MORE: 1
MAX 90 OR ABOVE: 12 0.10 INCH OR MORE: 0
MIN 32 OR BELOW: 0 0.50 INCH OR MORE: 0
MIN 0 OR BELOW: 0 1.00 INCH OR MORE: 0
[HDD (BASE 65) ]
TOTAL THIS MO. 0 CLEAR (SCALE 0-3) 26
DPTR FM NORMAL -10 PTCLDY (SCALE 4-7) 4
TOTAL FM JUL 1 3 CLOUDY (SCALE 8-10) 1
DPTR FM NORMAL -18
[CDD (BASE 65) ]
TOTAL THIS MO. 272
DPTR FM NORMAL 104 [PRESSURE DATA]
TOTAL FM JAN 1 661 HIGHEST SLP 30.22 ON 9
DPTR FM NORMAL 250 LOWEST SLP 29.85 ON 15
[REMARKS]
#FINAL-08-20#