000
CXUS56 KSTO 011300
CF6RDD
PRELIMINARY LOCAL CLIMATOLOGICAL DATA (WS FORM: F-6)
STATION: REDDING CA AIRPORT AND CITY
MONTH: APRIL
YEAR: 2023
LATITUDE: 40 30 N
LONGITUDE: 122 18 W
TEMPERATURE IN F: :PCPN: SNOW: WIND :SUNSHINE: SKY :PK WND
================================================================================
1 2 3 4 5 6A 6B 7 8 9 10 11 12 13 14 15 16 17 18
12Z AVG MX 2MIN
DY MAX MIN AVG DEP HDD CDD WTR SNW DPTH SPD SPD DIR MIN PSBL S-S WX SPD DR
================================================================================
1 61 48 55 -1 10 0 0.02 M M 6.7 17 180 M M 10 M M
2 61 41 51 -5 14 0 0.00 0.0 M 6.3 14 300 M M 6 24 200
3 57 36 47 -10 18 0 0.00 0.0 M 7.4 14 300 M M 2 25 320
4 60 32 46 -11 19 0 0.00 0.0 M 5.0 10 270 M M 1 M M
5 62 34 48 -9 17 0 0.00 0.0 M 2.7 8 180 M M 3 M M
6 59 47 53 -4 12 0 0.63 M M 3.4 8 20 M M 10 1 M M
7 58 49 54 -3 11 0 0.27 M M 10.5 20 180 M M 10 30 170
8 65 46 56 -2 9 0 0.00 0.0 M 1.8 6 330 M M 5 1 M M
9 75 44 60 2 5 0 0.00 0.0 M 2.8 6 20 M M 0 M M
10 78 48 63 5 2 0 0.00 0.0 M 6.1 15 210 M M 2 23 210
11 73 56 65 7 0 0 T 0.0 M 8.9 17 180 M M 3 22 310
12 66 48 57 -1 8 0 0.00 0.0 M 12.1 23 360 M M 2 32 10
13 69 45 57 -2 8 0 0.00 0.0 M 9.6 17 350 M M 0 31 10
14 69 35 52 -7 13 0 0.00 0.0 M 2.6 10 130 M M 0 M M
15 72 42 57 -2 8 0 0.00 0.0 M 3.3 14 170 M M 0 20 170
16 71 44 58 -1 7 0 0.00 0.0 M 5.8 16 160 M M 1 21 170
17 60 45 53 -7 12 0 0.02 M M 7.2 18 180 M M 6 28 180
18 59 37 48 -12 17 0 0.00 0.0 M 5.0 12 170 M M 4 18 170
19 63 38 51 -9 14 0 0.00 0.0 M 3.3 8 300 M M 2 M M
20 72 40 56 -4 9 0 0.00 0.0 M 3.7 12 10 M M 1 M M
21 81 47 64 3 1 0 0.00 0.0 M 5.9 12 30 M M 0 8 M M
22 86 62 74 13 0 9 0.00 0.0 M 7.5 14 350 M M 0 23 360
23 84 52 68 7 0 3 0.00 0.0 M 4.0 12 150 M M 0 18 150
24 81 46 64 3 1 0 0.00 0.0 M 5.2 9 360 M M 0 M M
25 87 59 73 11 0 8 0.00 0.0 M 10.6 20 360 M M 0 8 32 360
26 92 48 70 8 0 5 0.00 0.0 M 3.4 12 10 M M 0 M M
27 96 52 74 12 0 9 0.00 0.0 M 3.0 10 350 M M 0 M M
28 92 58 75 12 0 10 0.00 0.0 M 4.2 12 150 M M 0 M M
29 90 59 75 12 0 10 0.00 0.0 M 4.1 13 200 M M 0 M M
30 81 56 69 6 0 4 0.00 0.0 M 7.7 16 170 M M 1 17 180
================================================================================
SM 2180 1394 215 58 0.94 0.0 169.8 M 69
================================================================================
AV 72.7 46.5 5.7 FASTST M M 2 MAX(MPH)
MISC ----> 23 360 # 32 10
================================================================================
NOTES:
# LAST OF SEVERAL OCCURRENCES
COLUMN 17 PEAK WIND IN M.P.H.
PRELIMINARY LOCAL CLIMATOLOGICAL DATA (WS FORM: F-6) , PAGE 2
STATION: REDDING CA AIRPORT AND CITY
MONTH: APRIL
YEAR: 2023
LATITUDE: 40 30 N
LONGITUDE: 122 18 W
[TEMPERATURE DATA] [PRECIPITATION DATA] SYMBOLS USED IN COLUMN 16
AVERAGE MONTHLY: 59.6 TOTAL FOR MONTH: 0.94 1 = FOG OR MIST
DPTR FM NORMAL: 0.2 DPTR FM NORMAL: -1.47 2 = FOG REDUCING VISIBILITY
HIGHEST: 96 ON 27 GRTST 24HR 0.89 ON 6- 7 TO 1/4 MILE OR LESS
LOWEST: 32 ON 4 3 = THUNDER
SNOW, ICE PELLETS, HAIL 4 = ICE PELLETS
TOTAL MONTH: 0.0 INCH 5 = HAIL
GRTST 24HR 0.0 6 = FREEZING RAIN OR DRIZZLE
GRTST DEPTH: M ON M 7 = DUSTSTORM OR SANDSTORM:
VSBY 1/2 MILE OR LESS
8 = SMOKE OR HAZE
[NO. OF DAYS WITH] [WEATHER - DAYS WITH] 9 = BLOWING SNOW
X = TORNADO
MAX 32 OR BELOW: 0 0.01 INCH OR MORE: 4
MAX 90 OR ABOVE: 4 0.10 INCH OR MORE: 2
MIN 32 OR BELOW: 1 0.50 INCH OR MORE: 1
MIN 0 OR BELOW: 0 1.00 INCH OR MORE: 0
[HDD (BASE 65) ]
TOTAL THIS MO. 215 CLEAR (SCALE 0-3) 22
DPTR FM NORMAL 20 PTCLDY (SCALE 4-7) 5
TOTAL FM JUL 1 2853 CLOUDY (SCALE 8-10) 3
DPTR FM NORMAL 345
[CDD (BASE 65) ]
TOTAL THIS MO. 58
DPTR FM NORMAL 31 [PRESSURE DATA]
TOTAL FM JAN 1 58 HIGHEST SLP 30.33 ON 20
DPTR FM NORMAL 27 LOWEST SLP 29.68 ON 30
[REMARKS]
#FINAL-04-23#