000
CXUS56 KSTO 091812
CLMRDD
CLIMATE REPORT
NATIONAL WEATHER SERVICE SACRAMENTO
1012 AM PST TUE JAN 09 2024
...................................
...THE SACRAMENTO CITY CLIMATE SUMMARY FOR THE MONTH OF DECEMBER 2023...
CLIMATE NORMAL PERIOD: 1991 TO 2020
CLIMATE RECORD PERIOD: 1849 TO 2024
WEATHER OBSERVED NORMAL DEPART LAST YEAR`S
VALUE DATE(S) VALUE FROM VALUE DATE(S)
NORMAL
................................................................
TEMPERATURE (F)
RECORD
HIGH 72 12/07/2020
12/05/1979
12/28/1967
LOW 17 12/11/1932
HIGHEST 67 12/22 MM MM 62 12/05
LOWEST 35 12/09 MM MM 32 12/17
12/11
12/18
AVG. MAXIMUM 61.4 56.4 5.0 53.8
AVG. MINIMUM 43.9 40.7 3.2 40.2
MEAN 52.6 48.5 4.1 47.0
DAYS MAX >= 90 0 0.0 0.0 0
DAYS MAX <= 32 0 0.0 0.0 0
DAYS MAX >= 105 0 30
DAYS MAX >= 100 0 0
DAYS MAX <= 50 0 0
DAYS MIN <= 32 0 1.9 -1.9 2
DAYS MIN <= 0 0 0.0 0.0 0
DAYS MIN >= 70 0 0
DAYS MIN <= 40 1 0
DAYS MIN <= 32 0 0
PRECIPITATION (INCHES)
RECORD
MAXIMUM 9.51 2022
MINIMUM 6.98 2021
TOTALS 4.02R 3.49 0.53 9.52
DAILY AVG. 0.13
DAYS >= .01 12 MM
DAYS >= .10 9 MM
DAYS >= .50 3 MM
DAYS >= 1.00 1 MM
DAYS >= %-5.2F 0 0
GREATEST
24 HR. TOTAL 1.07
STORM TOTAL 1.07
SNOWFALL (INCHES)
RECORDS
TOTAL MM MM
24 HR TOTAL MM
TOTALS 0.0 0.0 0.0
LIQUID EQUIV 0.00 0.00 0.00
SINCE 7/1 0.0 0.0 0.0
LIQUID 7/1 0.00
DAYS >= TRACE 0 0.0 0.0
DAYS >= 1.0 0 0.0 0.0
GREATEST
SNOW DEPTH MM
24 HR TOTAL MM
STORM TOTAL 0.0
(MM/DD(HH))
DEGREE DAYS
HEATING TOTAL 377 510 -133
SINCE 7/1 668 861 -193
COOLING TOTAL 0 0 0
SINCE 1/1 1728 1577 151
................................................................
WIND (MPH)
AVERAGE WIND SPEED MM
HIGHEST WIND SPEED/DIRECTION MM DATE MM
HIGHEST GUST SPEED/DIRECTION MM DATE MM
SKY COVER
POSSIBLE SUNSHINE (PERCENT) MM
AVERAGE SKY COVER MM
AVERAGE RH (PERCENT) MM
WEATHER CONDITIONS. NUMBER OF DAYS WITH
THUNDERSTORM 0 MIXED PRECIP 0
HEAVY RAIN 0 RAIN 0
LIGHT RAIN 0 FREEZING RAIN 0
LT FREEZING RAIN 0 HAIL 0
HEAVY SNOW 0 SNOW 0
LIGHT SNOW 0 SLEET 0
FOG 0 FOG W/VIS <= 1/4 MILE 0
HAZE 0
- INDICATES NEGATIVE NUMBERS.
R INDICATES RECORD WAS SET OR TIED.
MM INDICATES DATA IS MISSING.
T INDICATES TRACE AMOUNT.
$$