000
CXUS51 KPHI 161701
CF6RDG
PRELIMINARY LOCAL CLIMATOLOGICAL DATA (WS FORM: F-6)
STATION: READING PA
MONTH: SEPTEMBER
YEAR: 2022
LATITUDE: 40 22 N
LONGITUDE: 75 58 W
TEMPERATURE IN F: :PCPN: SNOW: WIND :SUNSHINE: SKY :PK WND
================================================================================
1 2 3 4 5 6A 6B 7 8 9 10 11 12 13 14 15 16 17 18
12Z AVG MX 2MIN
DY MAX MIN AVG DEP HDD CDD WTR SNW DPTH SPD SPD DIR MIN PSBL S-S WX SPD DR
================================================================================
1 88 62 75 3 0 10 0.00 0.0 0 6.7 18 310 M M 0 25 290
2 84 58 71 0 0 6 0.00 0.0 0 3.7 10 130 M M 0 15 130
3 88 63 76 5 0 11 0.00 0.0 0 4.2 13 200 M M 3 17 200
4 93 68 81 10 0 16 0.00 0.0 0 4.1 13 200 M M 3 17 210
5 86 70 78 8 0 13 0.75 0.0 0 2.7 14 260 M M 6 1 19 280
6 77 70 74 4 0 9 1.81 0.0 0 3.4 12 120 M M 10 18 16 120
7 70 66 68 -2 0 3 0.03 0.0 0 5.5 10 30 M M 10 18 14 110
8 81 62 72 2 0 7 0.00 0.0 0 3.7 12 350 M M 4 16 30
9 83 59 71 2 0 6 T 0.0 0 2.8 10 70 M M 0 1 16 60
10 83 57 70 1 0 5 0.00 0.0 0 2.8 12 200 M M 1 18 15 190
11 72 67 70 1 0 5 0.82 0.0 0 3.6 8 10 M M 10 18 12 70
12 83 67 75 7 0 10 0.19 0.0 0 2.1 10 310 M M 9 123 11 300
13 81 63 72 4 0 7 0.07 0.0 0 7.1 17 290 M M 4 1 21 280
14 79 56 68 0 0 3 0.00 0.0 0 5.8 16 310 M M 1 20 300
15 75 54 65 -2 0 0 0.00 0.0 0 5.0 15 340 M M 1 1 19 360
16 78 50 64 -3 1 0 0.00 0.0 0 1.6 9 280 M M 0 1 12 270
17 81 57 69 3 0 4 0.00 0.0 0 3.2 12 200 M M 0 1 17 210
18 85 60 73 7 0 8 0.00 0.0 0 4.1 13 250 M M 2 1 16 230
19 86 63 75 9 0 10 0.08 0.0 0 2.4 23 280 M M 3 13 32 260
20 81 62 72 7 0 7 0.00 0.0 0 6.6 20 300 M M 2 1 25 310
21 84 56 70 5 0 5 0.00 0.0 0 3.7 14 220 M M 0 1 17 230
22 74 56 65 0 0 0 0.08 0.0 0 10.2 30 330 M M 4 1 36 330
23 66 47 57 -7 8 0 0.00 0.0 0 14.1 28 310 M M 1 35 340
24 70 45 58 -6 7 0 0.00 0.0 0 4.6 14 300 M M 1 18 280
25 69 55 62 -1 3 0 0.77 0.0 0 2.8 22 310 M M 7 13 27 320
26 75 52 64 1 1 0 0.00 0.0 0 6.6 21 250 M M 3 12 28 250
27 70 49 60 -3 5 0 T 0.0 0 7.0 16 270 M M 3 1 21 290
28 69 46 58 -4 7 0 0.00 0.0 0 6.4 14 340 M M 5 1 20 330
29 67 49 58 -4 7 0 0.00 0.0 0 7.4 18 20 M M 1 24 30
30 62 47 55 -6 10 0 T 0.0 0 6.9 13 30 M M 1 16 50
================================================================================
SM 2340 1736 49 145 4.60 0.0 150.8 M 95
================================================================================
AV 78.0 57.9 5.0 FASTST M M 3 MAX(MPH)
MISC ----> 30 330 36 330
================================================================================
NOTES:
# LAST OF SEVERAL OCCURRENCES
COLUMN 17 PEAK WIND IN M.P.H.
PRELIMINARY LOCAL CLIMATOLOGICAL DATA (WS FORM: F-6) , PAGE 2
STATION: READING PA
MONTH: SEPTEMBER
YEAR: 2022
LATITUDE: 40 22 N
LONGITUDE: 75 58 W
[TEMPERATURE DATA] [PRECIPITATION DATA] SYMBOLS USED IN COLUMN 16
AVERAGE MONTHLY: 67.9 TOTAL FOR MONTH: 4.60 1 = FOG OR MIST
DPTR FM NORMAL: 1.0 DPTR FM NORMAL: -0.28 2 = FOG REDUCING VISIBILITY
HIGHEST: 93 ON 4 GRTST 24HR 1.81 ON 6- 6 TO 1/4 MILE OR LESS
LOWEST: 45 ON 24 3 = THUNDER
SNOW, ICE PELLETS, HAIL 4 = ICE PELLETS
TOTAL MONTH: 0.0 INCH 5 = HAIL
GRTST 24HR 0.0 6 = FREEZING RAIN OR DRIZZLE
GRTST DEPTH: 0 7 = DUSTSTORM OR SANDSTORM:
VSBY 1/2 MILE OR LESS
8 = SMOKE OR HAZE
[NO. OF DAYS WITH] [WEATHER - DAYS WITH] 9 = BLOWING SNOW
X = TORNADO
MAX 32 OR BELOW: 0 0.01 INCH OR MORE: 9
MAX 90 OR ABOVE: 1 0.10 INCH OR MORE: 5
MIN 32 OR BELOW: 0 0.50 INCH OR MORE: 4
MIN 0 OR BELOW: 0 1.00 INCH OR MORE: 1
[HDD (BASE 65) ]
TOTAL THIS MO. 49 CLEAR (SCALE 0-3) 19
DPTR FM NORMAL -11 PTCLDY (SCALE 4-7) 7
TOTAL FM JUL 1 49 CLOUDY (SCALE 8-10) 4
DPTR FM NORMAL -13
[CDD (BASE 65) ]
TOTAL THIS MO. 145
DPTR FM NORMAL 30 [PRESSURE DATA]
TOTAL FM JAN 1 1327 HIGHEST SLP M ON M
DPTR FM NORMAL 288 LOWEST SLP 29.61 ON 25
[REMARKS]
#FINAL-09-22#