000
CXUS51 KPHI 161434
CF6RDG
PRELIMINARY LOCAL CLIMATOLOGICAL DATA (WS FORM: F-6)
STATION: READING PA
MONTH: SEPTEMBER
YEAR: 2021
LATITUDE: 40 22 N
LONGITUDE: 75 58 W
TEMPERATURE IN F: :PCPN: SNOW: WIND :SUNSHINE: SKY :PK WND
================================================================================
1 2 3 4 5 6A 6B 7 8 9 10 11 12 13 14 15 16 17 18
12Z AVG MX 2MIN
DY MAX MIN AVG DEP HDD CDD WTR SNW DPTH SPD SPD DIR MIN PSBL S-S WX SPD DR
================================================================================
1 73 65 69 -3 0 4 4.95 0.0 0 8.5 26 20 M M 9 1 38 30
2 77 58 68 -3 0 3 0.00 0.0 0 9.9 20 310 M M 3 25 330
3 74 54 64 -7 1 0 0.00 0.0 0 5.1 16 330 M M 6 19 310
4 79 55 67 -4 0 2 0.00 0.0 0 3.2 10 230 M M 1 14 240
5 73 62 68 -2 0 3 0.10 0.0 0 3.5 10 210 M M 9 1 14 210
6 84 61 73 3 0 8 0.00 0.0 0 5.8 18 270 M M 3 23 280
7 83 57 70 0 0 5 0.00 0.0 0 3.1 13 190 M M 2 17 180
8 87 68 78 8 0 13 1.00 0.0 0 9.9 22 290 M M 4 3 31 290
9 75 60 68 -1 0 3 0.35 0.0 0 3.5 21 310 M M 4 1 26 320
10 75 57 66 -3 0 1 0.00 0.0 0 8.1 22 320 M M 2 26 300
11 78 52 65 -4 0 0 0.00 0.0 0 3.6 14 230 M M 1 1 20 250
12 84 61 73 5 0 8 0.00 0.0 0 5.4 16 230 M M 1 23 230
13 85 68 77 9 0 12 0.00 0.0 0 5.1 15 230 M M 2 18 18 250
14 87 65 76 8 0 11 0.00 0.0 0 4.2 13 190 M M 2 18 16 200
15 89 68 79 12 0 14 0.57 0.0 0 6.0 29 310 M M 4 138 35 300
16 81 67 74 7 0 9 T 0.0 0 5.8 15 80 M M 6 1 19 70
17 77 69 73 7 0 8 T 0.0 0 4.5 10 60 M M 8 1 14 10
18 87 68 78 12 0 13 T 0.0 0 3.7 12 320 M M 6 1 13 280
19 79 57 68 2 0 3 0.00 0.0 0 4.6 15 10 M M 0 21 360
20 79 54 67 2 0 2 0.00 0.0 0 4.7 13 140 M M 1 18 18 130
21 79 58 69 4 0 4 0.00 0.0 0 4.1 14 160 M M 4 1 19 160
22 82 70 76 11 0 11 0.02 0.0 0 10.2 21 160 M M 8 18 31 150
23 76 57 67 3 0 2 1.19 0.0 0 7.6 23 160 M M 9 13 36 140
24 72 50 61 -3 4 0 0.00 0.0 0 3.6 16 300 M M 1 12 21 300
25 76 49 63 0 2 0 0.00 0.0 0 1.4 9 230 M M 1 12 12 260
26 73 54 64 1 1 0 0.00 0.0 0 7.6 20 310 M M 2 1 28 310
27 82 51 67 4 0 2 0.00 0.0 0 5.8 23 220 M M 0 28 220
28 74 56 65 3 0 0 0.04 0.0 0 5.1 15 360 M M 5 138 19 270
29 70 50 60 -2 5 0 0.00 0.0 0 6.4 16 320 M M 4 27 330
30 69 53 61 0 4 0 0.00 0.0 0 4.4 16 330 M M 6 23 340
================================================================================
SM 2359 1774 17 141 8.22 0.0 164.4 M 114
================================================================================
AV 78.6 59.1 5.5 FASTST M M 4 MAX(MPH)
MISC ----> 29 310 38 30
================================================================================
NOTES:
# LAST OF SEVERAL OCCURRENCES
COLUMN 17 PEAK WIND IN M.P.H.
PRELIMINARY LOCAL CLIMATOLOGICAL DATA (WS FORM: F-6) , PAGE 2
STATION: READING PA
MONTH: SEPTEMBER
YEAR: 2021
LATITUDE: 40 22 N
LONGITUDE: 75 58 W
[TEMPERATURE DATA] [PRECIPITATION DATA] SYMBOLS USED IN COLUMN 16
AVERAGE MONTHLY: 68.9 TOTAL FOR MONTH: 8.22 1 = FOG OR MIST
DPTR FM NORMAL: 2.0 DPTR FM NORMAL: 3.34 2 = FOG REDUCING VISIBILITY
HIGHEST: 89 ON 15 GRTST 24HR 4.95 ON 1- 1 TO 1/4 MILE OR LESS
LOWEST: 49 ON 25 3 = THUNDER
SNOW, ICE PELLETS, HAIL 4 = ICE PELLETS
TOTAL MONTH: 0.0 INCH 5 = HAIL
GRTST 24HR 0.0 6 = FREEZING RAIN OR DRIZZLE
GRTST DEPTH: 0 7 = DUSTSTORM OR SANDSTORM:
VSBY 1/2 MILE OR LESS
8 = SMOKE OR HAZE
[NO. OF DAYS WITH] [WEATHER - DAYS WITH] 9 = BLOWING SNOW
X = TORNADO
MAX 32 OR BELOW: 0 0.01 INCH OR MORE: 8
MAX 90 OR ABOVE: 0 0.10 INCH OR MORE: 6
MIN 32 OR BELOW: 0 0.50 INCH OR MORE: 4
MIN 0 OR BELOW: 0 1.00 INCH OR MORE: 3
[HDD (BASE 65) ]
TOTAL THIS MO. 17 CLEAR (SCALE 0-3) 13
DPTR FM NORMAL -43 PTCLDY (SCALE 4-7) 14
TOTAL FM JUL 1 17 CLOUDY (SCALE 8-10) 3
DPTR FM NORMAL -45
[CDD (BASE 65) ]
TOTAL THIS MO. 141
DPTR FM NORMAL 26 [PRESSURE DATA]
TOTAL FM JAN 1 1291 HIGHEST SLP M ON M
DPTR FM NORMAL 252 LOWEST SLP 29.54 ON 1
[REMARKS]
#FINAL-09-21#