000
CXUS51 KPHI 010853
CLMRDG
CLIMATE REPORT
NATIONAL WEATHER SERVICE MOUNT HOLLY NJ
453 AM EDT THU JUN 01 2023
...................................
...THE READING PA CLIMATE SUMMARY FOR THE MONTH OF MAY 2023...
CLIMATE NORMAL PERIOD: 1991 TO 2020
CLIMATE RECORD PERIOD: 1869 TO 2023
WEATHER OBSERVED NORMAL DEPART LAST YEAR`S
VALUE DATE(S) VALUE FROM VALUE
NORMAL
..............................................................
TEMPERATURE (F)
RECORD
HIGH 96 05/20/1996
05/19/1962
05/18/1962
LOW 26 05/01/1978
HIGHEST 87 MM MM 94
LOWEST 36 MM MM 37
AVG. MAXIMUM 74.6 73.5 1.1 76.0
AVG. MINIMUM 48.2 51.5 -3.3 55.4
MEAN 61.4 62.5 -1.1 65.7
DAYS MAX >= 90 0 1.5 -1.5 3
DAYS MAX <= 32 0 0.0 0.0 0
DAYS MIN <= 32 0 0.1 -0.1 0
DAYS MIN <= 0 0 0.0 0.0 0
PRECIPITATION (INCHES)
RECORD
MAXIMUM 13.34 1894
MINIMUM 0.55 1903
TOTALS 0.09R 3.51 -3.42 5.66
DAILY AVG. 0.00 0.11 -0.11 0.18
DAYS >= .01 3 12.5 -9.5 14
DAYS >= .10 0 7.0 -7.0 12
DAYS >= .50 0 2.8 -2.8 4
DAYS >= 1.00 0 0.9 -0.9 2
GREATEST
24 HR. TOTAL 0.05 05/01 TO 05/01 1.54
DEGREE DAYS
HEATING TOTAL 128 142 -14 76
SINCE 7/1 4316 5111 -795 MM
COOLING TOTAL 24 64 -40 106
SINCE 1/1 51 75 -24 MM
..............................................................
WIND (MPH)
AVERAGE WIND SPEED 5.8
HIGHEST WIND SPEED/DIRECTION 28/200 DATE 05/01
HIGHEST GUST SPEED/DIRECTION 37/200 DATE 05/01
SKY COVER
POSSIBLE SUNSHINE (PERCENT) MM
AVERAGE SKY COVER 0.23
NUMBER OF DAYS FAIR 22
NUMBER OF DAYS PC 7
NUMBER OF DAYS CLOUDY 2
AVERAGE RH (PERCENT) 56
WEATHER CONDITIONS. NUMBER OF DAYS WITH
THUNDERSTORM 0 MIXED PRECIP 0
HEAVY RAIN 0 RAIN 0
LIGHT RAIN 7 FREEZING RAIN 0
LT FREEZING RAIN 0 HEAVY SNOW 0
SNOW 0 LIGHT SNOW 0
SLEET 0 FOG 8
FOG W/VIS <= 1/4 MILE 0 HAZE 5
- INDICATES NEGATIVE NUMBERS.
R INDICATES RECORD WAS SET OR TIED.
MM INDICATES DATA IS MISSING.
T INDICATES TRACE AMOUNT.
$$