000
CXUS56 KPDT 011810
CF6RDM
PRELIMINARY LOCAL CLIMATOLOGICAL DATA (WS FORM: F-6)
STATION: REDMOND OR
MONTH: AUGUST
YEAR: 2023
LATITUDE: 44 16 N
LONGITUDE: 121 9 W
TEMPERATURE IN F: :PCPN: SNOW: WIND :SUNSHINE: SKY :PK WND
================================================================================
1 2 3 4 5 6A 6B 7 8 9 10 11 12 13 14 15 16 17 18
12Z AVG MX 2MIN
DY MAX MIN AVG DEP HDD CDD WTR SNW DPTH SPD SPD DIR MIN PSBL S-S WX SPD DR
================================================================================
1 93 47 70 0 0 5 0.00 M M 7.3 20 300 M M 0 24 300
2 93 49 71 2 0 6 0.00 M M 7.0 18 320 M M 0 23 340
3 91 50 71 2 0 6 0.00 M M 6.4 16 360 M M 0 8 21 350
4 82 56 69 0 0 4 0.02 M M 5.5 15 90 M M 5 19 40
5 84 49 67 -2 0 2 0.00 M M 6.5 18 330 M M 3 23 330
6 80 57 69 0 0 4 0.00 M M 8.2 17 350 M M 7 21 350
7 85 56 71 2 0 6 T M M 5.5 14 300 M M 2 18 10
8 90 49 70 2 0 5 0.00 M M 6.2 14 10 M M 0 20 330
9 88 51 70 2 0 5 0.00 M M 7.6 21 320 M M 0 8 27 300
10 88 48 68 0 0 3 0.00 M M 5.6 17 310 M M 0 8 25 310
11 91 47 69 1 0 4 0.00 M M 5.1 17 340 M M 0 8 21 350
12 93 49 71 3 0 6 0.00 M M 7.3 15 40 M M 0 8 20 40
13 94 52 73 5 0 8 0.00 M M 7.0 21 330 M M 0 26 330
14 102 49 76 9 0 11 0.00 M M 4.7 15 20 M M 0 19 340
15 105 58 82 15 0 17 0.00 M M 6.5 22 270 M M 3 8 28 270
16 102 61 82 15 0 17 0.00 M M 5.5 20 200 M M 5 8 28 200
17 92 72 82 15 0 17 T M M 5.9 20 250 M M 4 8 26 260
18 92 54 73 7 0 8 0.00 M M 5.8 18 340 M M 4 8 22 350
19 86 45 66 0 0 1 0.00 M M 7.1 20 340 M M 1 8 25 340
20 86 51 69 3 0 4 0.00 M M 5.4 12 150 M M 5 8 16 140
21 83 58 71 5 0 6 0.00 M M 3.2 13 310 M M 3 38 16 310
22 79 46 63 -3 2 0 0.00 M M 6.0 18 300 M M 7 8 24 300
23 80 38 59 -7 6 0 0.00 M M 4.9 14 330 M M 0 8 20 340
24 88 40 64 -1 1 0 T M M 7.0 22 330 M M 1 26 330
25 91 53 72 7 0 7 0.00 M M 7.2 20 340 M M 1 3 27 350
26 90 52 71 6 0 6 T M M 6.3 20 320 M M 1 3 25 340
27 97 54 76 11 0 11 0.00 M M 6.3 20 290 M M 0 8 23 290
28 97 54 76 12 0 11 0.00 M M 6.8 22 300 M M 1 8 27 290
29 73 56 65 1 0 0 0.00 M M 15.5 32 290 M M 1 8 41 290
30 79 44 62 -2 3 0 0.00 M M 5.2 14 300 M M 0 8 18 290
31 69 45 57 -7 8 0 0.03 M M 5.9 20 350 M M 3 18 23 340
================================================================================
SM 2743 1590 20 180 0.05 M 200.4 M 57
================================================================================
AV 88.5 51.3 6.5 FASTST M M 2 MAX(MPH)
MISC ----> 32 290 41 290
================================================================================
NOTES:
# LAST OF SEVERAL OCCURRENCES
COLUMN 17 PEAK WIND IN M.P.H.
PRELIMINARY LOCAL CLIMATOLOGICAL DATA (WS FORM: F-6) , PAGE 2
STATION: REDMOND OR
MONTH: AUGUST
YEAR: 2023
LATITUDE: 44 16 N
LONGITUDE: 121 9 W
[TEMPERATURE DATA] [PRECIPITATION DATA] SYMBOLS USED IN COLUMN 16
AVERAGE MONTHLY: 69.9 TOTAL FOR MONTH: 0.05 1 = FOG OR MIST
DPTR FM NORMAL: 3.1 DPTR FM NORMAL: -0.41 2 = FOG REDUCING VISIBILITY
HIGHEST: 105 ON 15 GRTST 24HR 0.03 ON 31-31 TO 1/4 MILE OR LESS
LOWEST: 38 ON 23 3 = THUNDER
SNOW, ICE PELLETS, HAIL 4 = ICE PELLETS
TOTAL MONTH: M 5 = HAIL
GRTST 24HR M ON M 6 = FREEZING RAIN OR DRIZZLE
GRTST DEPTH: M ON M 7 = DUSTSTORM OR SANDSTORM:
VSBY 1/2 MILE OR LESS
8 = SMOKE OR HAZE
[NO. OF DAYS WITH] [WEATHER - DAYS WITH] 9 = BLOWING SNOW
X = TORNADO
MAX 32 OR BELOW: 0 0.01 INCH OR MORE: 2
MAX 90 OR ABOVE: 16 0.10 INCH OR MORE: 0
MIN 32 OR BELOW: 0 0.50 INCH OR MORE: 0
MIN 0 OR BELOW: 0 1.00 INCH OR MORE: 0
[HDD (BASE 65) ]
TOTAL THIS MO. 20 CLEAR (SCALE 0-3) 22
DPTR FM NORMAL -33 PTCLDY (SCALE 4-7) 9
TOTAL FM JUL 1 20 CLOUDY (SCALE 8-10) 0
DPTR FM NORMAL -77
[CDD (BASE 65) ]
TOTAL THIS MO. 180
DPTR FM NORMAL 70 [PRESSURE DATA]
TOTAL FM JAN 1 425 HIGHEST SLP 30.18 ON 6
DPTR FM NORMAL 139 LOWEST SLP 29.74 ON 21
[REMARKS]
#FINAL-08-23#