000
CXUS52 KRAH 041318 RRA
CLSRDU
CLIMATE REPORT
NATIONAL WEATHER SERVICE RALEIGH NC
817 AM EST FRI MAR 04 2022
...................................
...THE RALEIGH NC CLIMATE SUMMARY FOR THE SEASON, FROM
12/1/2021 TO 2/28/2022...
CLIMATE NORMAL PERIOD 1991 TO 2020
CLIMATE RECORD PERIOD 1887 TO 2022
WEATHER OBSERVED NORMAL DEPART LAST YEAR`S
VALUE DATE(S) VALUE FROM VALUE
NORMAL
..............................................................
TEMPERATURE (F)
RECORD
HIGH 84 02/26/1977
LOW -9 01/21/1985
HIGHEST 79 01/01
LOWEST 15 01/30
AVG. MAXIMUM 58.0 54.1 3.9
AVG. MINIMUM 35.5 33.5 2.0
MEAN 46.7 43.8 2.9
DAYS MAX >= 90 0 0.0 0.0
DAYS MAX <= 32 1 2.4 -1.4
DAYS MIN <= 32 46 47.3 -1.3
DAYS MIN <= 0 0 0.0 0.0
PRECIPITATION (INCHES)
RECORD
MAXIMUM 17.23 1984
MINIMUM 4.23 1890
TOTALS 8.96 9.60 -0.64
DAYS >= .01 25 29.1 -4.1
DAYS >= 1.00 2 2.1 -0.1
GREATEST
24 HR. TOTAL 2.76 01/02 TO 01/03
SNOWFALL (INCHES)
RECORDS
TOTAL 29.5 1893
TOTALS 2.7 4.8 -2.1
DAYS >= TRACE 8 2.9 5.1
DAYS >= 1.0 1 1.4 -0.4
GREATEST
SNOW DEPTH 2 01/21
01/22
24 HR TOTAL 2.2 01/21 TO 01/22
DEGREE DAYS
HEATING TOTAL 1643 1916 -273
SINCE 7/1 2188 2503 -315
..............................................................
WIND (MPH)
AVERAGE WIND SPEED 6.2
HIGHEST WIND SPEED/DIRECTION 36/040 DATE 01/03
HIGHEST GUST SPEED/DIRECTION 50/030 DATE 01/03
SKY COVER
POSSIBLE SUNSHINE (PERCENT) MM
AVERAGE SKY COVER 0.57
NUMBER OF DAYS FAIR 25
NUMBER OF DAYS PC 35
NUMBER OF DAYS CLOUDY 30
AVERAGE RH (PERCENT) 66
WEATHER CONDITIONS. NUMBER OF DAYS WITH
THUNDERSTORM 1 MIXED PRECIP 0
HEAVY RAIN 3 RAIN 9
LIGHT RAIN 30 FREEZING RAIN 0
LT FREEZING RAIN 1 HAIL 0
HEAVY SNOW 0 SNOW 2
LIGHT SNOW 8 SLEET 3
FOG 35 FOG W/VIS <= 1/4 MILE 5
HAZE 2
- INDICATES NEGATIVE NUMBERS.
R INDICATES RECORD WAS SET OR TIED.
MM INDICATES DATA IS MISSING.
T INDICATES TRACE AMOUNT.
&&
DJF 2021-2022 WAS THE 12TH WARMEST ON RECORD.
$$