000
CXUS56 KBOI 011002
CF6REO
PRELIMINARY LOCAL CLIMATOLOGICAL DATA (WS FORM: F-6)
STATION: ROME OR
MONTH: NOVEMBER
YEAR: 2022
LATITUDE: 42 35 N
LONGITUDE: 117 52 W
TEMPERATURE IN F: :PCPN: SNOW: WIND :SUNSHINE: SKY :PK WND
================================================================================
1 2 3 4 5 6A 6B 7 8 9 10 11 12 13 14 15 16 17 18
12Z AVG MX 2MIN
DY MAX MIN AVG DEP HDD CDD WTR SNW DPTH SPD SPD DIR MIN PSBL S-S WX SPD DR
================================================================================
1 65 35 50 7 15 0 0.00 M M 17.7 38 240 M M 0 51 200
2 47 24 36 -7 29 0 0.00 M M 9.2 21 250 M M 0 30 250
3 44 22 33 -9 32 0 0.00 M M 6.2 14 270 M M 0 22 270
4 54 34 44 2 21 0 0.06 M M 18.9 32 220 M M 0 47 230
5 52 37 45 3 20 0 0.14 M M 18.9 41 240 M M 0 53 230
6 56 19 38 -3 27 0 0.00 M M 7.3 22 210 M M 0 30 200
7 48 29 39 -2 26 0 0.06 M M 11.8 32 220 M M 0 51 220
8 45 25 35 -5 30 0 0.19 M M 9.2 24 90 M M 0 31 90
9 34 20 27 -13 38 0 0.12 M M 11.5 21 310 M M 0 31 260
10 36 15 26 -14 39 0 0.00 M M 6.1 12 160 M M 0 14 170
11 31 8 20 -19 45 0 0.00 M M 3.4 8 70 M M 0 10 70
12 34 23 29 -10 36 0 0.00 M M 4.8 9 10 M M 0 12 20
13 39 14 27 -11 38 0 0.00 M M 5.7 12 30 M M 0 15 40
14 38 12 25 -13 40 0 0.00 M M 4.5 10 40 M M 0 17 60
15 38 13 26 -12 39 0 0.00 M M 4.0 9 170 M M 0 11 20
16 44 13 29 -8 36 0 0.00 M M 4.3 9 200 M M 0 11 180
17 40 12 26 -11 39 0 0.00 M M 7.0 18 20 M M 0 24 30
18 34 14 24 -12 41 0 0.00 M M 5.4 13 10 M M 0 17 10
19 39 6 23 -13 42 0 0.00 M M 3.3 9 190 M M 0 11 160
20 38 4 21 -15 44 0 0.00 M M 4.4 10 150 M M 0 11 150
21 39 6 23 -12 42 0 0.00 M M 4.5 9 150 M M 0 10 150
22 41 10 26 -9 39 0 0.00 M M 4.4 13 220 M M 0 14 220
23 48 19 34 0 31 0 0.00 M M 5.0 16 190 M M 0 24 200
24 49 15 32 -2 33 0 0.00 M M 4.8 10 160 M M 0 12 170
25 48 15 32 -2 33 0 0.00 M M 4.6 12 170 M M 0 15 170
26 49 21 35 2 30 0 0.00 M M 6.4 13 60 M M 0 17 90
27 51 20 36 3 29 0 0.00 M M 12.2 25 240 M M 0 39 220
28 42 11 27 -6 38 0 0.13 M M 10.2 28 300 M M 0 36 240
29 34 11 23 -9 42 0 0.00 M M 6.1 17 210 M M 0 21 220
30 46 21 34 2 31 0 0.00 M M 6.9 18 200 M M 0 27 190
================================================================================
SM 1303 528 1025 0 0.70 M 228.7 M 0
================================================================================
AV 43.4 17.6 7.6 FASTST M M 0 MAX(MPH)
MISC ----> 41 240 53 230
================================================================================
NOTES:
# LAST OF SEVERAL OCCURRENCES
COLUMN 17 PEAK WIND IN M.P.H.
PRELIMINARY LOCAL CLIMATOLOGICAL DATA (WS FORM: F-6) , PAGE 2
STATION: ROME OR
MONTH: NOVEMBER
YEAR: 2022
LATITUDE: 42 35 N
LONGITUDE: 117 52 W
[TEMPERATURE DATA] [PRECIPITATION DATA] SYMBOLS USED IN COLUMN 16
AVERAGE MONTHLY: 30.5 TOTAL FOR MONTH: 0.70 1 = FOG OR MIST
DPTR FM NORMAL: -6.9 DPTR FM NORMAL: 0.16 2 = FOG REDUCING VISIBILITY
HIGHEST: 65 ON 1 GRTST 24HR 0.31 ON 8- 9 TO 1/4 MILE OR LESS
LOWEST: 4 ON 20 3 = THUNDER
SNOW, ICE PELLETS, HAIL 4 = ICE PELLETS
TOTAL MONTH: M 5 = HAIL
GRTST 24HR M ON M 6 = FREEZING RAIN OR DRIZZLE
GRTST DEPTH: M ON M 7 = DUSTSTORM OR SANDSTORM:
VSBY 1/2 MILE OR LESS
8 = SMOKE OR HAZE
[NO. OF DAYS WITH] [WEATHER - DAYS WITH] 9 = BLOWING SNOW
X = TORNADO
MAX 32 OR BELOW: 1 0.01 INCH OR MORE: 6
MAX 90 OR ABOVE: 0 0.10 INCH OR MORE: 4
MIN 32 OR BELOW: 27 0.50 INCH OR MORE: 0
MIN 0 OR BELOW: 0 1.00 INCH OR MORE: 0
[HDD (BASE 65) ]
TOTAL THIS MO. 1025 CLEAR (SCALE 0-3) 30
DPTR FM NORMAL 197 PTCLDY (SCALE 4-7) 0
TOTAL FM JUL 1 1503 CLOUDY (SCALE 8-10) 0
DPTR FM NORMAL 16
[CDD (BASE 65) ]
TOTAL THIS MO. 0
DPTR FM NORMAL 0 [PRESSURE DATA]
TOTAL FM JAN 1 1004 HIGHEST SLP M ON M
DPTR FM NORMAL 345 LOWEST SLP 29.33 ON 7
[REMARKS]
#FINAL-11-22#