000
CXUS53 KGRB 011001
CF6RHI
PRELIMINARY LOCAL CLIMATOLOGICAL DATA (WS FORM: F-6)
STATION: RHINELANDER WI
MONTH: AUGUST
YEAR: 2022
LATITUDE: 45 37 N
LONGITUDE: 89 27 W
TEMPERATURE IN F: :PCPN: SNOW: WIND :SUNSHINE: SKY :PK WND
================================================================================
1 2 3 4 5 6A 6B 7 8 9 10 11 12 13 14 15 16 17 18
12Z AVG MX 2MIN
DY MAX MIN AVG DEP HDD CDD WTR SNW DPTH SPD SPD DIR MIN PSBL S-S WX SPD DR
================================================================================
1 77 51 64 -3 1 0 0.02 0.0 0 7.3 15 330 M M 6 138 25 280
2 81 48 65 -2 0 0 0.21 0.0 0 7.4 17 260 M M 3 123 29 280
3 87 60 74 7 0 9 0.34 0.0 0 10.0 29 210 M M 3 13 45 200
4 80 54 67 0 0 2 0.00 0.0 0 1.8 7 99 M M 1 1 M M
5 85 55 70 4 0 5 0.00 0.0 0 6.8 15 190 M M 0 26 170
6 82 65 74 8 0 9 0.71 0.0 0 6.3 14 280 M M 5 13 18 220
7 75 62 69 3 0 4 T 0.0 0 5.3 15 110 M M 10 1 19 100
8 71 51 61 -5 4 0 1.30 0.0 0 5.0 12 30 M M 5 1 22 30
9 79 47 63 -3 2 0 0.00 0.0 0 4.8 13 230 M M 0 1 17 190
10 79 52 66 0 0 1 0.00 0.0 0 5.0 13 310 M M 1 20 310
11 75 49 62 -4 3 0 0.00 0.0 0 2.1 10 20 M M 1 17 10
12 68 49 59 -7 6 0 0.03 0.0 0 5.7 15 220 M M 4 3 23 190
13 63 52 58 -8 7 0 0.89 0.0 0 7.1 14 120 M M 10 13 21 120
14 67 57 62 -3 3 0 0.00 0.0 0 3.4 8 70 M M 9 1 11 80
15 76 54 65 0 0 0 0.00 0.0 0 1.3 9 90 M M 5 12 13 140
16 79 49 64 -1 1 0 0.00 0.0 0 1.3 12 140 M M 2 12 16 170
17 79 53 66 1 0 1 0.00 0.0 0 3.0 8 280 M M 2 1 17 260
18 76 59 68 3 0 3 0.00 0.0 0 6.0 18 260 M M 3 24 230
19 75 61 68 3 0 3 0.01 0.0 0 5.8 14 200 M M 7 3 21 180
20 76 61 69 5 0 4 0.02 0.0 0 4.5 13 10 M M 7 1 20 30
21 76 51 64 0 1 0 0.00 0.0 0 2.6 10 300 M M 3 1 16 330
22 80 47 64 0 1 0 0.00 0.0 0 2.7 10 280 M M 2 12 16 270
23 85 53 69 5 0 4 0.00 0.0 0 3.3 13 270 M M 2 12 23 340
24 82 57 70 6 0 5 T 0.0 0 3.6 12 220 M M 4 12 18 230
25 68 49 59 -5 6 0 0.48 0.0 0 3.8 10 40 M M 8 12 19 10
26 77 51 64 1 1 0 0.00 0.0 0 3.2 13 260 M M 4 12 17 260
27 69 52 61 -2 4 0 0.17 0.0 0 7.8 20 190 M M 4 1 36 150
28 71 63 67 4 0 2 0.23 0.0 0 6.4 16 250 M M 9 1 27 230
29 79 60 70 7 0 5 0.02 0.0 0 11.9 23 270 M M 6 35 210
30 74 56 65 3 0 0 0.00 0.0 0 9.6 18 290 M M 2 32 290
31 79 53 66 4 0 1 0.00 0.0 0 7.7 20 290 M M 1 32 280
================================================================================
SM 2370 1681 40 58 4.43 0.0 162.5 M 129
================================================================================
AV 76.5 54.2 5.2 FASTST M M 4 MAX(MPH)
MISC ----> 29 210 45 200
================================================================================
NOTES:
# LAST OF SEVERAL OCCURRENCES
COLUMN 17 PEAK WIND IN M.P.H.
PRELIMINARY LOCAL CLIMATOLOGICAL DATA (WS FORM: F-6) , PAGE 2
STATION: RHINELANDER WI
MONTH: AUGUST
YEAR: 2022
LATITUDE: 45 37 N
LONGITUDE: 89 27 W
[TEMPERATURE DATA] [PRECIPITATION DATA] SYMBOLS USED IN COLUMN 16
AVERAGE MONTHLY: 65.3 TOTAL FOR MONTH: 4.43 1 = FOG OR MIST
DPTR FM NORMAL: 0.4 DPTR FM NORMAL: 1.34 2 = FOG REDUCING VISIBILITY
HIGHEST: 87 ON 3 GRTST 24HR 1.30 ON 7- 8 TO 1/4 MILE OR LESS
LOWEST: 47 ON 22, 9 3 = THUNDER
SNOW, ICE PELLETS, HAIL 4 = ICE PELLETS
TOTAL MONTH: 0.0 INCH 5 = HAIL
GRTST 24HR 0.0 6 = FREEZING RAIN OR DRIZZLE
GRTST DEPTH: 0 7 = DUSTSTORM OR SANDSTORM:
VSBY 1/2 MILE OR LESS
8 = SMOKE OR HAZE
[NO. OF DAYS WITH] [WEATHER - DAYS WITH] 9 = BLOWING SNOW
X = TORNADO
MAX 32 OR BELOW: 0 0.01 INCH OR MORE: 13
MAX 90 OR ABOVE: 0 0.10 INCH OR MORE: 8
MIN 32 OR BELOW: 0 0.50 INCH OR MORE: 3
MIN 0 OR BELOW: 0 1.00 INCH OR MORE: 1
[HDD (BASE 65) ]
TOTAL THIS MO. 40 CLEAR (SCALE 0-3) 14
DPTR FM NORMAL -37 PTCLDY (SCALE 4-7) 12
TOTAL FM JUL 1 66 CLOUDY (SCALE 8-10) 5
DPTR FM NORMAL -61
[CDD (BASE 65) ]
TOTAL THIS MO. 58
DPTR FM NORMAL -14 [PRESSURE DATA]
TOTAL FM JAN 1 267 HIGHEST SLP 30.31 ON 12
DPTR FM NORMAL 12 LOWEST SLP 29.62 ON 3
[REMARKS]
#FINAL-08-22#