000
CXUS51 KAKQ 020349
CF6RIC
PRELIMINARY LOCAL CLIMATOLOGICAL DATA (WS FORM: F-6)
STATION: RICHMOND VA
MONTH: OCTOBER
YEAR: 2020
LATITUDE: 37 30 N
LONGITUDE: 77 20 W
TEMPERATURE IN F: :PCPN: SNOW: WIND :SUNSHINE: SKY :PK WND
================================================================================
1 2 3 4 5 6A 6B 7 8 9 10 11 12 13 14 15 16 17 18
12Z AVG MX 2MIN
DY MAX MIN AVG DEP HDD CDD WTR SNW DPTH SPD SPD DIR MIN PSBL S-S WX SPD DR
================================================================================
1 79 55 67 2 0 2 0.00 0.0 0 7.5 18 20 M M 4 24 20
2 71 51 61 -3 4 0 T 0.0 0 6.1 16 20 M M 6 21 30
3 70 47 59 -5 6 0 0.00 0.0 0 5.0 13 40 M M 2 16 40
4 70 45 58 -6 7 0 0.00 0.0 0 3.4 12 40 M M 5 16 50
5 72 50 61 -2 4 0 0.00 0.0 0 4.5 16 350 M M 5 19 360
6 76 47 62 -1 3 0 0.00 0.0 0 5.8 17 210 M M 1 21 220
7 82 54 68 6 0 3 0.00 0.0 0 10.9 23 220 M M 1 30 240
8 77 52 65 3 0 0 0.00 0.0 0 7.4 14 320 M M 1 23 320
9 72 49 61 -1 4 0 0.00 0.0 0 2.9 10 190 M M 8 15 200
10 67 61 64 3 1 0 0.45 0.0 0 6.1 14 250 M M 10 1 17 250
11 69 65 67 6 0 2 1.16 0.0 0 6.8 17 100 M M 9 12 25 110
12 71 59 65 4 0 0 0.96 0.0 0 9.7 15 10 M M 10 1 19 350
13 72 55 64 4 1 0 T 0.0 0 5.5 13 320 M M 7 1 16 10
14 74 46 60 0 5 0 0.00 0.0 0 4.3 13 220 M M 1 19 190
15 77 51 64 4 1 0 0.00 0.0 0 8.5 21 180 M M 2 24 180
16 69 52 61 1 4 0 1.15 0.0 0 8.1 28 10 M M 9 1 34 350
17 64 44 54 -5 11 0 0.00 0.0 0 5.9 16 20 M M 2 20 10
18 68 41 55 -4 10 0 0.00 0.0 0 3.4 10 110 M M 4 16 100
19 75 50 63 5 2 0 0.00 0.0 0 3.7 13 110 M M 5 1 15 110
20 78 57 68 10 0 3 0.00 0.0 0 4.2 10 190 M M 7 12 12 200
21 81 64 73 15 0 8 0.00 0.0 0 3.5 10 220 M M 7 128 14 200
22 81 58 70 12 0 5 0.00 0.0 0 2.5 13 150 M M 7 1 17 150
23 78 57 68 11 0 3 0.00 0.0 0 3.3 12 110 M M 5 12 14 140
24 84 59 72 15 0 7 0.20 0.0 0 6.6 14 20 M M 5 1 17 10
25 60 49 55 -2 10 0 0.31 0.0 0 10.1 17 30 M M 10 1 21 40
26 66 49 58 2 7 0 T 0.0 0 6.3 13 340 M M 9 12 16 350
27 63 55 59 3 6 0 T 0.0 0 3.5 8 200 M M 10 12 10 160
28 75 60 68 12 0 3 T 0.0 0 8.9 20 230 M M 10 1 24 220
29 77 54 66 10 0 1 1.00 0.0 0 11.7 32 210 M M 6 1 42 200
30 63 47 55 0 10 0 0.40 0.0 0 11.8 23 340 M M 7 1 31 340
31 56 40 48 -7 17 0 0.00 0.0 0 5.7 15 360 M M 3 20 360
================================================================================
SM 2237 1623 113 37 5.63 0.0 193.6 M 178
================================================================================
AV 72.2 52.4 6.2 FASTST M M 6 MAX(MPH)
MISC ----> # 32 210 # 42 200
================================================================================
NOTES:
# LAST OF SEVERAL OCCURRENCES
COLUMN 17 PEAK WIND IN M.P.H.
PRELIMINARY LOCAL CLIMATOLOGICAL DATA (WS FORM: F-6) , PAGE 2
STATION: RICHMOND VA
MONTH: OCTOBER
YEAR: 2020
LATITUDE: 37 30 N
LONGITUDE: 77 20 W
[TEMPERATURE DATA] [PRECIPITATION DATA] SYMBOLS USED IN COLUMN 16
AVERAGE MONTHLY: 62.3 TOTAL FOR MONTH: 5.63 1 = FOG OR MIST
DPTR FM NORMAL: 2.6 DPTR FM NORMAL: 2.65 2 = FOG REDUCING VISIBILITY
HIGHEST: 84 ON 24 GRTST 24HR 1.16 ON 11-11 TO 1/4 MILE OR LESS
LOWEST: 40 ON 31 3 = THUNDER
SNOW, ICE PELLETS, HAIL 4 = ICE PELLETS
TOTAL MONTH: 0.0 INCH 5 = HAIL
GRTST 24HR 0.0 6 = FREEZING RAIN OR DRIZZLE
GRTST DEPTH: 0 7 = DUSTSTORM OR SANDSTORM:
VSBY 1/2 MILE OR LESS
8 = SMOKE OR HAZE
[NO. OF DAYS WITH] [WEATHER - DAYS WITH] 9 = BLOWING SNOW
X = TORNADO
MAX 32 OR BELOW: 0 0.01 INCH OR MORE: 8
MAX 90 OR ABOVE: 0 0.10 INCH OR MORE: 8
MIN 32 OR BELOW: 0 0.50 INCH OR MORE: 4
MIN 0 OR BELOW: 0 1.00 INCH OR MORE: 3
[HDD (BASE 65) ]
TOTAL THIS MO. 113 CLEAR (SCALE 0-3) 7
DPTR FM NORMAL -91 PTCLDY (SCALE 4-7) 15
TOTAL FM JUL 1 147 CLOUDY (SCALE 8-10) 9
DPTR FM NORMAL -86
[CDD (BASE 65) ]
TOTAL THIS MO. 37
DPTR FM NORMAL -2 [PRESSURE DATA]
TOTAL FM JAN 1 1690 HIGHEST SLP 30.55 ON 31
DPTR FM NORMAL 147 LOWEST SLP 29.34 ON 29
[REMARKS]
#FINAL-10-20#