000
CXUS56 KSGX 011145
CF6RIV
PRELIMINARY LOCAL CLIMATOLOGICAL DATA (WS FORM: F-6)
STATION: RIVERSIDE/MARCH ARB CA
MONTH: FEBRUARY
YEAR: 2024
LATITUDE: 33 53 N
LONGITUDE: 117-15 E
TEMPERATURE IN F: :PCPN: SNOW: WIND :SUNSHINE: SKY :PK WND
================================================================================
1 2 3 4 5 6A 6B 7 8 9 10 11 12 13 14 15 16 17 18
12Z AVG MX 2MIN
DY MAX MIN AVG DEP HDD CDD WTR SNW DPTH SPD SPD DIR MIN PSBL S-S WX SPD DR
================================================================================
1 54 43 49 -2 16 0 0.65 M M 5.9 15 130 M M 8 1 M M
2 58 42 50 -1 15 0 0.04 M M 4.7 10 260 M M 6 17 260
3 57 35 46 -5 19 0 0.04 M M 1.7 6 320 M M 6 12 M M
4 60 44 52 1 13 0 0.07 M M 7.7 16 120 M M 7 24 140
5 53 49 51 0 14 0 2.06 M M 8.3 18 140 M M 10 1 M M
6 51 44 48 -3 17 0 0.96 M M 7.0 12 110 M M 9 1 M M
7 55 44 50 -1 15 0 0.34 M M 6.3 17 140 M M 9 1 21 150
8 53 38 46 -5 19 0 0.02 M M 5.2 12 310 M M 7 1 17 270
9 55 41 48 -3 17 0 T M M 3.9 7 190 M M 6 M M
10 59 36 48 -3 17 0 0.00 M M 10.7 24 360 M M 1 37 340
11 61 29 45 -6 20 0 0.00 M M 1.3 6 20 M M 0 M M
12 65 32 49 -3 16 0 0.00 M M 2.9 10 110 M M 0 M M
13 64 32 48 -4 17 0 0.00 M M 2.8 9 330 M M 1 1 M M
14 61 42 52 0 13 0 0.00 M M 2.7 8 150 M M 4 1 M M
15 64 37 51 -1 14 0 0.00 M M 2.6 8 320 M M 2 1 M M
16 68 43 56 4 9 0 0.00 M M 2.2 10 320 M M 5 128 M M
17 63 45 54 2 11 0 0.00 M M 3.5 8 310 M M 6 12 M M
18 63 44 54 2 11 0 0.00 M M 2.2 8 350 M M 4 M M
19 59 46 53 1 12 0 0.07 M M 7.8 15 180 M M 8 1 M M
20 56 51 54 2 11 0 1.22 M M 5.2 12 130 M M 10 1 M M
21 61 47 54 2 11 0 0.26 M M 1.7 12 200 M M 7 1 M M
22 66 45 56 3 9 0 0.00 M M 2.1 8 310 M M 4 12 M M
23 72 43 58 5 7 0 0.00 M M 4.0 10 80 M M 0 M M
24 72 46 59 6 6 0 0.00 M M 1.2 5 150 M M 1 M M
25 68 44 56 3 9 0 0.00 M M 2.6 9 330 M M 1 M M
26 60 48 54 1 11 0 T M M 2.6 7 360 M M 6 M M
27 64 46 55 2 10 0 0.08 M M 2.7 8 320 M M 6 1 M M
28 71 39 55 1 10 0 T M M 3.4 10 320 M M 1 18 M M
29 61 51 56 2 9 0 0.01 M M 3.8 13 320 M M 9 1 M M
================================================================================
SM 1774 1226 378 0 5.82 M 118.8 M 144
================================================================================
AV 61.2 42.3 4.1 FASTST M M 5 MAX(MPH)
MISC ----> 24 360 37 340
================================================================================
NOTES:
# LAST OF SEVERAL OCCURRENCES
COLUMN 17 PEAK WIND IN M.P.H.
PRELIMINARY LOCAL CLIMATOLOGICAL DATA (WS FORM: F-6) , PAGE 2
STATION: RIVERSIDE/MARCH ARB CA
MONTH: FEBRUARY
YEAR: 2024
LATITUDE: 33 53 N
LONGITUDE: 117-15 E
[TEMPERATURE DATA] [PRECIPITATION DATA] SYMBOLS USED IN COLUMN 16
AVERAGE MONTHLY: 51.7 TOTAL FOR MONTH: 5.82 1 = FOG OR MIST
DPTR FM NORMAL: -0.3 DPTR FM NORMAL: 3.39 2 = FOG REDUCING VISIBILITY
HIGHEST: 72 ON 24,23 GRTST 24HR 2.06 ON 5- 5 TO 1/4 MILE OR LESS
LOWEST: 29 ON 11 3 = THUNDER
SNOW, ICE PELLETS, HAIL 4 = ICE PELLETS
TOTAL MONTH: M 5 = HAIL
GRTST 24HR M ON M 6 = FREEZING RAIN OR DRIZZLE
GRTST DEPTH: M ON M 7 = DUSTSTORM OR SANDSTORM:
VSBY 1/2 MILE OR LESS
8 = SMOKE OR HAZE
[NO. OF DAYS WITH] [WEATHER - DAYS WITH] 9 = BLOWING SNOW
X = TORNADO
MAX 32 OR BELOW: 0 0.01 INCH OR MORE: 13
MAX 90 OR ABOVE: 0 0.10 INCH OR MORE: 6
MIN 32 OR BELOW: 3 0.50 INCH OR MORE: 4
MIN 0 OR BELOW: 0 1.00 INCH OR MORE: 2
[HDD (BASE 65) ]
TOTAL THIS MO. 378 CLEAR (SCALE 0-3) 9
DPTR FM NORMAL 13 PTCLDY (SCALE 4-7) 14
TOTAL FM JUL 1 1327 CLOUDY (SCALE 8-10) 6
DPTR FM NORMAL -241
[CDD (BASE 65) ]
TOTAL THIS MO. 0
DPTR FM NORMAL 0 [PRESSURE DATA]
TOTAL FM JAN 1 0 HIGHEST SLP M ON M
DPTR FM NORMAL 0 LOWEST SLP M ON M
[REMARKS]
#FINAL-02-24#