000
CXUS56 KSGX 011045
CF6RIV
PRELIMINARY LOCAL CLIMATOLOGICAL DATA (WS FORM: F-6)
STATION: RIVERSIDE/MARCH ARB CA
MONTH: APRIL
YEAR: 2022
LATITUDE: 33 53 N
LONGITUDE: 117-15 E
TEMPERATURE IN F: :PCPN: SNOW: WIND :SUNSHINE: SKY :PK WND
================================================================================
1 2 3 4 5 6A 6B 7 8 9 10 11 12 13 14 15 16 17 18
12Z AVG MX 2MIN
DY MAX MIN AVG DEP HDD CDD WTR SNW DPTH SPD SPD DIR MIN PSBL S-S WX SPD DR
================================================================================
1 73 52 63 M 2 0 0.00 M M 5.7 12 310 M M 4 M M
2 68 48 58 M 7 0 0.00 M M 4.7 13 310 M M 7 M M
3 64 52 58 M 7 0 0.00 M M 6.1 10 330 M M 9 8 M M
4 77 44 61 M 4 0 0.00 M M 3.4 13 330 M M 2 1 M M
5 82 47 65 M 0 0 0.00 M M 2.4 8 310 M M 0 18 M M
6 94 51 73 M 0 8 0.00 M M 4.9 14 40 M M 0 17 80
7 93 60 77 M 0 12 0.00 M M 7.5 13 80 M M 0 21 80
8 96 56 76 M 0 11 0.00 M M 5.4 13 290 M M 0 21 290
9 90 52 71 M 0 6 0.00 M M 5.8 16 330 M M 0 M M
10 73 55 64 M 1 0 0.00 M M 6.5 13 320 M M 5 17 330
11 68 53 61 M 4 0 0.00 M M 8.5 16 340 M M 7 23 340
12 67 44 56 M 9 0 0.00 M M 6.5 15 360 M M 3 22 300
13 72 36 54 M 11 0 0.00 M M 4.9 12 300 M M 0 17 360
14 74 39 57 M 8 0 0.00 M M 4.3 14 310 M M 0 18 310
15 72 41 57 M 8 0 T M M 5.8 14 310 M M 0 21 270
16 61 49 55 M 10 0 0.00 M M 5.5 13 310 M M 4 M M
17 76 54 65 M 0 0 0.00 M M 5.7 14 310 M M 3 17 310
18 84 55 70 M 0 5 0.00 M M 6.3 14 300 M M 5 17 290
19 78 57 68 M 0 3 0.00 M M 7.1 17 310 M M 4 23 310
20 73 55 64 M 1 0 0.00 M M 8.6 15 320 M M 4 23 300
21 71 44 58 M 7 0 0.00 M M 6.3 18 300 M M 2 27 300
22 62 47 55 M 10 0 0.11 M M 8.3 17 290 M M 7 18 27 290
23 77 42 60 M 5 0 0.00 M M 7.5 16 330 M M 0 24 330
24 80 55 68 M 0 3 0.00 M M 6.5 16 330 M M 0 24 290
25 87 44 66 M 0 1 0.00 M M 5.9 14 70 M M 3 20 290
26 82 53 68 M 0 3 0.00 M M 5.1 14 310 M M 7 M M
27 77 54 66 M 0 1 0.00 M M 6.8 17 310 M M 2 1 M M
28 69 51 60 M 5 0 0.00 M M 6.0 13 310 M M 6 1 M M
29 80 47 64 M 1 0 0.00 M M 5.0 13 300 M M 2 17 310
30 85 48 67 M 0 2 0.00 M M 5.6 17 320 M M 0 20 300
================================================================================
SM 2305 1485 100 55 0.11 M 178.5 M 86
================================================================================
AV 76.8 49.5 5.9 FASTST M M 3 MAX(MPH)
MISC ----> 18 300 # 27 300
================================================================================
NOTES:
# LAST OF SEVERAL OCCURRENCES
COLUMN 17 PEAK WIND IN M.P.H.
PRELIMINARY LOCAL CLIMATOLOGICAL DATA (WS FORM: F-6) , PAGE 2
STATION: RIVERSIDE/MARCH ARB CA
MONTH: APRIL
YEAR: 2022
LATITUDE: 33 53 N
LONGITUDE: 117-15 E
[TEMPERATURE DATA] [PRECIPITATION DATA] SYMBOLS USED IN COLUMN 16
AVERAGE MONTHLY: 63.2 TOTAL FOR MONTH: 0.11 1 = FOG OR MIST
DPTR FM NORMAL: 0.0 DPTR FM NORMAL: M 2 = FOG REDUCING VISIBILITY
HIGHEST: 96 ON 8 GRTST 24HR 0.11 ON 22-22 TO 1/4 MILE OR LESS
LOWEST: 36 ON 13 3 = THUNDER
SNOW, ICE PELLETS, HAIL 4 = ICE PELLETS
TOTAL MONTH: M 5 = HAIL
GRTST 24HR M ON M 6 = FREEZING RAIN OR DRIZZLE
GRTST DEPTH: M ON M 7 = DUSTSTORM OR SANDSTORM:
VSBY 1/2 MILE OR LESS
8 = SMOKE OR HAZE
[NO. OF DAYS WITH] [WEATHER - DAYS WITH] 9 = BLOWING SNOW
X = TORNADO
MAX 32 OR BELOW: 0 0.01 INCH OR MORE: 1
MAX 90 OR ABOVE: 4 0.10 INCH OR MORE: 1
MIN 32 OR BELOW: 0 0.50 INCH OR MORE: 0
MIN 0 OR BELOW: 0 1.00 INCH OR MORE: 0
[HDD (BASE 65) ]
TOTAL THIS MO. 100 CLEAR (SCALE 0-3) 17
DPTR FM NORMAL M PTCLDY (SCALE 4-7) 12
TOTAL FM JUL 1 1602 CLOUDY (SCALE 8-10) 1
DPTR FM NORMAL M
[CDD (BASE 65) ]
TOTAL THIS MO. 55
DPTR FM NORMAL M [PRESSURE DATA]
TOTAL FM JAN 1 67 HIGHEST SLP M ON M
DPTR FM NORMAL M LOWEST SLP M ON M
[REMARKS]
#FINAL-04-22#