000
CXUS54 KCRP 011636
CF6RKP
PRELIMINARY LOCAL CLIMATOLOGICAL DATA (WS FORM: F-6)
STATION: ROCKPORT
MONTH: NOVEMBER
YEAR: 2022
LATITUDE: 28 4 N
LONGITUDE: 97 3 W
TEMPERATURE IN F: :PCPN: SNOW: WIND :SUNSHINE: SKY :PK WND
================================================================================
1 2 3 4 5 6A 6B 7 8 9 10 11 12 13 14 15 16 17 18
12Z AVG MX 2MIN
DY MAX MIN AVG DEP HDD CDD WTR SNW DPTH SPD SPD DIR MIN PSBL S-S WX SPD DR
================================================================================
1 73 61 67 -4 0 2 2.91 0.0 0 13.6 25 60 M M 10 3 33 60
2 72 60 66 -5 0 1 0.00 0.0 0 9.0 15 30 M M 10 18 20 20
3 M M M M M M 0.00 0.0 0 7.8 16 140 M M 4 18 21 150
4 85 69 77 7 0 12 T 0.0 0 12.7 22 150 M M 5 35 160
5 78 59 69 -1 0 4 0.01 0.0 M 10.4 29 10 M M 4 45 10
6 84 70 77 8 0 12 T 0.0 0 7.3 16 160 M M 4 24 180
7 81 71 76 7 0 11 0.00 0.0 0 10.0 17 100 M M 2 23 110
8 78 71 75 6 0 10 T 0.0 0 11.0 17 110 M M 4 23 110
9 82 70 76 8 0 11 0.05 0.0 0 11.1 17 110 M M 3 24 110
10 80 69 75 7 0 10 0.00 0.0 0 7.0 14 120 M M 1 18 130
11 81 48 65 -3 0 0 0.03 0.0 0 10.8 29 360 M M 4 3 52 10
12 64 45 55 -12 10 0 0.00 0.0 0 14.5 25 350 M M 3 47 10
13 63 43 53 -14 12 0 0.00 0.0 0 12.2 17 60 M M 7 24 50
14 77 50 64 -3 1 0 0.05 0.0 0 10.5 23 10 M M 9 33 10
15 57 44 51 -15 14 0 0.00 0.0 0 13.1 23 360 M M 5 35 10
16 49 43 46 -20 19 0 0.00 0.0 0 12.2 18 30 M M 9 26 10
17 55 47 51 -15 14 0 T 0.0 0 10.5 16 60 M M 10 24 60
18 59 50 55 -11 10 0 T 0.0 0 14.2 22 40 M M 10 32 40
19 50 42 46 -19 19 0 0.29 0.0 0 21.1 30 20 M M 10 3 47 20
20 52 41 47 -18 18 0 T 0.0 0 13.1 21 360 M M 10 28 10
21 47 44 46 -19 19 0 0.05 0.0 0 13.5 22 10 M M 10 29 10
22 53 44 49 -15 16 0 0.10 0.0 0 9.9 15 10 M M 10 21 360
23 64 48 56 -8 9 0 0.00 0.0 0 9.1 15 80 M M 8 18 22 80
24 79 M M M M M T 0.0 0 5.8 18 30 M M 9 18 26 40
25 61 59 60 -4 5 0 0.14 0.0 0 12.0 20 60 M M 10 3 26 60
26 65 48 57 -6 8 0 0.06 0.0 0 12.8 22 320 M M 4 37 320
27 74 52 63 0 2 0 0.00 0.0 0 4.4 10 150 M M 0 1 14 150
28 69 56 63 0 2 0 0.00 0.0 0 6.1 10 130 M M 9 1 16 130
29 76 68 72 9 0 7 0.00 0.0 0 7.4 15 180 M M 5 1 25 200
30 65 50 58 -4 7 0 0.00 0.0 0 14.8 24 20 M M 0 36 360
================================================================================
SM 1973 1522 185 80 3.69 0.0 327.9 M 189
================================================================================
AV 68.0 54.4 10.9 FASTST M M 6 MAX(MPH)
MISC ----> 30 20 52 10
================================================================================
NOTES:
# LAST OF SEVERAL OCCURRENCES
COLUMN 17 PEAK WIND IN M.P.H.
PRELIMINARY LOCAL CLIMATOLOGICAL DATA (WS FORM: F-6) , PAGE 2
STATION: ROCKPORT
MONTH: NOVEMBER
YEAR: 2022
LATITUDE: 28 4 N
LONGITUDE: 97 3 W
[TEMPERATURE DATA] [PRECIPITATION DATA] SYMBOLS USED IN COLUMN 16
AVERAGE MONTHLY: 61.2 TOTAL FOR MONTH: 3.69 1 = FOG OR MIST
DPTR FM NORMAL: -5.3 DPTR FM NORMAL: 1.26 2 = FOG REDUCING VISIBILITY
HIGHEST: 85 ON 4 GRTST 24HR 2.91 ON 1- 1 TO 1/4 MILE OR LESS
LOWEST: 41 ON 20 3 = THUNDER
SNOW, ICE PELLETS, HAIL 4 = ICE PELLETS
TOTAL MONTH: 0.0 INCH 5 = HAIL
GRTST 24HR 0.0 6 = FREEZING RAIN OR DRIZZLE
GRTST DEPTH: 0 7 = DUSTSTORM OR SANDSTORM:
VSBY 1/2 MILE OR LESS
8 = SMOKE OR HAZE
[NO. OF DAYS WITH] [WEATHER - DAYS WITH] 9 = BLOWING SNOW
X = TORNADO
MAX 32 OR BELOW: 0 0.01 INCH OR MORE: 10
MAX 90 OR ABOVE: 0 0.10 INCH OR MORE: 4
MIN 32 OR BELOW: 0 0.50 INCH OR MORE: 1
MIN 0 OR BELOW: 0 1.00 INCH OR MORE: 1
[HDD (BASE 65) ]
TOTAL THIS MO. 185 CLEAR (SCALE 0-3) 5
DPTR FM NORMAL 98 PTCLDY (SCALE 4-7) 12
TOTAL FM JUL 1 187 CLOUDY (SCALE 8-10) 13
DPTR FM NORMAL 91
[CDD (BASE 65) ]
TOTAL THIS MO. 80
DPTR FM NORMAL -52 [PRESSURE DATA]
TOTAL FM JAN 1 4095 HIGHEST SLP 30.47 ON 20
DPTR FM NORMAL 366 LOWEST SLP 29.71 ON 29
[REMARKS]
#FINAL-11-22#