000
CXUS54 KCRP 021745
CF6RKP
PRELIMINARY LOCAL CLIMATOLOGICAL DATA (WS FORM: F-6)
STATION: ROCKPORT
MONTH: JANUARY
YEAR: 2024
LATITUDE: 28 4 N
LONGITUDE: 97 3 W
TEMPERATURE IN F: :PCPN: SNOW: WIND :SUNSHINE: SKY :PK WND
================================================================================
1 2 3 4 5 6A 6B 7 8 9 10 11 12 13 14 15 16 17 18
12Z AVG MX 2MIN
DY MAX MIN AVG DEP HDD CDD WTR SNW DPTH SPD SPD DIR MIN PSBL S-S WX SPD DR
================================================================================
1 67 53 60 3 5 0 0.00 0.0 0 7.5 17 10 M M 9 128 23 20
2 64 53 59 2 6 0 1.65 0.0 0 13.9 24 60 M M 9 138 33 60
3 56 49 53 -4 12 0 0.00 0.0 0 11.7 21 330 M M 10 1 26 330
4 68 49 59 2 6 0 T 0.0 0 9.0 20 80 M M 8 18 26 80
5 70 51 61 4 4 0 0.66 0.0 0 8.6 22 320 M M 5 13 35 310
6 67 43 55 -2 10 0 0.00 0.0 0 5.0 12 360 M M 1 14 360
7 71 52 62 5 3 0 0.00 0.0 0 11.6 22 140 M M 3 31 140
8 75 57 66 10 0 1 T 0.0 0 14.9 30 360 M M 8 138 43 190
9 65 40 53 -3 12 0 0.00 0.0 0 11.9 26 320 M M 1 41 310
10 70 41 56 0 9 0 0.00 0.0 0 6.6 16 180 M M 0 27 180
11 74 61 68 12 0 3 0.00 0.0 0 10.6 20 180 M M 4 18 37 170
12 69 50 60 3 5 0 0.00 0.0 0 16.4 31 330 M M 2 18 41 320
13 69 50 60 3 5 0 0.00 0.0 0 8.1 15 140 M M 0 22 170
14 58 35 47 -10 18 0 0.00 0.0 0 11.6 20 20 M M 5 1 28 10
15 35 26 31 -26 34 0 T T 0 16.4 25 350 M M 10 1468 35 10
16 39 23 31 -26 34 0 0.00 0.0 0 16.2 28 350 M M 1 40 350
17 46 25 36 -21 29 0 0.00 0.0 0 6.0 10 350 M M 6 15 20
18 72 45 59 2 6 0 0.00 0.0 0 4.5 10 340 M M 6 18 16 230
19 62 39 51 -6 14 0 0.00 0.0 0 12.9 28 30 M M 2 12 39 30
20 47 33 40 -17 25 0 0.00 0.0 0 12.7 22 10 M M 7 30 20
21 57 45 51 -6 14 0 0.14 0.0 0 14.3 24 40 M M 10 18 29 50
22 67 54 61 4 4 0 0.36 0.0 0 6.5 16 190 M M 9 1238 30 160
23 69 61 65 8 0 0 T 0.0 0 8.9 14 140 M M 9 12 20 150
24 69 58 64 6 1 0 0.87 0.0 0 12.1 29 90 M M 10 123 38 80
25 71 53 62 4 3 0 0.05 0.0 0 6.7 17 340 M M 3 1 26 320
26 66 58 62 4 3 0 0.00 0.0 0 6.9 15 80 M M 9 18 20 80
27 70 47 59 1 6 0 0.00 0.0 0 12.0 21 340 M M M 1 29 330
28 71 46 59 1 6 0 0.00 0.0 0 7.6 16 360 M M M 23 360
29 68 40 54 -4 11 0 0.00 0.0 0 4.9 12 150 M M 0 15 130
30 71 47 59 1 6 0 0.00 0.0 0 3.6 12 110 M M 0 15 120
31 69 44 57 -2 8 0 0.00 0.0 0 4.6 9 130 M M 0 12 12 140
================================================================================
SM 1992 1428 299 4 3.73 T 304.2 M 147
================================================================================
AV 64.3 46.1 9.8 FASTST M M 5 MAX(MPH)
MISC ----> 31 330 43 190
================================================================================
NOTES:
# LAST OF SEVERAL OCCURRENCES
COLUMN 17 PEAK WIND IN M.P.H.
PRELIMINARY LOCAL CLIMATOLOGICAL DATA (WS FORM: F-6) , PAGE 2
STATION: ROCKPORT
MONTH: JANUARY
YEAR: 2024
LATITUDE: 28 4 N
LONGITUDE: 97 3 W
[TEMPERATURE DATA] [PRECIPITATION DATA] SYMBOLS USED IN COLUMN 16
AVERAGE MONTHLY: 55.2 TOTAL FOR MONTH: 3.73 1 = FOG OR MIST
DPTR FM NORMAL: -1.9 DPTR FM NORMAL: 2.01 2 = FOG REDUCING VISIBILITY
HIGHEST: 75 ON 8 GRTST 24HR 1.65 ON 2- 2 TO 1/4 MILE OR LESS
LOWEST: 23 ON 16 3 = THUNDER
SNOW, ICE PELLETS, HAIL 4 = ICE PELLETS
TOTAL MONTH: T 5 = HAIL
GRTST 24HR T ON 15-15 6 = FREEZING RAIN OR DRIZZLE
GRTST DEPTH: 0 7 = DUSTSTORM OR SANDSTORM:
VSBY 1/2 MILE OR LESS
8 = SMOKE OR HAZE
[NO. OF DAYS WITH] [WEATHER - DAYS WITH] 9 = BLOWING SNOW
X = TORNADO
MAX 32 OR BELOW: 0 0.01 INCH OR MORE: 6
MAX 90 OR ABOVE: 0 0.10 INCH OR MORE: 5
MIN 32 OR BELOW: 3 0.50 INCH OR MORE: 3
MIN 0 OR BELOW: 0 1.00 INCH OR MORE: 1
[HDD (BASE 65) ]
TOTAL THIS MO. 299 CLEAR (SCALE 0-3) 12
DPTR FM NORMAL 29 PTCLDY (SCALE 4-7) 7
TOTAL FM JUL 1 561 CLOUDY (SCALE 8-10) 12
DPTR FM NORMAL -26
[CDD (BASE 65) ]
TOTAL THIS MO. 4
DPTR FM NORMAL -21 [PRESSURE DATA]
TOTAL FM JAN 1 4 HIGHEST SLP 30.54 ON 20
DPTR FM NORMAL -21 LOWEST SLP 29.45 ON 8
[REMARKS]
#FINAL-01-24#