000
CXUS52 KFFC 011010
CF6RMG
PRELIMINARY LOCAL CLIMATOLOGICAL DATA (WS FORM: F-6)
STATION: ROME
MONTH: MAY
YEAR: 2021
LATITUDE: 34 20 N
LONGITUDE: 85 10 W
TEMPERATURE IN F: :PCPN: SNOW: WIND :SUNSHINE: SKY :PK WND
================================================================================
1 2 3 4 5 6A 6B 7 8 9 10 11 12 13 14 15 16 17 18
12Z AVG MX 2MIN
DY MAX MIN AVG DEP HDD CDD WTR SNW DPTH SPD SPD DIR MIN PSBL S-S WX SPD DR
================================================================================
1 82 47 65 -1 0 0 0.00 0.0 M 2.8 12 70 M M 0 15 50
2 82 51 67 1 0 2 T M M 3.2 16 170 M M 5 21 170
3 77 66 72 6 0 7 0.40 0.0 M 3.5 10 190 M M 7 13 15 180
4 77 65 71 5 0 6 2.00 0.0 M 5.0 23 300 M M 8 13 35 300
5 77 56 67 0 0 2 0.00 0.0 M 7.5 16 290 M M 7 12 24 280
6 74 47 61 -6 4 0 0.00 0.0 M 6.4 25 300 M M 1 37 300
7 70 46 58 -9 7 0 0.00 0.0 M 6.6 20 320 M M 0 31 20
8 76 45 61 -6 4 0 0.00 M M 2.2 10 230 M M 4 16 270
9 86 48 67 -1 0 2 1.01 M M 5.5 20 180 M M 3 13 32 240
10 74 62 68 0 0 3 0.17 M M 4.2 12 350 M M 8 13 15 80
11 74 59 67 -1 0 2 0.00 0.0 M 5.1 17 20 M M 5 22 20
12 63 48 56 -12 9 0 0.13 M M 6.0 15 10 M M 9 18 20 20
13 73 45 59 -10 6 0 0.00 M M 3.1 13 20 M M 3 12 19 50
14 76 44 60 -9 5 0 0.00 M M 0.8 8 290 M M 1 12 290
15 80 48 64 -5 1 0 0.00 M M 1.6 10 250 M M 2 16 240
16 83 52 68 -2 0 3 0.00 0.0 M 1.7 12 220 M M 2 17 250
17 82 54 68 -2 0 3 0.00 0.0 M 4.1 15 150 M M 1 20 130
18 79 65 72 2 0 7 0.00 0.0 M 7.5 16 110 M M 3 23 120
19 82 67 75 5 0 10 0.00 0.0 M 8.2 17 140 M M 1 27 100
20 84 61 73 2 0 8 0.00 0.0 M 6.6 18 110 M M 1 27 110
21 87 56 72 1 0 7 0.00 M M 3.8 15 130 M M 0 23 120
22 88 58 73 2 0 8 0.00 M M 1.7 10 50 M M 0 14 50
23 91 60 76 4 0 11 0.00 M M 2.4 10 10 M M 0 18 15 10
24 93 61 77 5 0 12 0.00 M M 1.6 10 320 M M 0 1 17 20
25 93 63 78 6 0 13 0.00 M M 1.1 12 260 M M 1 18 17 280
26 91 63 77 5 0 12 0.00 M M 3.8 13 240 M M 1 18 23 220
27 86 67 77 5 0 12 0.00 M M 3.8 14 180 M M 5 19 180
28 87 65 76 3 0 11 0.08 M M 4.9 25 310 M M 5 13 39 300
29 76 59 68 -5 0 3 0.00 M M 8.2 20 20 M M 6 28 280
30 77 56 67 -6 0 2 0.00 M M 9.2 21 10 M M 4 26 20
31 82 50 66 -8 0 1 0.00 M M 3.4 12 140 M M 1 16 150
================================================================================
SM 2502 1734 36 147 3.79 0.0 135.5 M 94
================================================================================
AV 80.7 55.9 4.4 FASTST M M 3 MAX(MPH)
MISC ----> # 25 300 39 300
================================================================================
NOTES:
# LAST OF SEVERAL OCCURRENCES
COLUMN 17 PEAK WIND IN M.P.H.
PRELIMINARY LOCAL CLIMATOLOGICAL DATA (WS FORM: F-6) , PAGE 2
STATION: ROME
MONTH: MAY
YEAR: 2021
LATITUDE: 34 20 N
LONGITUDE: 85 10 W
[TEMPERATURE DATA] [PRECIPITATION DATA] SYMBOLS USED IN COLUMN 16
AVERAGE MONTHLY: 68.3 TOTAL FOR MONTH: 3.79 1 = FOG OR MIST
DPTR FM NORMAL: -1.2 DPTR FM NORMAL: 0.01 2 = FOG REDUCING VISIBILITY
HIGHEST: 93 ON 25,24 GRTST 24HR 2.00 ON 4- 4 TO 1/4 MILE OR LESS
LOWEST: 44 ON 14 3 = THUNDER
SNOW, ICE PELLETS, HAIL 4 = ICE PELLETS
TOTAL MONTH: 0.0 INCH 5 = HAIL
GRTST 24HR 0.0 6 = FREEZING RAIN OR DRIZZLE
GRTST DEPTH: M ON M 7 = DUSTSTORM OR SANDSTORM:
VSBY 1/2 MILE OR LESS
8 = SMOKE OR HAZE
[NO. OF DAYS WITH] [WEATHER - DAYS WITH] 9 = BLOWING SNOW
X = TORNADO
MAX 32 OR BELOW: 0 0.01 INCH OR MORE: 6
MAX 90 OR ABOVE: 4 0.10 INCH OR MORE: 5
MIN 32 OR BELOW: 0 0.50 INCH OR MORE: 2
MIN 0 OR BELOW: 0 1.00 INCH OR MORE: 2
[HDD (BASE 65) ]
TOTAL THIS MO. 36 CLEAR (SCALE 0-3) 19
DPTR FM NORMAL 6 PTCLDY (SCALE 4-7) 11
TOTAL FM JUL 1 2624 CLOUDY (SCALE 8-10) 1
DPTR FM NORMAL -348
[CDD (BASE 65) ]
TOTAL THIS MO. 147
DPTR FM NORMAL -24 [PRESSURE DATA]
TOTAL FM JAN 1 201 HIGHEST SLP 30.42 ON 21
DPTR FM NORMAL -23 LOWEST SLP 29.75 ON 4
[REMARKS]
#FINAL-05-21#