000
CXUS51 KRNK 011928
CF6RNK
PRELIMINARY LOCAL CLIMATOLOGICAL DATA (WS FORM: F-6)
STATION: BLACKSBURG VA
MONTH: JANUARY
YEAR: 2022
LATITUDE: 37 13 N
LONGITUDE: 80 25 W
TEMPERATURE IN F: :PCPN: SNOW: WIND :SUNSHINE: SKY :PK WND
================================================================================
1 2 3 4 5 6A 6B 7 8 9 10 11 12 13 14 15 16 17 18
12Z AVG MX 2MIN
DY MAX MIN AVG DEP HDD CDD WTR SNW DPTH SPD SPD DIR MIN PSBL S-S WX SPD DR
================================================================================
1 70 47 59 26 6 0 0.25 0.0 0 3.8 14 240 M M 8 1 25 240
2 58 44 51 19 14 0 0.70 0.0 0 2.5 10 350 M M 7 1 17 350
3 44 21 33 1 32 0 0.71 2.0 2 8.1 15 320 M M 8 21 300
4 39 16 28 -4 37 0 0.00 0.0 1 2.2 8 130 M M 0 M M
5 43 24 34 2 31 0 0.00 0.0 T 3.2 10 240 M M 1 18 230
6 42 25 34 2 31 0 0.16 1.5 2 4.7 10 300 M M 5 14 22 300
7 25 10 18 -14 47 0 T T 1 6.3 15 300 M M 7 24 300
8 35 8 22 -10 43 0 0.00 0.0 1 1.8 7 80 M M 0 M M
9 53 20 37 5 28 0 0.24 0.0 0 2.4 14 300 M M 8 1 28 300
10 34 22 28 -4 37 0 0.00 0.0 0 9.1 16 300 M M 2 29 290
11 34 15 25 -7 40 0 0.00 0.0 0 5.4 16 300 M M 0 29 300
12 50 16 33 1 32 0 0.00 0.0 0 2.0 8 240 M M 0 M M
13 42 24 33 1 32 0 0.03 0.0 0 0.5 6 290 M M 6 12 M M
14 41 28 35 3 30 0 0.00 0.0 0 6.1 13 310 M M 8 1 20 310
15 35 26 31 -1 34 0 0.00 0.0 0 4.9 10 70 M M 10 M M
16 26 14 20 -12 45 0 0.92 7.4 6 8.8 16 60 M M 10 14 25 60
17 30 24 27 -5 38 0 0.02 0.2 5 11.9 23 290 M M 10 19 39 290
18 36 19 28 -4 37 0 T T 5 7.9 30 300 M M 5 9 41 300
19 42 16 29 -3 36 0 0.00 0.0 4 0.1 6 320 M M 5 M M
20 36 21 29 -3 36 0 0.07 T 3 4.9 14 320 M M 10 1 M M
21 24 14 19 -13 46 0 T T 3 4.4 8 80 M M 9 M M
22 33 3 18 -14 47 0 0.00 0.0 3 0.5 5 60 M M 0 M M
23 40 16 28 -4 37 0 T T 3 5.2 17 310 M M 3 31 310
24 43 23 33 1 32 0 0.00 0.0 2 4.1 12 290 M M 4 18 290
25 46 27 37 5 28 0 0.00 0.0 1 3.9 13 310 M M 3 18 310
26 33 13 23 -9 42 0 0.00 0.0 1 4.8 12 320 M M 2 17 300
27 42 9 26 -6 39 0 0.00 0.0 1 1.0 8 120 M M 1 M M
28 36 23 30 -2 35 0 0.07 0.5 1 0.9 13 320 M M 10 1 16 320
29 27 12 20 -12 45 0 0.01 0.5 1 11.0 20 330 M M 4 1 30 330
30 39 7 23 -9 42 0 0.00 0.0 T 2.0 8 120 M M 4 M M
31 42 16 29 -3 36 0 0.00 0.0 T 2.4 10 120 M M 2 M M
================================================================================
SM 1220 603 1095 0 3.18 12.1 136.8 M 152
================================================================================
AV 39.4 19.5 4.4 FASTST M M 5 MAX(MPH)
MISC ----> 30 300 41 300
================================================================================
NOTES:
# LAST OF SEVERAL OCCURRENCES
COLUMN 17 PEAK WIND IN M.P.H.
PRELIMINARY LOCAL CLIMATOLOGICAL DATA (WS FORM: F-6) , PAGE 2
STATION: BLACKSBURG VA
MONTH: JANUARY
YEAR: 2022
LATITUDE: 37 13 N
LONGITUDE: 80 25 W
[TEMPERATURE DATA] [PRECIPITATION DATA] SYMBOLS USED IN COLUMN 16
AVERAGE MONTHLY: 29.4 TOTAL FOR MONTH: 3.18 1 = FOG OR MIST
DPTR FM NORMAL: -2.5 DPTR FM NORMAL: -0.05 2 = FOG REDUCING VISIBILITY
HIGHEST: 70 ON 1 GRTST 24HR 0.95 ON 1- 2 TO 1/4 MILE OR LESS
LOWEST: 3 ON 22 3 = THUNDER
SNOW, ICE PELLETS, HAIL 4 = ICE PELLETS
TOTAL MONTH: 12.1 INCHES 5 = HAIL
GRTST 24HR 7.4 ON 16-16 6 = FREEZING RAIN OR DRIZZLE
GRTST DEPTH: 6 ON 16 7 = DUSTSTORM OR SANDSTORM:
VSBY 1/2 MILE OR LESS
8 = SMOKE OR HAZE
[NO. OF DAYS WITH] [WEATHER - DAYS WITH] 9 = BLOWING SNOW
X = TORNADO
MAX 32 OR BELOW: 5 0.01 INCH OR MORE: 11
MAX 90 OR ABOVE: 0 0.10 INCH OR MORE: 6
MIN 32 OR BELOW: 29 0.50 INCH OR MORE: 3
MIN 0 OR BELOW: 0 1.00 INCH OR MORE: 0
[HDD (BASE 65) ]
TOTAL THIS MO. 1095 CLEAR (SCALE 0-3) 11
DPTR FM NORMAL 67 PTCLDY (SCALE 4-7) 13
TOTAL FM JUL 1 2709 CLOUDY (SCALE 8-10) 7
DPTR FM NORMAL -387
[CDD (BASE 65) ]
TOTAL THIS MO. 0
DPTR FM NORMAL 0 [PRESSURE DATA]
TOTAL FM JAN 1 0 HIGHEST SLP M ON M
DPTR FM NORMAL 0 LOWEST SLP M ON M
[REMARKS]
DUE TO EQUIPMENT FAILURE ON OCTOBER 17, 2021, ALL HEATING DEGREE DAY
INFORMATION WILL BE CALCULATED WITHOUT DATA FROM THIS DATE.
#FINAL-01-22#