000
CXUS55 KABQ 011614
CLMROW
CLIMATE REPORT
NATIONAL WEATHER SERVICE ALBUQUERQUE NM
1014 AM MDT TUE AUG 01 2023
...................................
...THE ROSWELL NM CLIMATE SUMMARY FOR THE MONTH OF JULY 2023...
CLIMATE NORMAL PERIOD 1991 TO 2020
CLIMATE RECORD PERIOD 1893 TO 2023
WEATHER OBSERVED NORMAL DEPART LAST YEAR`S
VALUE DATE(S) VALUE FROM VALUE DATE(S)
NORMAL
................................................................
TEMPERATURE (F)
RECORD
HIGH 112 07/19/2023
LOW 56 07/28/2005
07/08/1952
HIGHEST 112R 07/19 MM MM 109 07/19
LOWEST 65 07/04 MM MM 66 07/17
AVG. MAXIMUM 103.5 96.5 7.0 100.7
AVG. MINIMUM 72.8 69.9 2.9 72.7
MEAN 88.1 83.2 4.9 86.7
DAYS MAX >= 90 31 26.8 4.2 31
DAYS MAX <= 32 0 0.0 0.0 0
DAYS MIN <= 32 0 0.0 0.0 0
DAYS MIN <= 0 0 0.0 0.0 0
PRECIPITATION (INCHES)
TOTALS 0.24R 1.82 -1.58 0.36
DAILY AVG. 0.01 0.06 -0.05 0.01
DAYS >= .01 2 6.6 -4.6 2
DAYS >= .10 1 3.2 -2.2 1
DAYS >= .50 0 1.1 -1.1 0
DAYS >= 1.00 0 0.4 -0.4 0
GREATEST
24 HR. TOTAL 0.17 07/13 TO 07/13 0.28
SNOWFALL (INCHES)
TOTALS 0.0 0.0 0.0 0.0
SINCE 7/1 0.0 0.0 0.0 MM
DAYS >= 1.0 0 0.0 0.0 0
GREATEST
SNOW DEPTH 0 0 MM
24 HR TOTAL 0.0 MM
DEGREE DAYS
HEATING TOTAL 0 0 0 0
SINCE 7/1 0 0 0 MM
COOLING TOTAL 724 564 160 683
SINCE 1/1 1574 1361 213 MM
................................................................
WIND (MPH)
AVERAGE WIND SPEED 10.0
HIGHEST WIND SPEED/DIRECTION 37/040 DATE 07/15
HIGHEST GUST SPEED/DIRECTION 57/230 DATE 07/11
SKY COVER
AVERAGE SKY COVER 0.03
AVERAGE RH (PERCENT) 35
WEATHER CONDITIONS. NUMBER OF DAYS WITH
THUNDERSTORM 8 MIXED PRECIP 0
HEAVY RAIN 2 RAIN 1
LIGHT RAIN 5 FREEZING RAIN 0
LT FREEZING RAIN 0 HAIL 0
HEAVY SNOW 0 SNOW 0
LIGHT SNOW 0 SLEET 0
FOG 0 FOG W/VIS <= 1/4 MILE 0
HAZE 2
- INDICATES NEGATIVE NUMBERS.
R INDICATES RECORD WAS SET OR TIED.
MM INDICATES DATA IS MISSING.
T INDICATES TRACE AMOUNT.
$$