000
CXUS56 KFGZ 010900
CF6RQE
PRELIMINARY LOCAL CLIMATOLOGICAL DATA (WS FORM: F-6)
STATION: WINDOW ROCK AZ AIRPORT
MONTH: JULY
YEAR: 2020
LATITUDE: 35 39 N
LONGITUDE: 109 4 W
TEMPERATURE IN F: :PCPN: SNOW: WIND :SUNSHINE: SKY :PK WND
================================================================================
1 2 3 4 5 6A 6B 7 8 9 10 11 12 13 14 15 16 17 18
12Z AVG MX 2MIN
DY MAX MIN AVG DEP HDD CDD WTR SNW DPTH SPD SPD DIR MIN PSBL S-S WX SPD DR
================================================================================
1 84 49 67 -1 0 2 0.00 M M 8.6 28 220 M M 0 34 220
2 88 45 67 -1 0 2 T M M 3.6 14 50 M M 3 8 19 50
3 88 62 75 7 0 10 T M M 6.2 26 210 M M 4 38 36 200
4 92 51 72 4 0 7 0.00 M M 5.1 22 250 M M 1 8 29 240
5 94 46 70 2 0 5 0.00 M M 5.4 18 310 M M 0 8 27 260
6 95 51 73 4 0 8 0.00 M M 5.7 22 250 M M 0 26 280
7 92 50 71 2 0 6 0.00 M M 10.7 28 240 M M 0 37 230
8 92 55 74 5 0 9 0.00 M M 9.2 24 230 M M 1 8 34 240
9 94 51 73 4 0 8 0.00 M M 8.3 24 240 M M 0 34 240
10 96 57 77 8 0 12 0.00 M M 6.2 20 300 M M 0 29 280
11 96 55 76 7 0 11 0.00 M M 3.4 31 230 M M 1 37 230
12 95 63 79 10 0 14 0.00 M M 5.0 22 300 M M 1 3 30 310
13 95 63 79 10 0 14 T M M 10.9 32 230 M M 1 46 240
14 93 62 78 8 0 13 0.00 M M 8.0 23 240 M M 1 33 280
15 93 62 78 8 0 13 0.00 M M 7.9 29 170 M M 1 8 39 180
16 88 58 73 3 0 8 0.09 M M 5.5 22 360 M M 5 3 26 350
17 86 60 73 3 0 8 0.15 M M 2.5 22 330 M M 6 3 31 350
18 91 52 72 2 0 7 T M M 3.9 20 310 M M 2 3 26 70
19 93 48 71 1 0 6 T M M 2.7 23 340 M M 0 30 300
20 92 52 72 2 0 7 0.00 0.0 0 5.3 25 10 M M 0 32 300
21 M M M M M M M M M M M M M M M M M
22 91 48 70 0 0 5 0.25999.0 M M M M M M 8 13 M M
23 M M M M M M 0.00 0.0 0 M M M M M 3 1 M M
24 M M M M M M M M M M M M M M M M M
25 M M M M M M M M M M M M M M M M M
26 M M M M M M M M M M M M M M M M M
27 M M M M M M M M M M M M M M M M M
28 M M M M M M M M M M M M M M M M M
29 M M M M M M M M M M M M M M M M M
30 M M M M M M M M M M M M M M M M M
31 M M M M M M M M M M M M M M M M M
================================================================================
SM 1928 1140 0 175 0.49 999.0 124.1 M 38
================================================================================
AV 91.8 54.3 6.2 FASTST M M 2 MAX(MPH)
MISC ----> # 32 230 # 46 240
================================================================================
NOTES:
# LAST OF SEVERAL OCCURRENCES
COLUMN 17 PEAK WIND IN M.P.H.
PRELIMINARY LOCAL CLIMATOLOGICAL DATA (WS FORM: F-6) , PAGE 2
STATION: WINDOW ROCK AZ AIRPORT
MONTH: JULY
YEAR: 2020
LATITUDE: 35 39 N
LONGITUDE: 109 4 W
[TEMPERATURE DATA] [PRECIPITATION DATA] SYMBOLS USED IN COLUMN 16
AVERAGE MONTHLY: 73.1 TOTAL FOR MONTH: 0.49 1 = FOG OR MIST
DPTR FM NORMAL: 3.7 DPTR FM NORMAL: -1.56 2 = FOG REDUCING VISIBILITY
HIGHEST: 96 ON 11,10 GRTST 24HR 0.25 ON 22-22 TO 1/4 MILE OR LESS
LOWEST: 45 ON 2 3 = THUNDER
SNOW, ICE PELLETS, HAIL 4 = ICE PELLETS
TOTAL MONTH: 999.0 INCHES 5 = HAIL
GRTST 24HR 999.0 ON 22-22 6 = FREEZING RAIN OR DRIZZLE
GRTST DEPTH: 0 7 = DUSTSTORM OR SANDSTORM:
VSBY 1/2 MILE OR LESS
8 = SMOKE OR HAZE
[NO. OF DAYS WITH] [WEATHER - DAYS WITH] 9 = BLOWING SNOW
X = TORNADO
MAX 32 OR BELOW: 0 0.01 INCH OR MORE: 3
MAX 90 OR ABOVE: 16 0.10 INCH OR MORE: 2
MIN 32 OR BELOW: 0 0.50 INCH OR MORE: 0
MIN 0 OR BELOW: 0 1.00 INCH OR MORE: 0
[HDD (BASE 65) ]
TOTAL THIS MO. 0 CLEAR (SCALE 0-3) 17
DPTR FM NORMAL 0 PTCLDY (SCALE 4-7) 4
TOTAL FM JUL 1 0 CLOUDY (SCALE 8-10) 1
DPTR FM NORMAL 0
[CDD (BASE 65) ]
TOTAL THIS MO. 175
DPTR FM NORMAL 36 [PRESSURE DATA]
TOTAL FM JAN 1 282 HIGHEST SLP M ON M
DPTR FM NORMAL 102 LOWEST SLP 29.81 ON 21
[REMARKS]
#FINAL-07-20#