000
CXUS54 KTSA 010850
CF6RVS
PRELIMINARY LOCAL CLIMATOLOGICAL DATA (WS FORM: F-6)
STATION: TULSA-RIVERSIDE OKLAHOMA
MONTH: MAY
YEAR: 2022
LATITUDE: 36 2 N
LONGITUDE: 95 59 W
TEMPERATURE IN F: :PCPN: SNOW: WIND :SUNSHINE: SKY :PK WND
================================================================================
1 2 3 4 5 6A 6B 7 8 9 10 11 12 13 14 15 16 17 18
12Z AVG MX 2MIN
DY MAX MIN AVG DEP HDD CDD WTR SNW DPTH SPD SPD DIR MIN PSBL S-S WX SPD DR
================================================================================
1 77 47 62 -3 3 0 0.00 0.0 M 4.4 12 110 M M 0 15 110
2 70 57 64 -2 1 0 1.35 0.0 M 8.8 18 190 M M 8 13 32 170
3 65 48 57 -9 8 0 0.00 0.0 M 8.0 13 340 M M 8 24 330
4 68 51 60 -6 5 0 2.64 0.0 M 7.5 15 120 M M 10 13 26 340
5 69 56 63 -3 2 0 1.19 0.0 M 5.4 16 30 M M 9 13 23 320
6 71 51 61 -6 4 0 0.00 0.0 M 2.7 10 290 M M 4 21 300
7 82 51 67 0 0 2 0.00 0.0 M 7.9 18 130 M M 0 1 26 120
8 90 67 79 12 0 14 0.00 0.0 M 13.6 25 180 M M 6 41 190
9 90 77 84 16 0 19 0.00 0.0 M 14.8 24 190 M M 4 36 170
10 88 77 83 15 0 18 0.00 0.0 M 11.8 21 190 M M 7 30 180
11 92 70 81 13 0 16 0.00 0.0 M 7.7 16 170 M M 0 23 170
12 93 66 80 11 0 15 0.00 0.0 M 8.7 21 180 M M 0 1 31 180
13 82 67 75 6 0 10 0.82 0.0 M 4.2 15 180 M M 2 13 27 180
14 90 66 78 9 0 13 0.00 0.0 M 3.7 9 190 M M 1 1 15 190
15 90 66 78 8 0 13 0.31 0.0 M 7.1 25 30 M M 4 13 36 230
16 84 63 74 4 0 9 0.00 0.0 M 3.3 12 30 M M 0 16 50
17 86 63 75 5 0 10 T 0.0 M 10.5 21 180 M M 1 3 32 180
18 90 68 79 9 0 14 0.01 0.0 M 6.2 20 180 M M 1 31 160
19 91 71 81 10 0 16 T 0.0 M 11.1 23 190 M M 1 36 160
20 87 69 78 7 0 13 0.00 0.0 M 12.4 23 200 M M 6 36 220
21 69 56 63 -9 2 0 0.46 0.0 M 11.2 20 40 M M 9 13 35 350
22 68 50 59 -13 6 0 0.00 0.0 M 9.5 17 40 M M 2 30 10
23 60 55 58 -14 7 0 0.82 0.0 M 6.6 14 50 M M 10 13 17 70
24 67 59 63 -9 2 0 1.85 0.0 M 6.8 18 110 M M 8 13 26 120
25 63 55 59 -14 6 0 0.71 0.0 M 5.0 16 220 M M 10 1 23 260
26 64 50 57 -16 8 0 0.05 0.0 M 4.6 13 300 M M 8 1 26 280
27 85 47 66 -7 0 1 0.00 0.0 M 2.0 9 190 M M 0 12 15 210
28 89 59 74 0 0 9 0.01 0.0 M 10.7 23 170 M M 1 3 43 160
29 90 73 82 8 0 17 0.00 0.0 M 14.7 24 180 M M 0 40 180
30 87 74 81 7 0 16 0.00 0.0 M 15.0 26 180 M M 4 42 190
31 86 77 82 7 0 17 0.00 0.0 M 11.4 22 190 M M 6 33 180
================================================================================
SM 2483 1906 54 242 10.22 0.0 257.3 M 130
================================================================================
AV 80.1 61.5 8.3 FASTST M M 4 MAX(MPH)
MISC ----> 26 180 43 160
================================================================================
NOTES:
# LAST OF SEVERAL OCCURRENCES
COLUMN 17 PEAK WIND IN M.P.H.
PRELIMINARY LOCAL CLIMATOLOGICAL DATA (WS FORM: F-6) , PAGE 2
STATION: TULSA-RIVERSIDE OKLAHOMA
MONTH: MAY
YEAR: 2022
LATITUDE: 36 2 N
LONGITUDE: 95 59 W
[TEMPERATURE DATA] [PRECIPITATION DATA] SYMBOLS USED IN COLUMN 16
AVERAGE MONTHLY: 70.8 TOTAL FOR MONTH: 10.22 1 = FOG OR MIST
DPTR FM NORMAL: 0.9 DPTR FM NORMAL: 4.14 2 = FOG REDUCING VISIBILITY
HIGHEST: 93 ON 12 GRTST 24HR 3.48 ON 4- 5 TO 1/4 MILE OR LESS
LOWEST: 47 ON 27, 1 3 = THUNDER
SNOW, ICE PELLETS, HAIL 4 = ICE PELLETS
TOTAL MONTH: 0.0 INCH 5 = HAIL
GRTST 24HR 0.0 6 = FREEZING RAIN OR DRIZZLE
GRTST DEPTH: M ON M 7 = DUSTSTORM OR SANDSTORM:
VSBY 1/2 MILE OR LESS
8 = SMOKE OR HAZE
[NO. OF DAYS WITH] [WEATHER - DAYS WITH] 9 = BLOWING SNOW
X = TORNADO
MAX 32 OR BELOW: 0 0.01 INCH OR MORE: 12
MAX 90 OR ABOVE: 9 0.10 INCH OR MORE: 9
MIN 32 OR BELOW: 0 0.50 INCH OR MORE: 7
MIN 0 OR BELOW: 0 1.00 INCH OR MORE: 4
[HDD (BASE 65) ]
TOTAL THIS MO. 54 CLEAR (SCALE 0-3) 14
DPTR FM NORMAL 17 PTCLDY (SCALE 4-7) 12
TOTAL FM JUL 1 3136 CLOUDY (SCALE 8-10) 5
DPTR FM NORMAL -235
[CDD (BASE 65) ]
TOTAL THIS MO. 242
DPTR FM NORMAL 54 [PRESSURE DATA]
TOTAL FM JAN 1 306 HIGHEST SLP 30.39 ON 22
DPTR FM NORMAL 42 LOWEST SLP 29.40 ON 20
[REMARKS]
#FINAL-05-22#