000
CXUS54 KTSA 010950
CF6RVS
PRELIMINARY LOCAL CLIMATOLOGICAL DATA (WS FORM: F-6)
STATION: TULSA-RIVERSIDE OKLAHOMA
MONTH: JANUARY
YEAR: 2021
LATITUDE: 36 2 N
LONGITUDE: 95 59 W
TEMPERATURE IN F: :PCPN: SNOW: WIND :SUNSHINE: SKY :PK WND
================================================================================
1 2 3 4 5 6A 6B 7 8 9 10 11 12 13 14 15 16 17 18
12Z AVG MX 2MIN
DY MAX MIN AVG DEP HDD CDD WTR SNW DPTH SPD SPD DIR MIN PSBL S-S WX SPD DR
================================================================================
1 39 34 37 1 28 0 0.45 0.0 M 8.5 22 20 M M 10 1 37 20
2 44 28 36 0 29 0 T M M 1.7 8 310 M M 7 14 310
3 53 26 40 4 25 0 0.00 0.0 M 1.9 10 180 M M 0 1 14 180
4 62 26 44 8 21 0 0.00 0.0 M 2.4 12 300 M M 0 1 22 290
5 61 25 43 7 22 0 0.00 0.0 M 5.1 16 170 M M 0 1 25 190
6 49 42 46 10 19 0 0.23 0.0 M 7.2 14 130 M M 9 1 20 150
7 43 37 40 4 25 0 0.03 0.0 M 8.2 14 30 M M 10 1 19 20
8 40 24 32 -4 33 0 0.00 0.0 M 4.8 13 20 M M 8 1 19 30
9 46 22 34 -2 31 0 0.00 0.0 M 2.7 10 40 M M 0 1 14 20
10 35 27 31 -5 34 0 0.00 0.0 M 5.1 12 360 M M 2 18 17 10
11 47 21 34 -2 31 0 0.00 0.0 M 1.6 9 250 M M 0 18 17 260
12 54 22 38 2 27 0 0.00 0.0 M 2.8 14 210 M M 0 19 220
13 58 23 41 5 24 0 0.00 0.0 M 5.3 15 190 M M 0 1 21 180
14 56 38 47 10 18 0 0.00 0.0 M 8.0 20 340 M M 1 34 340
15 44 34 39 2 26 0 0.00 M M 8.6 20 310 M M 5 35 300
16 50 25 38 1 27 0 0.00 0.0 M 3.2 10 330 M M 2 20 350
17 54 27 41 4 24 0 0.00 0.0 M 5.0 15 290 M M 1 28 280
18 61 24 43 6 22 0 0.00 0.0 M 4.0 18 200 M M 2 28 210
19 50 28 39 2 26 0 0.00 0.0 M 4.6 13 30 M M 1 19 10
20 46 24 35 -2 30 0 0.01 0.0 M 5.7 20 180 M M 6 27 180
21 50 34 42 5 23 0 0.00 0.0 M 1.9 9 110 M M 6 1 11 150
22 54 35 45 8 20 0 0.00 0.0 M 10.2 20 40 M M 0 1 25 40
23 48 30 39 2 26 0 T 0.0 M 7.5 15 170 M M 8 21 170
24 56 42 49 11 16 0 0.16 0.0 M 5.5 16 40 M M 10 13 26 30
25 50 37 44 6 21 0 0.49 M M 7.0 16 30 M M 9 13 25 10
26 38 32 35 -3 30 0 0.00 0.0 M 5.9 15 50 M M 9 20 20
27 36 28 32 -6 33 0 T M M 6.4 12 30 M M 9 1 21 300
28 45 30 38 0 27 0 0.00 0.0 M 6.3 13 170 M M 5 19 170
29 58 31 45 7 20 0 T 0.0 M 11.2 22 180 M M 0 31 160
30 67 43 55 17 10 0 0.39 0.0 M 9.9 26 210 M M 7 13 47 240
31 47 37 42 4 23 0 0.00 0.0 M 9.5 16 330 M M 9 31 320
================================================================================
SM 1541 936 771 0 1.76 0.0 177.7 M 136
================================================================================
AV 49.7 30.2 5.7 FASTST M M 4 MAX(MPH)
MISC ----> 26 210 47 240
================================================================================
NOTES:
# LAST OF SEVERAL OCCURRENCES
COLUMN 17 PEAK WIND IN M.P.H.
PRELIMINARY LOCAL CLIMATOLOGICAL DATA (WS FORM: F-6) , PAGE 2
STATION: TULSA-RIVERSIDE OKLAHOMA
MONTH: JANUARY
YEAR: 2021
LATITUDE: 36 2 N
LONGITUDE: 95 59 W
[TEMPERATURE DATA] [PRECIPITATION DATA] SYMBOLS USED IN COLUMN 16
AVERAGE MONTHLY: 40.0 TOTAL FOR MONTH: 1.76 1 = FOG OR MIST
DPTR FM NORMAL: 3.0 DPTR FM NORMAL: -0.02 2 = FOG REDUCING VISIBILITY
HIGHEST: 67 ON 30 GRTST 24HR 1.54 ON 24-25 TO 1/4 MILE OR LESS
LOWEST: 21 ON 11 3 = THUNDER
SNOW, ICE PELLETS, HAIL 4 = ICE PELLETS
TOTAL MONTH: 0.0 INCH 5 = HAIL
GRTST 24HR 0.0 6 = FREEZING RAIN OR DRIZZLE
GRTST DEPTH: M ON M 7 = DUSTSTORM OR SANDSTORM:
VSBY 1/2 MILE OR LESS
8 = SMOKE OR HAZE
[NO. OF DAYS WITH] [WEATHER - DAYS WITH] 9 = BLOWING SNOW
X = TORNADO
MAX 32 OR BELOW: 0 0.01 INCH OR MORE: 7
MAX 90 OR ABOVE: 0 0.10 INCH OR MORE: 5
MIN 32 OR BELOW: 20 0.50 INCH OR MORE: 0
MIN 0 OR BELOW: 0 1.00 INCH OR MORE: 0
[HDD (BASE 65) ]
TOTAL THIS MO. 771 CLEAR (SCALE 0-3) 15
DPTR FM NORMAL -99 PTCLDY (SCALE 4-7) 8
TOTAL FM JUL 1 2067 CLOUDY (SCALE 8-10) 8
DPTR FM NORMAL -282
[CDD (BASE 65) ]
TOTAL THIS MO. 0
DPTR FM NORMAL 0 [PRESSURE DATA]
TOTAL FM JAN 1 0 HIGHEST SLP 30.67 ON 28
DPTR FM NORMAL 0 LOWEST SLP 29.46 ON 30
[REMARKS]
#FINAL-01-21#