000
CXUS54 KEWX 011010
CF6RYW
PRELIMINARY LOCAL CLIMATOLOGICAL DATA (WS FORM: F-6)
STATION: LAGO VISTA
MONTH: MAY
YEAR: 2023
LATITUDE: 30 30 N
LONGITUDE: 97 58 W
TEMPERATURE IN F: :PCPN: SNOW: WIND :SUNSHINE: SKY :PK WND
================================================================================
1 2 3 4 5 6A 6B 7 8 9 10 11 12 13 14 15 16 17 18
12Z AVG MX 2MIN
DY MAX MIN AVG DEP HDD CDD WTR SNW DPTH SPD SPD DIR MIN PSBL S-S WX SPD DR
================================================================================
1 80 56 68 M 0 3 0.00 M M 7.4 13 50 M M 1 17 80
2 78 64 71 M 0 6 0.00 M M 4.4 10 150 M M 5 1 M M
3 83 62 73 M 0 8 0.00 M M 4.1 12 140 M M 3 18 140
4 82 65 74 M 0 9 0.00 M M 5.6 9 160 M M 7 17 140
5 93 62 78 M 0 13 1.58 M M 7.7 13 70 M M 5 13 38 290
6 87 63 75 M 0 10 0.00 M M 7.6 13 190 M M 6 18 180
7 83 70 77 M 0 12 0.00 M M 6.8 12 170 M M 5 1 21 170
8 90 69 80 M 0 15 0.00 M M 6.6 12 140 M M 6 1 20 140
9 76 64 70 M 0 5 0.00 M M 4.8 12 120 M M 6 21 120
10 80 65 73 M 0 8 0.00 M M 4.2 9 140 M M 9 M M
11 88 70 79 M 0 14 0.00 M M 7.1 15 180 M M 8 1 21 140
12 85 66 76 M 0 11 0.04 M M 7.6 12 130 M M 8 138 31 200
13 75 62 69 M 0 4 1.22 M M 6.2 14 110 M M 6 3 33 290
14 82 64 73 M 0 8 0.30 M M 1.9 7 110 M M 4 12 M M
15 82 65 74 M 0 9 0.21 M M 3.3 9 240 M M 5 3 17 140
16 79 65 72 M 0 7 0.02 M M 2.9 7 260 M M 6 12 M M
17 86 64 75 M 0 10 0.00 M M 3.4 7 280 M M 4 18 M M
18 88 65 77 M 0 12 0.00 M M 3.0 10 140 M M 2 8 17 0
19 89 67 78 M 0 13 0.01 M M 6.8 10 180 M M 5 18 23 350
20 80 65 73 M 0 8 0.00 M M 7.3 12 30 M M 6 8 22 30
21 73 63 68 M 0 3 0.00 M M 3.2 8 30 M M 6 18 M M
22 84 61 73 M 0 8 0.00 M M 2.7 6 120 M M 3 M M
23 89 64 77 M 0 12 0.05 M M 5.0 13 140 M M 3 138 20 110
24 80 62 71 M 0 6 0.70 M M 6.3 14 340 M M 3 3 33 80
25 82 64 73 M 0 8 0.00 M M 5.0 8 80 M M 3 1 16 70
26 83 64 74 M 0 9 0.00 M M 5.1 10 80 M M 3 16 120
27 85 64 75 M 0 10 0.00 M M 4.3 9 70 M M 3 3 22 130
28 83 68 76 M 0 11 0.00 M M 6.0 14 170 M M 2 22 170
29 85 68 77 M 0 12 0.00 M M 3.3 8 160 M M 3 16 100
30 87 66 77 M 0 12 0.00 M M 4.7 9 110 M M 2 M M
31 87 66 77 M 0 12 0.00 M M 5.1 9 150 M M 2 17 130
================================================================================
SM 2584 2003 0 288 4.13 M 159.4 M 140
================================================================================
AV 83.4 64.6 5.1 FASTST M M 5 MAX(MPH)
MISC ----> 15 180 38 290
================================================================================
NOTES:
# LAST OF SEVERAL OCCURRENCES
COLUMN 17 PEAK WIND IN M.P.H.
PRELIMINARY LOCAL CLIMATOLOGICAL DATA (WS FORM: F-6) , PAGE 2
STATION: LAGO VISTA
MONTH: MAY
YEAR: 2023
LATITUDE: 30 30 N
LONGITUDE: 97 58 W
[TEMPERATURE DATA] [PRECIPITATION DATA] SYMBOLS USED IN COLUMN 16
AVERAGE MONTHLY: 74.0 TOTAL FOR MONTH: 4.13 1 = FOG OR MIST
DPTR FM NORMAL: 0.0 DPTR FM NORMAL: M 2 = FOG REDUCING VISIBILITY
HIGHEST: 93 ON 5 GRTST 24HR 1.58 ON 5- 5 TO 1/4 MILE OR LESS
LOWEST: 56 ON 1 3 = THUNDER
SNOW, ICE PELLETS, HAIL 4 = ICE PELLETS
TOTAL MONTH: M 5 = HAIL
GRTST 24HR M ON M 6 = FREEZING RAIN OR DRIZZLE
GRTST DEPTH: M ON M 7 = DUSTSTORM OR SANDSTORM:
VSBY 1/2 MILE OR LESS
8 = SMOKE OR HAZE
[NO. OF DAYS WITH] [WEATHER - DAYS WITH] 9 = BLOWING SNOW
X = TORNADO
MAX 32 OR BELOW: 0 0.01 INCH OR MORE: 9
MAX 90 OR ABOVE: 2 0.10 INCH OR MORE: 5
MIN 32 OR BELOW: 0 0.50 INCH OR MORE: 3
MIN 0 OR BELOW: 0 1.00 INCH OR MORE: 2
[HDD (BASE 65) ]
TOTAL THIS MO. 0 CLEAR (SCALE 0-3) 11
DPTR FM NORMAL M PTCLDY (SCALE 4-7) 18
TOTAL FM JUL 1 1542 CLOUDY (SCALE 8-10) 2
DPTR FM NORMAL M
[CDD (BASE 65) ]
TOTAL THIS MO. 288
DPTR FM NORMAL M [PRESSURE DATA]
TOTAL FM JAN 1 535 HIGHEST SLP M ON M
DPTR FM NORMAL M LOWEST SLP M ON M
[REMARKS]
#FINAL-05-23#