000
CXUS55 KTWC 010855
CF6SAD
PRELIMINARY LOCAL CLIMATOLOGICAL DATA (WS FORM: F-6)
STATION: SAFFORD AZ AIRPORT
MONTH: APRIL
YEAR: 2023
LATITUDE: 32 50 N
LONGITUDE: 109 38 W
TEMPERATURE IN F: :PCPN: SNOW: WIND :SUNSHINE: SKY :PK WND
================================================================================
1 2 3 4 5 6A 6B 7 8 9 10 11 12 13 14 15 16 17 18
12Z AVG MX 2MIN
DY MAX MIN AVG DEP HDD CDD WTR SNW DPTH SPD SPD DIR MIN PSBL S-S WX SPD DR
================================================================================
1 81 36 59 -2 6 0 0.00 M M 8.3 20 320 M M 0 26 320
2 79 42 61 -1 4 0 0.00 M M 8.8 18 310 M M 0 24 310
3 83 36 60 -2 5 0 0.00 M M 9.9 26 230 M M M 39 240
4 59 37 48 -14 17 0 0.00 M M 20.6 35 290 M M M 8 48 290
5 65 25 45 -17 20 0 0.00 M M 4.6 13 280 M M M 17 300
6 79 30 55 -7 10 0 0.00 M M 5.1 16 120 M M M 22 110
7 79 51 65 2 0 0 0.00 M M 10.1 21 160 M M M 30 150
8 82 49 66 3 0 1 0.00 M M 7.9 17 300 M M M 24 310
9 85 45 65 2 0 0 0.00 M M 5.0 14 260 M M M 18 250
10 92 47 70 7 0 5 0.00 M M 9.7 20 110 M M 0 28 110
11 94 58 76 12 0 11 0.00 M M 10.0 23 170 M M M 31 170
12 93 59 76 12 0 11 0.00 M M 11.1 23 280 M M 0 29 280
13 85 54 70 6 0 5 0.00 M M 9.3 24 270 M M 0 33 260
14 78 47 63 -1 2 0 0.00 M M 9.3 29 290 M M 0 36 300
15 81 43 62 -3 3 0 0.00 M M 4.2 12 290 M M 0 16 80
16 88 44 66 1 0 1 0.00 M M 5.7 16 290 M M 0 21 290
17 88 47 68 3 0 3 0.00 M M 7.5 22 300 M M 0 29 290
18 86 50 68 3 0 3 0.00 M M 10.4 25 310 M M 0 35 300
19 82 48 65 -1 0 0 0.00 M M 14.8 36 290 M M 0 47 300
20 80 42 61 -5 4 0 0.00 M M 12.2 29 300 M M 0 39 320
21 85 43 64 -2 1 0 0.00 M M 8.6 22 310 M M 0 29 300
22 87 47 67 1 0 2 0.00 M M 10.5 25 320 M M 0 37 320
23 89 53 71 5 0 6 0.00 M M 9.1 25 300 M M 0 40 320
24 88 50 69 2 0 4 0.00 M M 8.3 28 290 M M 0 39 310
25 88 50 69 2 0 4 0.00 M M 10.2 32 280 M M 0 45 300
26 83 51 67 0 0 2 0.00 M M 9.4 21 260 M M 0 30 270
27 88 47 68 0 0 3 0.00 M M 9.5 22 310 M M 0 31 270
28 91 52 72 4 0 7 0.00 M M 13.4 31 260 M M 0 47 270
29 90 57 74 6 0 9 0.00 M M 7.2 16 90 M M 0 22 60
30 97 50 74 6 0 9 0.00 M M 5.5 18 310 M M 0 25 310
================================================================================
SM 2525 1390 72 86 0.00 M 276.2 M 0
================================================================================
AV 84.2 46.3 9.2 FASTST M M 0 MAX(MPH)
MISC ----> 36 290 48 290
================================================================================
NOTES:
# LAST OF SEVERAL OCCURRENCES
COLUMN 17 PEAK WIND IN M.P.H.
PRELIMINARY LOCAL CLIMATOLOGICAL DATA (WS FORM: F-6) , PAGE 2
STATION: SAFFORD AZ AIRPORT
MONTH: APRIL
YEAR: 2023
LATITUDE: 32 50 N
LONGITUDE: 109 38 W
[TEMPERATURE DATA] [PRECIPITATION DATA] SYMBOLS USED IN COLUMN 16
AVERAGE MONTHLY: 65.3 TOTAL FOR MONTH: 0.00 1 = FOG OR MIST
DPTR FM NORMAL: 0.4 DPTR FM NORMAL: -0.19 2 = FOG REDUCING VISIBILITY
HIGHEST: 97 ON 30 GRTST 24HR 0.00 ON 1- 1 TO 1/4 MILE OR LESS
LOWEST: 25 ON 5 3 = THUNDER
SNOW, ICE PELLETS, HAIL 4 = ICE PELLETS
TOTAL MONTH: M 5 = HAIL
GRTST 24HR M ON M 6 = FREEZING RAIN OR DRIZZLE
GRTST DEPTH: M ON M 7 = DUSTSTORM OR SANDSTORM:
VSBY 1/2 MILE OR LESS
8 = SMOKE OR HAZE
[NO. OF DAYS WITH] [WEATHER - DAYS WITH] 9 = BLOWING SNOW
X = TORNADO
MAX 32 OR BELOW: 0 0.01 INCH OR MORE: 0
MAX 90 OR ABOVE: 6 0.10 INCH OR MORE: 0
MIN 32 OR BELOW: 2 0.50 INCH OR MORE: 0
MIN 0 OR BELOW: 0 1.00 INCH OR MORE: 0
[HDD (BASE 65) ]
TOTAL THIS MO. 72 CLEAR (SCALE 0-3) 22
DPTR FM NORMAL -8 PTCLDY (SCALE 4-7) 0
TOTAL FM JUL 1 2452 CLOUDY (SCALE 8-10) 8
DPTR FM NORMAL 288
[CDD (BASE 65) ]
TOTAL THIS MO. 86
DPTR FM NORMAL 14 [PRESSURE DATA]
TOTAL FM JAN 1 86 HIGHEST SLP M ON M
DPTR FM NORMAL 6 LOWEST SLP 29.47 ON 13
[REMARKS]
#FINAL-04-23#