000
CXUS55 KTWC 080558
CF6SAD
PRELIMINARY LOCAL CLIMATOLOGICAL DATA (WS FORM: F-6)
STATION: SAFFORD AZ AIRPORT
MONTH: JUNE
YEAR: 2022
LATITUDE: 32 50 N
LONGITUDE: 109 38 W
TEMPERATURE IN F: :PCPN: SNOW: WIND :SUNSHINE: SKY :PK WND
================================================================================
1 2 3 4 5 6A 6B 7 8 9 10 11 12 13 14 15 16 17 18
12Z AVG MX 2MIN
DY MAX MIN AVG DEP HDD CDD WTR SNW DPTH SPD SPD DIR MIN PSBL S-S WX SPD DR
================================================================================
1 99 57 78 -1 0 13 0.00 M M 6.8 23 320 M M 0 29 300
2 99 59 79 -1 0 14 0.00 M M 6.9 22 320 M M 0 28 310
3 99 59 79 -1 0 14 0.00 M M 7.1 23 290 M M 0 30 290
4 97 69 83 3 0 18 0.00 M M 10.0 24 310 M M 0 32 310
5 98 65 82 1 0 17 0.00 M M 12.2 26 310 M M 0 42 330
6 101 69 85 4 0 20 0.00 M M 10.6 25 300 M M 0 33 300
7 102 72 87 6 0 22 0.00 M M 11.7 24 320 M M 0 32 300
8 106 66 86 4 0 21 0.00 M M 9.6 24 130 M M 1 31 130
9 100 80 90 8 0 25 0.00 M M 6.5 20 20 M M 0 28 20
10 108 71 90 8 0 25 0.00 M M 9.6 36 280 M M 1 3 50 290
11 106 76 91 9 0 26 0.00 M M 9.2 24 290 M M 0 37 290
12 107 71 89 6 0 24 0.00 M M 11.1 26 290 M M 2 38 300
13 105 71 88 5 0 23 T M M 10.2 36 230 M M 1 38 53 240
14 102 68 85 2 0 20 0.00 M M 10.4 25 300 M M 1 35 310
15 101 62 82 -2 0 17 0.00 M M 5.8 14 260 M M 2 20 210
16 108 65 87 3 0 22 0.00 M M 6.4 32 110 M M 2 44 110
17 100 80 90 6 0 25 T M M 10.4 21 80 M M 2 3 29 40
18 97 68 83 -1 0 18 0.01 M M 12.8 36 320 M M 1 38 48 320
19 95 68 82 -2 0 17 0.29 M M 9.8 23 120 M M 2 13 31 120
20 97 70 84 -1 0 19 0.04 M M 8.5 25 170 M M 1 3 34 170
21 96 68 82 -3 0 17 0.06 M M 10.0 35 20 M M 1 3 53 20
22 92 65 79 -6 0 14 0.00 M M 10.4 22 200 M M 2 3 29 190
23 100 72 86 1 0 21 0.00 M M 10.2 30 290 M M 0 36 280
24 95 75 85 0 0 20 T M M 7.6 24 120 M M 1 3 33 120
25 95 72 84 -2 0 19 0.00 M M 7.0 25 40 M M 2 3 34 40
26 85 68 77 -9 0 12 0.04 M M 7.3 18 130 M M 6 24 80
27 91 66 79 -7 0 14 0.05 M M 8.6 23 150 M M M 13 33 140
28 93 68 81 -5 0 16 0.00 M M 8.1 16 180 M M M 24 160
29 98 73 86 0 0 21 0.00 M M 9.0 20 300 M M M 26 330
30 96 74 85 -1 0 20 0.00 M M 7.6 22 290 M M 1 30 290
================================================================================
SM 2968 2067 0 574 0.49 M 271.4 M 29
================================================================================
AV 98.9 68.9 9.0 FASTST M M 1 MAX(MPH)
MISC ----> # 36 280 53 240
================================================================================
NOTES:
# LAST OF SEVERAL OCCURRENCES
COLUMN 17 PEAK WIND IN M.P.H.
PRELIMINARY LOCAL CLIMATOLOGICAL DATA (WS FORM: F-6) , PAGE 2
STATION: SAFFORD AZ AIRPORT
MONTH: JUNE
YEAR: 2022
LATITUDE: 32 50 N
LONGITUDE: 109 38 W
[TEMPERATURE DATA] [PRECIPITATION DATA] SYMBOLS USED IN COLUMN 16
AVERAGE MONTHLY: 83.9 TOTAL FOR MONTH: 0.49 1 = FOG OR MIST
DPTR FM NORMAL: 0.5 DPTR FM NORMAL: 0.25 2 = FOG REDUCING VISIBILITY
HIGHEST: 108 ON 16,10 GRTST 24HR 0.30 ON 18-19 TO 1/4 MILE OR LESS
LOWEST: 57 ON 1 3 = THUNDER
SNOW, ICE PELLETS, HAIL 4 = ICE PELLETS
TOTAL MONTH: M 5 = HAIL
GRTST 24HR M ON M 6 = FREEZING RAIN OR DRIZZLE
GRTST DEPTH: M ON M 7 = DUSTSTORM OR SANDSTORM:
VSBY 1/2 MILE OR LESS
8 = SMOKE OR HAZE
[NO. OF DAYS WITH] [WEATHER - DAYS WITH] 9 = BLOWING SNOW
X = TORNADO
MAX 32 OR BELOW: 0 0.01 INCH OR MORE: 6
MAX 90 OR ABOVE: 29 0.10 INCH OR MORE: 1
MIN 32 OR BELOW: 0 0.50 INCH OR MORE: 0
MIN 0 OR BELOW: 0 1.00 INCH OR MORE: 0
[HDD (BASE 65) ]
TOTAL THIS MO. 0 CLEAR (SCALE 0-3) 26
DPTR FM NORMAL 0 PTCLDY (SCALE 4-7) 1
TOTAL FM JUL 1 2151 CLOUDY (SCALE 8-10) 3
DPTR FM NORMAL -24
[CDD (BASE 65) ]
TOTAL THIS MO. 574
DPTR FM NORMAL 24 [PRESSURE DATA]
TOTAL FM JAN 1 989 HIGHEST SLP M ON M
DPTR FM NORMAL 83 LOWEST SLP 29.55 ON 13
[REMARKS]
#FINAL-06-22#