000
CXUS55 KTWC 010855
CF6SAD
PRELIMINARY LOCAL CLIMATOLOGICAL DATA (WS FORM: F-6)
STATION: SAFFORD AZ AIRPORT
MONTH: NOVEMBER
YEAR: 2023
LATITUDE: 32 50 N
LONGITUDE: 109 38 W
TEMPERATURE IN F: :PCPN: SNOW: WIND :SUNSHINE: SKY :PK WND
================================================================================
1 2 3 4 5 6A 6B 7 8 9 10 11 12 13 14 15 16 17 18
12Z AVG MX 2MIN
DY MAX MIN AVG DEP HDD CDD WTR SNW DPTH SPD SPD DIR MIN PSBL S-S WX SPD DR
================================================================================
1 70 43 57 -5 8 0 0.00 M M 8.7 15 120 M M 0 25 120
2 75 38 57 -4 8 0 0.00 M M 5.3 15 130 M M 0 19 130
3 78 36 57 -4 8 0 0.00 M M 3.4 9 160 M M 0 13 170
4 82 38 60 0 5 0 0.00 M M 2.2 7 100 M M 0 10 160
5 85 42 64 4 1 0 0.00 M M 3.6 12 120 M M 0 17 110
6 86 46 66 6 0 1 0.00 M M 5.1 14 290 M M 0 19 300
7 86 43 65 6 0 0 0.00 M M 5.8 14 310 M M 0 20 300
8 79 44 62 3 3 0 0.00 M M 7.0 18 290 M M 0 27 280
9 71 39 55 -3 10 0 0.00 M M 5.1 16 290 M M 0 20 290
10 66 47 57 -1 8 0 0.00 M M 7.9 16 160 M M 4 24 140
11 68 50 59 2 6 0 0.00 M M 8.6 17 130 M M 5 24 130
12 73 44 59 2 6 0 0.00 M M 9.3 18 130 M M 0 26 120
13 73 52 63 6 2 0 0.00 M M 9.6 21 120 M M 2 25 120
14 71 53 62 6 3 0 0.00 M M 7.9 12 150 M M 0 17 160
15 73 50 62 6 3 0 0.00 M M 6.7 16 120 M M 0 21 110
16 76 54 65 10 0 0 0.16 M M 5.6 16 280 M M 4 3 20 290
17 73 54 64 9 1 0 T M M 3.7 10 280 M M 4 12 14 300
18 75 53 64 10 1 0 0.13 M M 7.6 45 300 M M 4 18 61 310
19 67 45 56 2 9 0 0.00 M M 11.4 26 290 M M 2 35 290
20 66 43 55 1 10 0 0.00 M M 8.7 16 310 M M 1 22 310
21 66 44 55 2 10 0 0.00 M M 8.6 20 140 M M 1 28 140
22 66 38 52 -1 13 0 0.00 M M 7.8 14 130 M M 0 18 120
23 65 38 52 0 13 0 0.00 M M 7.6 15 130 M M 0 21 110
24 70 34 52 0 13 0 0.00 M M 8.6 23 160 M M 1 32 180
25 60 37 49 -3 16 0 T M M 8.0 18 320 M M 4 25 320
26 63 29 46 -5 19 0 0.00 M M 7.9 16 80 M M 0 21 110
27 63 45 54 3 11 0 0.00 M M 8.0 13 120 M M 0 19 110
28 64 45 55 4 10 0 0.00 M M 10.4 14 100 M M 0 M M
29 M M M M M M M M M M M M M M M M M
30 59 46 53 3 12 0 T M M 12.0 23 300 M M 5 31 290
================================================================================
SM 2069 1270 209 1 0.29 M 212.1 M 37
================================================================================
AV 71.3 43.8 7.3 FASTST M M 1 MAX(MPH)
MISC ----> 45 300 61 310
================================================================================
NOTES:
# LAST OF SEVERAL OCCURRENCES
COLUMN 17 PEAK WIND IN M.P.H.
PRELIMINARY LOCAL CLIMATOLOGICAL DATA (WS FORM: F-6) , PAGE 2
STATION: SAFFORD AZ AIRPORT
MONTH: NOVEMBER
YEAR: 2023
LATITUDE: 32 50 N
LONGITUDE: 109 38 W
[TEMPERATURE DATA] [PRECIPITATION DATA] SYMBOLS USED IN COLUMN 16
AVERAGE MONTHLY: 57.6 TOTAL FOR MONTH: 0.29 1 = FOG OR MIST
DPTR FM NORMAL: 2.0 DPTR FM NORMAL: -0.23 2 = FOG REDUCING VISIBILITY
HIGHEST: 86 ON 7, 6 GRTST 24HR 0.16 ON 16-16 TO 1/4 MILE OR LESS
LOWEST: 29 ON 26 3 = THUNDER
SNOW, ICE PELLETS, HAIL 4 = ICE PELLETS
TOTAL MONTH: M 5 = HAIL
GRTST 24HR M ON M 6 = FREEZING RAIN OR DRIZZLE
GRTST DEPTH: M ON M 7 = DUSTSTORM OR SANDSTORM:
VSBY 1/2 MILE OR LESS
8 = SMOKE OR HAZE
[NO. OF DAYS WITH] [WEATHER - DAYS WITH] 9 = BLOWING SNOW
X = TORNADO
MAX 32 OR BELOW: 0 0.01 INCH OR MORE: 2
MAX 90 OR ABOVE: 0 0.10 INCH OR MORE: 2
MIN 32 OR BELOW: 1 0.50 INCH OR MORE: 0
MIN 0 OR BELOW: 0 1.00 INCH OR MORE: 0
[HDD (BASE 65) ]
TOTAL THIS MO. 209 CLEAR (SCALE 0-3) 22
DPTR FM NORMAL -81 PTCLDY (SCALE 4-7) 7
TOTAL FM JUL 1 256 CLOUDY (SCALE 8-10) 1
DPTR FM NORMAL -83
[CDD (BASE 65) ]
TOTAL THIS MO. 1
DPTR FM NORMAL -7 [PRESSURE DATA]
TOTAL FM JAN 1 3025 HIGHEST SLP M ON M
DPTR FM NORMAL 312 LOWEST SLP 29.70 ON 30
[REMARKS]
#FINAL-11-23#