000
CXUS56 KSGX 011045
CF6SAN
PRELIMINARY LOCAL CLIMATOLOGICAL DATA (WS FORM: F-6)
STATION: SAN DIEGO INTL AIRPORT CA
MONTH: SEPTEMBER
YEAR: 2023
LATITUDE: 32 43 N
LONGITUDE: 117 10 W
TEMPERATURE IN F: :PCPN: SNOW: WIND :SUNSHINE: SKY :PK WND
================================================================================
1 2 3 4 5 6A 6B 7 8 9 10 11 12 13 14 15 16 17 18
12Z AVG MX 2MIN
DY MAX MIN AVG DEP HDD CDD WTR SNW DPTH SPD SPD DIR MIN PSBL S-S WX SPD DR
================================================================================
1 76 69 73 0 0 8 0.00 M M 6.1 13 190 M M 7 18 26 200
2 78 70 74 1 0 9 0.01 M M 5.5 10 300 M M 8 1 17 220
3 79 68 74 1 0 9 0.00 M M 7.9 16 290 M M 8 21 280
4 76 66 71 -2 0 6 0.00 M M 5.1 13 280 M M 5 18 230
5 74 65 70 -3 0 5 0.00 M M 4.6 12 270 M M 8 24 200
6 77 66 72 -1 0 7 0.00 M M 5.8 16 290 M M 4 21 280
7 78 64 71 -1 0 6 0.00 M M 6.1 15 300 M M 4 19 300
8 81 67 74 2 0 9 0.00 M M 6.2 16 290 M M 4 18 22 300
9 83 70 77 5 0 12 0.00 M M 5.8 17 290 M M 4 22 280
10 83 71 77 5 0 12 T M M 5.1 15 300 M M 7 20 300
11 86 71 79 7 0 14 T M M 5.2 17 280 M M 7 1 22 290
12 77 69 73 1 0 8 0.00 M M 4.8 12 220 M M 6 22 200
13 75 67 71 -1 0 6 0.00 M M 4.7 12 280 M M 6 21 200
14 75 67 71 -1 0 6 0.00 M M 5.5 14 270 M M 7 20 260
15 73 68 71 -1 0 6 0.00 M M 6.1 14 280 M M 10 17 320
16 72 68 70 -2 0 5 0.00 M M 5.6 12 260 M M 10 15 250
17 71 68 70 -2 0 5 0.00 M M 5.8 12 280 M M 10 18 250
18 75 66 71 -1 0 6 T M M 6.0 14 280 M M 6 8 19 270
19 75 61 68 -4 0 3 0.00 M M 5.0 10 260 M M 6 21 300
20 74 64 69 -2 0 4 T M M 5.2 14 260 M M 7 23 220
21 75 65 70 -1 0 5 0.00 M M 5.9 14 290 M M 8 8 21 230
22 69 63 66 -5 0 1 0.04 M M 5.1 10 10 M M 8 1 15 10
23 74 65 70 -1 0 5 0.00 M M 6.1 16 290 M M 5 18 22 280
24 75 64 70 -1 0 5 0.00 M M 5.8 15 280 M M 4 20 310
25 75 63 69 -2 0 4 0.00 M M 5.8 16 290 M M 7 8 21 250
26 75 62 69 -2 0 4 0.00 M M 4.4 15 290 M M 4 18 20 310
27 74 62 68 -2 0 3 0.00 M M 5.2 13 190 M M 8 128 22 190
28 72 64 68 -2 0 3 0.00 M M 5.6 10 220 M M 8 18 20 200
29 71 66 69 -1 0 4 T M M 6.5 13 240 M M 9 23 220
30 72 65 69 -1 0 4 T M M 7.3 16 280 M M 8 24 220
================================================================================
SM 2270 1984 0 184 0.05 M 169.8 M 203
================================================================================
AV 75.7 66.1 5.7 FASTST M M 7 MAX(MPH)
MISC ----> # 17 290 26 200
================================================================================
NOTES:
# LAST OF SEVERAL OCCURRENCES
COLUMN 17 PEAK WIND IN M.P.H.
PRELIMINARY LOCAL CLIMATOLOGICAL DATA (WS FORM: F-6) , PAGE 2
STATION: SAN DIEGO INTL AIRPORT CA
MONTH: SEPTEMBER
YEAR: 2023
LATITUDE: 32 43 N
LONGITUDE: 117 10 W
[TEMPERATURE DATA] [PRECIPITATION DATA] SYMBOLS USED IN COLUMN 16
AVERAGE MONTHLY: 70.9 TOTAL FOR MONTH: 0.05 1 = FOG OR MIST
DPTR FM NORMAL: -0.8 DPTR FM NORMAL: -0.07 2 = FOG REDUCING VISIBILITY
HIGHEST: 86 ON 11 GRTST 24HR 0.04 ON 22-22 TO 1/4 MILE OR LESS
LOWEST: 61 ON 19 3 = THUNDER
SNOW, ICE PELLETS, HAIL 4 = ICE PELLETS
TOTAL MONTH: M 5 = HAIL
GRTST 24HR M ON M 6 = FREEZING RAIN OR DRIZZLE
GRTST DEPTH: M ON M 7 = DUSTSTORM OR SANDSTORM:
VSBY 1/2 MILE OR LESS
8 = SMOKE OR HAZE
[NO. OF DAYS WITH] [WEATHER - DAYS WITH] 9 = BLOWING SNOW
X = TORNADO
MAX 32 OR BELOW: 0 0.01 INCH OR MORE: 2
MAX 90 OR ABOVE: 0 0.10 INCH OR MORE: 0
MIN 32 OR BELOW: 0 0.50 INCH OR MORE: 0
MIN 0 OR BELOW: 0 1.00 INCH OR MORE: 0
[HDD (BASE 65) ]
TOTAL THIS MO. 0 CLEAR (SCALE 0-3) 0
DPTR FM NORMAL 0 PTCLDY (SCALE 4-7) 23
TOTAL FM JUL 1 0 CLOUDY (SCALE 8-10) 7
DPTR FM NORMAL -1
[CDD (BASE 65) ]
TOTAL THIS MO. 184
DPTR FM NORMAL -17 [PRESSURE DATA]
TOTAL FM JAN 1 614 HIGHEST SLP 30.09 ON 25
DPTR FM NORMAL -147 LOWEST SLP 29.83 ON 1
[REMARKS]
#FINAL-09-23#