000
CXUS56 KLOX 011155
CF6SBA
PRELIMINARY LOCAL CLIMATOLOGICAL DATA (WS FORM: F-6)
STATION: SANTA BARBARA AIRPORT CA
MONTH: AUGUST
YEAR: 2023
LATITUDE: 34 25 N
LONGITUDE: 119 50 W
TEMPERATURE IN F: :PCPN: SNOW: WIND :SUNSHINE: SKY :PK WND
================================================================================
1 2 3 4 5 6A 6B 7 8 9 10 11 12 13 14 15 16 17 18
12Z AVG MX 2MIN
DY MAX MIN AVG DEP HDD CDD WTR SNW DPTH SPD SPD DIR MIN PSBL S-S WX SPD DR
================================================================================
1 79 60 70 4 0 5 0.00 M M 4.8 13 240 M M 0 18 15 250
2 82 58 70 4 0 5 0.00 M M 5.2 13 140 M M 0 16 140
3 85 57 71 5 0 6 0.00 M M 4.5 10 170 M M 0 15 120
4 78 59 69 3 0 4 0.00 M M 5.8 13 150 M M 0 17 130
5 78 56 67 1 0 2 0.00 M M 5.0 13 140 M M 1 18 15 140
6 75 58 67 1 0 2 0.00 M M 3.6 12 140 M M 2 18 14 140
7 75 61 68 2 0 3 0.00 M M 6.3 12 260 M M 6 18 14 150
8 77 62 70 4 0 5 0.00 M M 5.3 13 240 M M 4 18 17 260
9 77 63 70 4 0 5 0.00 M M 4.8 12 250 M M 5 18 14 230
10 73 65 69 3 0 4 0.17 M M 4.1 13 250 M M 9 18 15 260
11 72 65 69 3 0 4 0.00 M M 4.5 13 250 M M 8 18 15 260
12 76 64 70 4 0 5 0.00 M M 6.2 14 140 M M 3 18 17 140
13 76 65 71 5 0 6 0.00 M M 7.0 17 250 M M 3 18 20 250
14 74 64 69 3 0 4 0.00 M M 5.7 16 260 M M 8 1 19 270
15 74 63 69 3 0 4 0.00 M M 6.7 14 260 M M 6 1 18 250
16 77 64 71 5 0 6 0.00 M M 7.0 16 260 M M 5 18 19 260
17 73 63 68 2 0 3 T M M 8.0 20 260 M M 5 18 23 260
18 77 62 70 4 0 5 0.00 M M 5.7 15 250 M M 5 18 18 250
19 77 58 68 2 0 3 0.00 M M 4.6 13 250 M M 1 8 16 260
20 79 63 71 5 0 6 0.11 M M 3.6 14 90 M M 6 18 19 80
21 75 64 70 4 0 5 0.02 M M 8.4 22 100 M M 6 18 29 110
22 80 60 70 4 0 5 0.00 M M 5.2 14 250 M M 1 17 250
23 79 59 69 3 0 4 0.00 M M 6.2 15 260 M M 1 18 19 260
24 75 60 68 2 0 3 0.00 M M 6.6 16 260 M M 6 18 20 260
25 79 57 68 2 0 3 0.00 M M 5.6 13 240 M M 2 128 16 250
26 81 63 72 6 0 7 0.00 M M 5.7 13 260 M M 2 18 16 250
27 84 58 71 5 0 6 0.00 M M 4.1 10 230 M M 0 18 13 220
28 88 58 73 7 0 8 0.00 M M 3.7 9 120 M M 0 18 13 250
29 85 58 72 6 0 7 0.00 M M 3.9 10 130 M M 0 18 13 130
30 84 60 72 6 0 7 0.00 M M 3.0 9 250 M M 0 18 12 240
31 72 58 65 -1 0 0 0.00 M M 3.9 9 140 M M 3 18 13 140
================================================================================
SM 2416 1885 0 142 0.30 M 164.7 M 98
================================================================================
AV 77.9 60.8 5.3 FASTST M M 3 MAX(MPH)
MISC ----> 22 100 29 110
================================================================================
NOTES:
# LAST OF SEVERAL OCCURRENCES
COLUMN 17 PEAK WIND IN M.P.H.
PRELIMINARY LOCAL CLIMATOLOGICAL DATA (WS FORM: F-6) , PAGE 2
STATION: SANTA BARBARA AIRPORT CA
MONTH: AUGUST
YEAR: 2023
LATITUDE: 34 25 N
LONGITUDE: 119 50 W
[TEMPERATURE DATA] [PRECIPITATION DATA] SYMBOLS USED IN COLUMN 16
AVERAGE MONTHLY: 69.4 TOTAL FOR MONTH: 0.30 1 = FOG OR MIST
DPTR FM NORMAL: 3.2 DPTR FM NORMAL: 0.29 2 = FOG REDUCING VISIBILITY
HIGHEST: 88 ON 28 GRTST 24HR 0.17 ON 10-10 TO 1/4 MILE OR LESS
LOWEST: 56 ON 5 3 = THUNDER
SNOW, ICE PELLETS, HAIL 4 = ICE PELLETS
TOTAL MONTH: M 5 = HAIL
GRTST 24HR M ON M 6 = FREEZING RAIN OR DRIZZLE
GRTST DEPTH: M ON M 7 = DUSTSTORM OR SANDSTORM:
VSBY 1/2 MILE OR LESS
8 = SMOKE OR HAZE
[NO. OF DAYS WITH] [WEATHER - DAYS WITH] 9 = BLOWING SNOW
X = TORNADO
MAX 32 OR BELOW: 0 0.01 INCH OR MORE: 3
MAX 90 OR ABOVE: 0 0.10 INCH OR MORE: 2
MIN 32 OR BELOW: 0 0.50 INCH OR MORE: 0
MIN 0 OR BELOW: 0 1.00 INCH OR MORE: 0
[HDD (BASE 65) ]
TOTAL THIS MO. 0 CLEAR (SCALE 0-3) 17
DPTR FM NORMAL -23 PTCLDY (SCALE 4-7) 13
TOTAL FM JUL 1 18 CLOUDY (SCALE 8-10) 1
DPTR FM NORMAL -42
[CDD (BASE 65) ]
TOTAL THIS MO. 142
DPTR FM NORMAL 80 [PRESSURE DATA]
TOTAL FM JAN 1 222 HIGHEST SLP 30.04 ON 8
DPTR FM NORMAL 78 LOWEST SLP 29.51 ON 20
[REMARKS]
#FINAL-08-23#