849
CXUS56 KLOX 011655
CF6SBP
PRELIMINARY LOCAL CLIMATOLOGICAL DATA (WS FORM: F-6)
STATION: SAN LUIS OBISPO AIRPORT CA
MONTH: MAY
YEAR: 2020
LATITUDE: 35 13 N
LONGITUDE: 120 38 W
TEMPERATURE IN F: :PCPN: SNOW: WIND :SUNSHINE: SKY :PK WND
================================================================================
1 2 3 4 5 6A 6B 7 8 9 10 11 12 13 14 15 16 17 18
12Z AVG MX 2MIN
DY MAX MIN AVG DEP HDD CDD WTR SNW DPTH SPD SPD DIR MIN PSBL S-S WX SPD DR
================================================================================
1 80 51 66 8 0 1 0.00 0.0 0 12.2 29 310 M M 0 33 320
2 70 47 59 0 6 0 0.00 0.0 0 10.2 28 310 M M 3 1 34 310
3 74 48 61 2 4 0 0.00 M 0 10.6 26 310 M M 2 12 33 320
4 86 47 67 8 0 2 0.00 0.0 0 8.9 25 310 M M 0 30 310
5 74 51 63 4 2 0 0.00 0.0 0 15.4 29 310 M M 0 33 310
6 89 56 73 14 0 8 0.00 0.0 0 12.0 26 310 M M 0 35 300
7 91 54 73 14 0 8 0.00 0.0 0 9.2 24 310 M M 0 31 320
8 87 51 69 10 0 4 0.00 0.0 0 4.0 12 290 M M 0 1 22 320
9 74 50 62 3 3 0 0.00 0.0 0 4.6 13 310 M M 5 12 17 310
10 66 52 59 -1 6 0 0.00 0.0 0 4.3 13 210 M M 9 1 17 210
11 71 54 63 3 2 0 0.00 0.0 0 4.9 14 210 M M 5 16 210
12 71 55 63 3 2 0 T 0.0 0 9.2 21 320 M M 7 26 330
13 72 48 60 0 5 0 0.00 0.0 0 10.9 25 310 M M 3 29 320
14 72 54 63 3 2 0 0.00 0.0 0 13.6 30 310 M M 2 36 310
15 74 53 64 4 1 0 0.00 0.0 0 12.8 29 310 M M 0 37 320
16 79 53 66 6 0 1 0.00 0.0 0 14.5 28 310 M M 1 35 300
17 75 50 63 3 2 0 0.04 0.0 0 3.9 15 220 M M 9 128 18 210
18 70 54 62 2 3 0 0.05 0.0 0 8.9 22 310 M M 6 1 27 320
19 70 45 58 -2 7 0 0.00 0.0 0 8.5 23 310 M M 3 27 320
20 71 47 59 -1 6 0 0.00 0.0 0 11.3 26 310 M M 0 33 300
21 78 50 64 3 1 0 0.00 0.0 0 13.9 26 320 M M 0 33 320
22 70 47 59 -2 6 0 0.00 0.0 0 9.6 25 310 M M 1 1 30 320
23 72 44 58 -3 7 0 0.00 M 0 7.6 23 310 M M 1 12 26 310
24 81 45 63 2 2 0 0.00 0.0 0 6.9 23 310 M M 0 25 310
25 84 50 67 6 0 2 0.00 0.0 0 4.1 16 310 M M 0 8 18 310
26 86 53 70 9 0 5 0.00 0.0 0 3.1 9 250 M M 0 13 250
27 84 55 70 9 0 5 0.00 0.0 0 2.7 10 280 M M 0 14 270
28 73 54 64 3 1 0 0.00 0.0 0 4.2 12 220 M M 4 1 16 210
29 65 57 61 0 4 0 0.00 0.0 0 5.8 14 210 M M 10 1 20 220
30 69 54 62 1 3 0 T 0.0 0 6.5 18 220 M M 9 1 25 220
31 76 50 63 1 2 0 0.00 0.0 0 7.5 21 310 M M 3 128 24 310
================================================================================
SM 2354 1579 77 36 0.09 0.0 261.8 M 83
================================================================================
AV 75.9 50.9 8.4 FASTST M M 3 MAX(MPH)
MISC ----> # 30 310 # 37 320
================================================================================
NOTES:
# LAST OF SEVERAL OCCURRENCES
COLUMN 17 PEAK WIND IN M.P.H.
PRELIMINARY LOCAL CLIMATOLOGICAL DATA (WS FORM: F-6) , PAGE 2
STATION: SAN LUIS OBISPO AIRPORT CA
MONTH: MAY
YEAR: 2020
LATITUDE: 35 13 N
LONGITUDE: 120 38 W
[TEMPERATURE DATA] [PRECIPITATION DATA] SYMBOLS USED IN COLUMN 16
AVERAGE MONTHLY: 63.4 TOTAL FOR MONTH: 0.09 1 = FOG OR MIST
DPTR FM NORMAL: 3.3 DPTR FM NORMAL: -0.29 2 = FOG REDUCING VISIBILITY
HIGHEST: 91 ON 7 GRTST 24HR 0.05 ON 18-18 TO 1/4 MILE OR LESS
LOWEST: 44 ON 23 3 = THUNDER
SNOW, ICE PELLETS, HAIL 4 = ICE PELLETS
TOTAL MONTH: 0.0 INCH 5 = HAIL
GRTST 24HR 0.0 6 = FREEZING RAIN OR DRIZZLE
GRTST DEPTH: 0 7 = DUSTSTORM OR SANDSTORM:
VSBY 1/2 MILE OR LESS
8 = SMOKE OR HAZE
[NO. OF DAYS WITH] [WEATHER - DAYS WITH] 9 = BLOWING SNOW
X = TORNADO
MAX 32 OR BELOW: 0 0.01 INCH OR MORE: 2
MAX 90 OR ABOVE: 1 0.10 INCH OR MORE: 0
MIN 32 OR BELOW: 0 0.50 INCH OR MORE: 0
MIN 0 OR BELOW: 0 1.00 INCH OR MORE: 0
[HDD (BASE 65) ]
TOTAL THIS MO. 77 CLEAR (SCALE 0-3) 20
DPTR FM NORMAL -89 PTCLDY (SCALE 4-7) 7
TOTAL FM JUL 1 2020 CLOUDY (SCALE 8-10) 4
DPTR FM NORMAL -286
[CDD (BASE 65) ]
TOTAL THIS MO. 36
DPTR FM NORMAL 22 [PRESSURE DATA]
TOTAL FM JAN 1 55 HIGHEST SLP 30.13 ON 20
DPTR FM NORMAL 31 LOWEST SLP 29.81 ON 8
[REMARKS]
#FINAL-05-20#