000
CXUS56 KLOX 011155
CF6SBP
PRELIMINARY LOCAL CLIMATOLOGICAL DATA (WS FORM: F-6)
STATION: SAN LUIS OBISPO AIRPORT CA
MONTH: AUGUST
YEAR: 2023
LATITUDE: 35 13 N
LONGITUDE: 120 38 W
TEMPERATURE IN F: :PCPN: SNOW: WIND :SUNSHINE: SKY :PK WND
================================================================================
1 2 3 4 5 6A 6B 7 8 9 10 11 12 13 14 15 16 17 18
12Z AVG MX 2MIN
DY MAX MIN AVG DEP HDD CDD WTR SNW DPTH SPD SPD DIR MIN PSBL S-S WX SPD DR
================================================================================
1 76 55 66 -1 0 1 0.00 M M 7.2 20 310 M M 5 1 23 310
2 74 57 66 -1 0 1 0.00 M M 9.1 22 310 M M 4 27 320
3 76 53 65 -2 0 0 0.00 M M 10.7 26 310 M M 2 1 32 320
4 80 55 68 1 0 3 0.00 M M 12.2 30 310 M M 2 1 36 310
5 75 54 65 -2 0 0 0.00 M M 10.1 28 320 M M 3 1 34 320
6 83 54 69 2 0 4 0.00 M M 6.8 21 320 M M 1 12 26 340
7 81 57 69 2 0 4 0.00 M M 5.1 10 230 M M 2 1 14 220
8 81 58 70 3 0 5 0.00 M M 4.2 14 310 M M 4 1 20 300
9 78 58 68 1 0 3 0.00 M M 6.0 14 320 M M 4 1 16 240
10 73 60 67 0 0 2 T M M 4.3 12 310 M M 6 13 300
11 85 60 73 6 0 8 0.00 M M 7.1 20 320 M M 4 23 310
12 81 59 70 3 0 5 0.00 M M 6.2 16 310 M M 1 18 19 300
13 82 60 71 4 0 6 0.00 M M 6.8 16 310 M M 2 1 19 320
14 84 60 72 5 0 7 0.00 M M 5.0 14 310 M M 2 1 17 300
15 85 60 73 6 0 8 0.00 M M 5.4 15 310 M M 5 1 17 320
16 83 61 72 5 0 7 0.00 M M 5.8 14 310 M M 5 18 18 300
17 83 61 72 5 0 7 0.00 M M 6.3 14 310 M M 6 1 18 290
18 84 62 73 6 0 8 0.00 M M 7.0 21 310 M M 3 23 300
19 82 56 69 2 0 4 0.00 M M 5.1 14 230 M M 1 18 240
20 95 63 79 12 0 14 0.00 M M 7.9 18 70 M M 3 27 50
21 78 65 72 5 0 7 T M M 6.3 20 240 M M 5 26 240
22 83 60 72 5 0 7 0.00 M M 7.8 20 310 M M 0 25 310
23 83 60 72 5 0 7 0.00 M M 4.5 15 320 M M 5 12 17 300
24 80 62 71 4 0 6 0.00 M M 5.4 15 310 M M 6 18 18 310
25 81 61 71 4 0 6 0.00 M M 8.8 21 300 M M 3 25 310
26 81 63 72 5 0 7 0.00 M M 8.2 20 310 M M 5 23 310
27 88 60 74 7 0 9 0.00 M M 8.7 25 310 M M 3 18 32 310
28 100 60 80 13 0 15 0.00 M M 10.9 29 330 M M 0 34 320
29 92 60 76 9 0 11 0.00 M M 11.2 26 320 M M 0 32 320
30 101 60 81 14 0 16 0.00 M M 5.2 20 310 M M 0 23 310
31 82 54 68 1 0 3 0.00 M M 4.5 14 300 M M 2 128 20 300
================================================================================
SM 2570 1828 0 191 T M 219.8 M 94
================================================================================
AV 82.9 59.0 7.1 FASTST M M 3 MAX(MPH)
MISC ----> 30 310 36 310
================================================================================
NOTES:
# LAST OF SEVERAL OCCURRENCES
COLUMN 17 PEAK WIND IN M.P.H.
PRELIMINARY LOCAL CLIMATOLOGICAL DATA (WS FORM: F-6) , PAGE 2
STATION: SAN LUIS OBISPO AIRPORT CA
MONTH: AUGUST
YEAR: 2023
LATITUDE: 35 13 N
LONGITUDE: 120 38 W
[TEMPERATURE DATA] [PRECIPITATION DATA] SYMBOLS USED IN COLUMN 16
AVERAGE MONTHLY: 70.9 TOTAL FOR MONTH: T 1 = FOG OR MIST
DPTR FM NORMAL: 3.8 DPTR FM NORMAL: -0.01 2 = FOG REDUCING VISIBILITY
HIGHEST: 101 ON 30 GRTST 24HR T ON 10-10 TO 1/4 MILE OR LESS
LOWEST: 53 ON 3 3 = THUNDER
SNOW, ICE PELLETS, HAIL 4 = ICE PELLETS
TOTAL MONTH: M 5 = HAIL
GRTST 24HR M ON M 6 = FREEZING RAIN OR DRIZZLE
GRTST DEPTH: M ON M 7 = DUSTSTORM OR SANDSTORM:
VSBY 1/2 MILE OR LESS
8 = SMOKE OR HAZE
[NO. OF DAYS WITH] [WEATHER - DAYS WITH] 9 = BLOWING SNOW
X = TORNADO
MAX 32 OR BELOW: 0 0.01 INCH OR MORE: 0
MAX 90 OR ABOVE: 4 0.10 INCH OR MORE: 0
MIN 32 OR BELOW: 0 0.50 INCH OR MORE: 0
MIN 0 OR BELOW: 0 1.00 INCH OR MORE: 0
[HDD (BASE 65) ]
TOTAL THIS MO. 0 CLEAR (SCALE 0-3) 14
DPTR FM NORMAL -13 PTCLDY (SCALE 4-7) 17
TOTAL FM JUL 1 3 CLOUDY (SCALE 8-10) 0
DPTR FM NORMAL -26
[CDD (BASE 65) ]
TOTAL THIS MO. 191
DPTR FM NORMAL 113 [PRESSURE DATA]
TOTAL FM JAN 1 296 HIGHEST SLP 30.10 ON 3
DPTR FM NORMAL 107 LOWEST SLP 29.56 ON 20
[REMARKS]
#FINAL-08-23#