000
CXUS51 KAKQ 010710
CF6SBY
PRELIMINARY LOCAL CLIMATOLOGICAL DATA (WS FORM: F-6)
STATION: SALISBURY MD
MONTH: JUNE
YEAR: 2023
LATITUDE: 38 20 N
LONGITUDE: 75 30 W
TEMPERATURE IN F: :PCPN: SNOW: WIND :SUNSHINE: SKY :PK WND
================================================================================
1 2 3 4 5 6A 6B 7 8 9 10 11 12 13 14 15 16 17 18
12Z AVG MX 2MIN
DY MAX MIN AVG DEP HDD CDD WTR SNW DPTH SPD SPD DIR MIN PSBL S-S WX SPD DR
================================================================================
1 80 57 69 1 0 4 T 0.0 0 7.3 17 50 M M 7 1 22 50
2 89 52 71 3 0 6 0.00 0.0 0 4.0 12 70 M M 1 1 17 40
3 76 57 67 -2 0 2 T 0.0 0 11.4 23 60 M M 6 1 31 50
4 73 52 63 -6 2 0 T 0.0 0 7.3 17 60 M M 5 24 50
5 78 51 65 -4 0 0 0.00 0.0 0 5.1 14 310 M M 4 21 290
6 80 56 68 -2 0 3 0.00 0.0 0 6.9 18 250 M M 1 18 23 240
7 79 56 68 -2 0 3 0.00 0.0 0 5.2 14 260 M M 9 18 18 290
8 76 53 65 -5 0 0 0.50 0.0 0 3.1 28 320 M M 5 1238 37 320
9 76 50 63 -8 2 0 T 0.0 0 4.9 17 300 M M 4 138 25 250
10 82 51 67 -4 0 2 T 0.0 0 6.5 16 240 M M 1 23 260
11 88 60 74 3 0 9 0.00 0.0 0 9.7 20 170 M M 0 26 170
12 82 65 74 2 0 9 0.64 0.0 0 8.4 18 310 M M 7 138 26 320
13 80 61 71 -1 0 6 0.00 0.0 0 7.3 16 250 M M 3 23 260
14 82 61 72 0 0 7 0.00 0.0 0 9.1 22 250 M M 2 36 240
15 82 54 68 -5 0 3 0.00 0.0 0 4.2 17 240 M M 0 21 280
16 84 60 72 -1 0 7 T 0.0 0 7.3 18 250 M M 5 3 23 210
17 82 62 72 -1 0 7 0.00 0.0 0 8.0 20 320 M M 3 26 330
18 84 56 70 -4 0 5 0.00 0.0 0 4.3 16 260 M M 0 22 220
19 86 57 72 -2 0 7 T 0.0 0 5.5 16 120 M M 3 13 20 150
20 81 66 74 0 0 9 T 0.0 0 10.6 22 60 M M 3 1 28 70
21 70 64 67 -8 0 2 1.11 0.0 0 18.4 30 50 M M 10 1 42 50
22 68 64 66 -9 0 1 T 0.0 0 11.2 17 60 M M 10 1 23 40
23 84 66 75 0 0 10 0.20 0.0 0 7.9 24 160 M M 7 13 33 160
24 86 71 79 4 0 14 0.26 0.0 0 5.4 16 150 M M 7 13 21 140
25 89 69 79 3 0 14 0.00 0.0 0 4.7 14 200 M M 1 1 18 260
26 92 70 81 5 0 16 0.09 0.0 0 9.3 20 210 M M 1 3 27 200
27 87 67 77 1 0 12 0.71 0.0 0 7.6 30 260 M M 3 13 47 280
28 84 67 76 0 0 11 0.00 0.0 0 5.3 13 260 M M 3 18 17 270
29 86 63 75 -2 0 10 0.00 0.0 0 2.6 12 140 M M 3 18 15 140
30 86 61 74 -3 0 9 0.01 0.0 0 4.1 16 120 M M 3 128 19 120
================================================================================
SM 2452 1799 4 188 3.52 0.0 212.6 M 117
================================================================================
AV 81.7 60.0 7.1 FASTST M M 4 MAX(MPH)
MISC ----> # 30 50 47 280
================================================================================
NOTES:
# LAST OF SEVERAL OCCURRENCES
COLUMN 17 PEAK WIND IN M.P.H.
PRELIMINARY LOCAL CLIMATOLOGICAL DATA (WS FORM: F-6) , PAGE 2
STATION: SALISBURY MD
MONTH: JUNE
YEAR: 2023
LATITUDE: 38 20 N
LONGITUDE: 75 30 W
[TEMPERATURE DATA] [PRECIPITATION DATA] SYMBOLS USED IN COLUMN 16
AVERAGE MONTHLY: 70.9 TOTAL FOR MONTH: 3.52 1 = FOG OR MIST
DPTR FM NORMAL: -1.8 DPTR FM NORMAL: -0.51 2 = FOG REDUCING VISIBILITY
HIGHEST: 92 ON 26 GRTST 24HR 1.11 ON 21-21 TO 1/4 MILE OR LESS
LOWEST: 50 ON 9 3 = THUNDER
SNOW, ICE PELLETS, HAIL 4 = ICE PELLETS
TOTAL MONTH: 0.0 INCH 5 = HAIL
GRTST 24HR 0.0 6 = FREEZING RAIN OR DRIZZLE
GRTST DEPTH: 0 7 = DUSTSTORM OR SANDSTORM:
VSBY 1/2 MILE OR LESS
8 = SMOKE OR HAZE
[NO. OF DAYS WITH] [WEATHER - DAYS WITH] 9 = BLOWING SNOW
X = TORNADO
MAX 32 OR BELOW: 0 0.01 INCH OR MORE: 8
MAX 90 OR ABOVE: 1 0.10 INCH OR MORE: 6
MIN 32 OR BELOW: 0 0.50 INCH OR MORE: 4
MIN 0 OR BELOW: 0 1.00 INCH OR MORE: 1
[HDD (BASE 65) ]
TOTAL THIS MO. 4 CLEAR (SCALE 0-3) 15
DPTR FM NORMAL -12 PTCLDY (SCALE 4-7) 12
TOTAL FM JUL 1 3509 CLOUDY (SCALE 8-10) 3
DPTR FM NORMAL -698
[CDD (BASE 65) ]
TOTAL THIS MO. 188
DPTR FM NORMAL -60 [PRESSURE DATA]
TOTAL FM JAN 1 264 HIGHEST SLP M ON M
DPTR FM NORMAL -92 LOWEST SLP 29.55 ON 14
[REMARKS]
#FINAL-06-23#