000
CXUS51 KAKQ 010710
CF6SBY
PRELIMINARY LOCAL CLIMATOLOGICAL DATA (WS FORM: F-6)
STATION: SALISBURY MD
MONTH: JULY
YEAR: 2021
LATITUDE: 38 20 N
LONGITUDE: 75 30 W
TEMPERATURE IN F: :PCPN: SNOW: WIND :SUNSHINE: SKY :PK WND
================================================================================
1 2 3 4 5 6A 6B 7 8 9 10 11 12 13 14 15 16 17 18
12Z AVG MX 2MIN
DY MAX MIN AVG DEP HDD CDD WTR SNW DPTH SPD SPD DIR MIN PSBL S-S WX SPD DR
================================================================================
1 93 75 84 7 0 19 0.02 0.0 0 7.9 22 270 M M 2 3 40 270
2 77 67 72 -5 0 7 1.39 0.0 0 M M M M M 7 M M
3 80 63 72 -5 0 7 0.08 0.0 0 7.1 23 340 M M 3 30 350
4 83 61 72 -6 0 7 0.00 0.0 0 4.0 15 240 M M 2 23 240
5 88 64 76 -2 0 11 0.00 0.0 0 7.1 14 210 M M 1 17 210
6 91 70 81 3 0 16 0.00 0.0 0 8.0 15 230 M M 0 19 230
7 92 76 84 6 0 19 0.00 0.0 0 9.2 18 210 M M 0 23 210
8 88 75 82 4 0 17 1.48 0.0 0 10.2 32 90 M M 4 41 120
9 88 73 81 3 0 16 0.17 0.0 0 9.7 22 290 M M 5 31 280
10 84 68 76 -2 0 11 0.00 0.0 0 7.3 15 260 M M 2 20 260
11 89 67 78 0 0 13 0.00 0.0 0 7.2 15 170 M M 2 20 180
12 91 75 83 5 0 18 0.00 0.0 0 9.6 17 210 M M 3 23 210
13 93 77 85 7 0 20 0.00 0.0 0 8.7 17 210 M M 0 22 190
14 92 73 83 5 0 18 0.08 0.0 0 6.3 16 240 M M 1 23 250
15 90 71 81 3 0 16 0.00 0.0 0 3.9 14 250 M M 1 1 18 250
16 93 76 85 7 0 20 0.00 0.0 0 5.9 14 250 M M 0 18 240
17 93 73 83 5 0 18 0.88 0.0 0 8.3 21 270 M M 1 13 30 270
18 86 70 78 0 0 13 0.00 0.0 0 7.4 15 260 M M 3 3 19 260
19 83 68 76 -2 0 11 0.00 0.0 0 3.0 9 240 M M 1 11 240
20 89 67 78 0 0 13 0.00 0.0 0 2.8 9 250 M M 1 18 12 260
21 90 70 80 2 0 15 0.00 0.0 0 6.2 14 320 M M 0 18 18 320
22 83 64 74 -4 0 9 0.00 0.0 0 5.2 13 340 M M 1 8 17 360
23 85 62 74 -4 0 9 0.00 0.0 0 2.7 12 350 M M 1 1 15 40
24 86 59 73 -5 0 8 0.00 0.0 0 4.5 12 180 M M 3 8 16 220
25 85 69 77 -1 0 12 0.12 0.0 0 9.6 20 210 M M 5 18 26 200
26 91 75 83 5 0 18 T 0.0 0 6.1 14 250 M M 3 138 18 250
27 94 73 84 6 0 19 0.00 0.0 0 4.4 15 120 M M 2 1 19 120
28 92 71 82 4 0 17 0.00 0.0 0 4.3 13 110 M M 2 12 17 100
29 89 71 80 2 0 15 0.00 0.0 0 6.8 15 190 M M 5 1 19 220
30 92 70 81 3 0 16 0.00 0.0 0 5.2 15 330 M M 2 1 18 340
31 81 65 73 -5 0 8 0.00 0.0 0 5.2 13 30 M M 0 1 17 50
================================================================================
SM 2731 2158 0 436 4.22 0.0 193.8 M 63
================================================================================
AV 88.1 69.6 6.5 FASTST M M 2 MAX(MPH)
MISC ----> 32 90 41 120
================================================================================
NOTES:
# LAST OF SEVERAL OCCURRENCES
COLUMN 17 PEAK WIND IN M.P.H.
PRELIMINARY LOCAL CLIMATOLOGICAL DATA (WS FORM: F-6) , PAGE 2
STATION: SALISBURY MD
MONTH: JULY
YEAR: 2021
LATITUDE: 38 20 N
LONGITUDE: 75 30 W
[TEMPERATURE DATA] [PRECIPITATION DATA] SYMBOLS USED IN COLUMN 16
AVERAGE MONTHLY: 78.9 TOTAL FOR MONTH: 4.22 1 = FOG OR MIST
DPTR FM NORMAL: 1.0 DPTR FM NORMAL: -0.51 2 = FOG REDUCING VISIBILITY
HIGHEST: 94 ON 27 GRTST 24HR 1.48 ON 8- 8 TO 1/4 MILE OR LESS
LOWEST: 59 ON 24 3 = THUNDER
SNOW, ICE PELLETS, HAIL 4 = ICE PELLETS
TOTAL MONTH: 0.0 INCH 5 = HAIL
GRTST 24HR 0.0 6 = FREEZING RAIN OR DRIZZLE
GRTST DEPTH: 0 7 = DUSTSTORM OR SANDSTORM:
VSBY 1/2 MILE OR LESS
8 = SMOKE OR HAZE
[NO. OF DAYS WITH] [WEATHER - DAYS WITH] 9 = BLOWING SNOW
X = TORNADO
MAX 32 OR BELOW: 0 0.01 INCH OR MORE: 8
MAX 90 OR ABOVE: 14 0.10 INCH OR MORE: 5
MIN 32 OR BELOW: 0 0.50 INCH OR MORE: 3
MIN 0 OR BELOW: 0 1.00 INCH OR MORE: 2
[HDD (BASE 65) ]
TOTAL THIS MO. 0 CLEAR (SCALE 0-3) 25
DPTR FM NORMAL 0 PTCLDY (SCALE 4-7) 6
TOTAL FM JUL 1 0 CLOUDY (SCALE 8-10) 0
DPTR FM NORMAL 0
[CDD (BASE 65) ]
TOTAL THIS MO. 436
DPTR FM NORMAL 36 [PRESSURE DATA]
TOTAL FM JAN 1 849 HIGHEST SLP M ON M
DPTR FM NORMAL 93 LOWEST SLP 29.64 ON 8
[REMARKS]
#FINAL-07-21#