000
CXUS51 KAKQ 021819
CLMSBY
CLIMATE REPORT
NATIONAL WEATHER SERVICE WAKEFIELD VA
219 PM EDT MON OCT 02 2023
...................................
...THE SALISBURY MD CLIMATE SUMMARY FOR THE MONTH OF SEPTEMBER 2023...
CLIMATE NORMAL PERIOD: 1991 TO 2020
CLIMATE RECORD PERIOD: 1900 TO 2023
WEATHER OBSERVED NORMAL DEPART LAST YEAR`S
VALUE DATE(S) VALUE FROM VALUE DATE(S)
NORMAL
................................................................
TEMPERATURE (F)
RECORD
HIGH 100 09/01/1932
LOW 34 09/21/1956
HIGHEST 97 09/06 91 6 89 09/04
09/07
LOWEST 52 09/02 44 8 44 09/24
AVG. MAXIMUM 81.3 79.5 1.8 80.5
AVG. MINIMUM 62.3 59.9 2.4 59.4
MEAN 71.8 69.7 2.1 69.9
DAYS MAX >= 90 7 2.0 5.0 0
DAYS MAX <= 32 0 0.0 0.0 0
DAYS MIN <= 32 0 0.0 0.0 0
DAYS MIN <= 0 0 0.0 0.0 0
PRECIPITATION (INCHES)
RECORD
MAXIMUM 14.83 1935
MINIMUM 0.26 1921
TOTALS 5.79 4.48 1.31 4.15
DAILY AVG. 0.19 0.15 0.04 0.14
DAYS >= .01 11 9.1 1.9 7
DAYS >= .10 8 5.9 2.1 5
DAYS >= .50 3 2.7 0.3 3
DAYS >= 1.00 2 1.1 0.9 2
GREATEST
24 HR. TOTAL 2.83 09/23 TO 09/23
DEGREE DAYS
HEATING TOTAL 6 30 -24 26
SINCE 7/1 6 28 -22 MM
COOLING TOTAL 218 171 47 180
SINCE 1/1 1329 1264 65 MM
................................................................
WIND (MPH)
AVERAGE WIND SPEED 6.4
HIGHEST WIND SPEED/DIRECTION 33/050 DATE 09/28
HIGHEST GUST SPEED/DIRECTION 41/030 DATE 09/23
SKY COVER
POSSIBLE SUNSHINE (PERCENT) MM
AVERAGE SKY COVER 0.37
AVERAGE RH (PERCENT) 73
WEATHER CONDITIONS. NUMBER OF DAYS WITH
THUNDERSTORM 5 MIXED PRECIP 0
HEAVY RAIN 5 RAIN 6
LIGHT RAIN 14 FREEZING RAIN 0
LT FREEZING RAIN 0 HAIL 0
HEAVY SNOW 0 SNOW 0
LIGHT SNOW 0 SLEET 0
FOG 15 FOG W/VIS <= 1/4 MILE 1
HAZE 0
- INDICATES NEGATIVE NUMBERS.
R INDICATES RECORD WAS SET OR TIED.
MM INDICATES DATA IS MISSING.
T INDICATES TRACE AMOUNT.
$$