000
CXUS56 KSTO 091822
CLMSCK
CLIMATE REPORT
NATIONAL WEATHER SERVICE SACRAMENTO
1022 AM PST TUE JAN 09 2024
...................................
...THE STOCKTON AIRPORT CA CLIMATE SUMMARY FOR THE MONTH OF DECEMBER 2023...
CLIMATE NORMAL PERIOD: 1991 TO 2020
CLIMATE RECORD PERIOD: 1948 TO 2024
WEATHER OBSERVED NORMAL DEPART LAST YEAR`S
VALUE DATE(S) VALUE FROM VALUE
NORMAL
..............................................................
TEMPERATURE (F)
RECORD
HIGH 76 12/07/2020
LOW 17 12/22/1990
HIGHEST 68 12/22 MM MM
12/16
12/29
LOWEST 30 12/10 MM MM
12/11
12/13
AVG. MAXIMUM 62.6
AVG. MINIMUM 40.9
MEAN 51.7
DAYS MAX >= 90 0 0.0 0.0
DAYS MAX <= 32 0 0.0 0.0
DAYS MIN <= 32 6 8.0 -2.0
DAYS MIN <= 0 0 0.0 0.0
PRECIPITATION (INCHES)
RECORD
MAXIMUM 8.50 2022
MINIMUM 0.03 1989
TOTALS 2.80 2.41 0.39 8.50
DAILY AVG. 0.09 0.08 0.01 0.27
DAYS >= .01 9 9.1 -0.1 13
DAYS >= .10 7 5.6 1.4 9
DAYS >= .50 1 1.5 -0.5 7
DAYS >= 1.00 0 3
DAYS >= %-5.2F 0 0
DEGREE DAYS
HEATING TOTAL 405 535 -130
SINCE 7/1 758 913 -155
COOLING TOTAL 0 0 0
SINCE 1/1 1563 1566 -3
..............................................................
WIND (MPH)
AVERAGE WIND SPEED 4.7
HIGHEST WIND SPEED/DIRECTION 24/130 DATE 12/18
HIGHEST GUST SPEED/DIRECTION 32/120 DATE 12/18
SKY COVER
POSSIBLE SUNSHINE (PERCENT) MM
AVERAGE SKY COVER 0.31
NUMBER OF DAYS FAIR 20
NUMBER OF DAYS PC 9
NUMBER OF DAYS CLOUDY 2
AVERAGE RH (PERCENT) 76
WEATHER CONDITIONS. NUMBER OF DAYS WITH
THUNDERSTORM 0 MIXED PRECIP 0
HEAVY RAIN 2 RAIN 5
LIGHT RAIN 9 FREEZING RAIN 0
LT FREEZING RAIN 0 HAIL 0
HEAVY SNOW 0 SNOW 0
LIGHT SNOW 0 SLEET 0
FOG 29 FOG W/VIS <= 1/4 MILE 12
HAZE 19
- INDICATES NEGATIVE NUMBERS.
R INDICATES RECORD WAS SET OR TIED.
MM INDICATES DATA IS MISSING.
T INDICATES TRACE AMOUNT.
$$